{"id":9447,"date":"2022-01-30T10:52:27","date_gmt":"2022-01-30T10:52:27","guid":{"rendered":"https:\/\/dogan-otomotiv.com\/?post_type=product&#038;p=9447"},"modified":"2023-08-16T08:02:43","modified_gmt":"2023-08-16T08:02:43","slug":"0280218019-hava-akis-alfa-romeo-156-146-156-1-9-jtd-1998-orj-cikma","status":"publish","type":"product","link":"https:\/\/dogan-otomotiv.com\/index.php\/urun\/0280218019-hava-akis-alfa-romeo-156-146-156-1-9-jtd-1998-orj-cikma\/","title":{"rendered":"0280218019 HAVA AKI\u015e  ALFA ROMEO 156 -146 \/ 156 1.9 JTD 1998  ORJ \u00c7IKMA"},"content":{"rendered":"<p>OEN 60 80 20 28 \u2014 ABARTH<br \/>\nOEN 60 80 20 28 \u2014 ALFA ROMEO<br \/>\nOEN 1 882 019 \u2014 BUICK<br \/>\nOEN 93 174 129 \u2014 BUICK<br \/>\nOEN 93 328 218 \u2014 BUICK<br \/>\nOEN 1 882 019 \u2014 CADILLAC<br \/>\nOEN 93 174 129 \u2014 CADILLAC<br \/>\nOEN 93 328 218 \u2014 CADILLAC<br \/>\nOEN 1 882 019 \u2014 CHEVROLET<br \/>\nOEN 93 174 129 \u2014 CHEVROLET<br \/>\nOEN 93 328 218 \u2014 CHEVROLET<br \/>\nOEN 1 882 019 \u2014 DAEWOO<br \/>\nOEN 93 174 129 \u2014 DAEWOO<br \/>\nOEN 93 328 218 \u2014 DAEWOO<br \/>\nOEN 60 80 20 28 \u2014 FERRARI<br \/>\nOEN 60 80 20 28 \u2014 FIAT<br \/>\nOEN 1 882 019 \u2014 GENERAL MOTORS<br \/>\nOEN 93 174 129 \u2014 GENERAL MOTORS<br \/>\nOEN 93 328 218 \u2014 GENERAL MOTORS<br \/>\nOEN 60 80 20 28 \u2014 LANCIA<br \/>\nOEN 60 80 20 28 \u2014 MASERATI<br \/>\nOEN MHK 100850 \u2014 MG<br \/>\nOEN 1 882 019 \u2014 OPEL<br \/>\nOEN 24 420 614 \u2014 OPEL<br \/>\nOEN 55 350 045 \u2014 OPEL<br \/>\nOEN 836 588 \u2014 OPEL<br \/>\nOEN 836 592 \u2014 OPEL<br \/>\nOEN 93 174 129 \u2014 OPEL<br \/>\nOEN 93 178 244 \u2014 OPEL<br \/>\nOEN 93 328 218 \u2014 OPEL<br \/>\nOEN 1 882 019 \u2014 PONTIAC<br \/>\nOEN 93 174 129 \u2014 PONTIAC<br \/>\nOEN 93 328 218 \u2014 PONTIAC<br \/>\nOEN 996 606 124 00 \u2014 PORSCHE<br \/>\nOEN MHK 100850 \u2014 ROVER<br \/>\nOEN 13800-84E50 \u2014 SUZUKI<\/p>\n<p>ALFA-ROMEO<br \/>\nALFA ROMEO 145 (930) (Yap\u0131m Y\u0131l\u0131 12.1996 &#8211; 01.2001, 105 &#8211; 155 PS, Dizel, Benzin)<br \/>\nALFA ROMEO 146 (930) (Yap\u0131m Y\u0131l\u0131 11.1996 &#8211; 01.2001, 105 &#8211; 155 BG, Dizel, Benzin)<br \/>\nALFA ROMEO 156 Sedan (932) (Yap\u0131m Y\u0131l\u0131 09.1997 &#8211; 09.2005, 105 &#8211; 166 BG, Dizel, Benzin)<br \/>\nALFA ROMEO 166 (936) (Yap\u0131m Y\u0131l\u0131 09.1998 &#8211; 10.2000, 155 PS, Benzin)<br \/>\nALFA ROMEO 156 Sportwagon (932) (Yap\u0131m Y\u0131l\u0131 05.2000 &#8211; 05.2006, 105 &#8211; 166 PS, Dizel, Benzin)<br \/>\n1.8 16V T.SPARK, Yap\u0131m Y\u0131l\u0131 05.2000 &#8211; 10.2000, 1747 ccm, 144 PS<br \/>\n1.9 JTD, Yap\u0131m Y\u0131l\u0131 11.2003 &#8211; 05.2006, 1910 ccm, 126 PS<br \/>\n1.9 JTD, Yap\u0131m Y\u0131l\u0131 10.2000 &#8211; 05.2001, 1910 ccm, 110 PS<br \/>\n1.9 JTD, Yap\u0131m Y\u0131l\u0131 05.2000 &#8211; 10.2000, 1910 ccm, 105 PS<br \/>\n1.9 JTD, Yap\u0131m Y\u0131l\u0131 05.2001 &#8211; 05.2006, 1910 ccm, 115 PS<br \/>\n1.9 JTD 16V, Yap\u0131m Y\u0131l\u0131 11.2002 &#8211; 05.2006, 1910 ccm, 140 PS<br \/>\n2.0 16V T.SPARK, Yap\u0131m Y\u0131l\u0131 05.2000 &#8211; 06.2002, 1970 ccm, 155 PS<br \/>\n2.0 JTS, Yap\u0131m Y\u0131l\u0131 03.2002 &#8211; 05.2006, 1970 ccm, 162 PS<br \/>\n2.0 JTS, Yap\u0131m Y\u0131l\u0131 03.2002 &#8211; 05.2006, 1970 ccm, 166 PS<br \/>\n2.4 JTD, Yap\u0131m Y\u0131l\u0131 10.2000 &#8211; 05.2006, 2387 ccm, 140 PS<br \/>\n2.4 JTD, Yap\u0131m Y\u0131l\u0131 03.2002 &#8211; 05.2006, 2387 ccm, 150 PS<br \/>\n2.4 JTD, Yap\u0131m Y\u0131l\u0131 05.2000 &#8211; 09.2003, 2387 ccm, 136 PS<br \/>\nALFA ROMEO 147 (937) (Yap\u0131m Y\u0131l\u0131 01.2001 &#8211; 03.2010, 105 &#8211; 120 PS, Benzin)<br \/>\nALFA ROMEO 159 Salon (939) (Yap\u0131m Y\u0131l\u0131 12.2005 &#8211; 11.2011, 260 PS, Benzin)<br \/>\nALFA ROMEO Brera (939) (Yap\u0131m Y\u0131l\u0131 01.2006 &#8211; 05.2011, 260 PS, Benzin)<br \/>\nALFA ROMEO 159 Sportwagon (939) (Yap\u0131m Y\u0131l\u0131 03.2006 &#8211; 11.2011, 260 PS, Benzin)<br \/>\nALFA ROMEO Spider (939) (Yap\u0131m Y\u0131l\u0131 03.2006 &#8211; 03.2011, 260 PS, Benzin)<\/p>\n<p>ALFA-ROMEO<br \/>\nCADILLAC<br \/>\nCHEVROLET<br \/>\nFERRARI<br \/>\nFIAT<br \/>\nHONDA<br \/>\nHYUNDAI<br \/>\nK\u0130A<br \/>\nLADA<br \/>\nLANCIA<br \/>\nMG<br \/>\nN\u0130SSAN<br \/>\nOPEL<br \/>\nPORSCHE<br \/>\nRENAULT<br \/>\nSAAB<br \/>\nSUZUKI<br \/>\nTATA-TELCO<br \/>\nVAUXHALL<br \/>\nVOLVO<\/p>\n","protected":false},"excerpt":{"rendered":"<p>DO\u011eAN OTOMOT\u0130V YEDEK PAR\u00c7A<br \/>\nLTD \u015eT\u0130 \u0130VED\u0130K ORGAN\u0130ZE SAN 1471 SOKAK 91-A OST\u0130M ANKARA<br \/>\nSEM\u0130H SAVA\u015e\u00c7I (312) 395 20 95<br \/>\n0533 322 16 09<br \/>\nMUSTAFA SAVA\u015e\u00c7I<br \/>\n0 (312) 395 20 95<br \/>\nIBAN NO: TR 54 0011 1000 0000 0098 3516 19<br \/>\nF\u0130NANSBANK ENPARA<br \/>\n\u015eUBE KODU: 03663<br \/>\nHESAP NO: 98351619<\/p>\n<p>ONL\u0130NE SATI\u015eIMIZ YOKTUR<\/p>\n<p>NOT 5 G\u00dcN \u0130\u00c7ER\u0130S\u0130NDE \u0130YADES\u0130 OLMAYAN MAZEME GER\u0130 ALINMAZ<br \/>\nPaket i\u00e7eri\u011fi: 1 Adet<br \/>\nSATI\u015e F\u0130YATI KDV DAH\u0130L pe\u015fin fiyat\u0131d\u0131r<br \/>\nSAAT 18:00 KADAR VER\u0130LEN \u015e\u0130PAR\u0130\u015e AYNI G\u00dcN KARGO \u0130LE G\u00d6NDER\u0130M\u0130 YAPILIR.<br \/>\nKARGO \u0130ADES\u0130 DURUMUNDA .<br \/>\nKARGO \u00dcCRET\u0130 M\u00dc\u015eTER\u0130YE A\u0130TT\u0130R. AYRICA KARGODA KIRILAN PAR\u00c7ALARDAN SORUMLU DEY\u0130L\u0130Z<\/p>\n<p>27\/11\/2014 tarih ve 29188 say\u0131l\u0131 resmi gazetede yay\u0131mlanan mesafeli sat\u0131\u015flar y\u00f6netmeli\u011finin 15. maddesinde cayma hakk\u0131n\u0131n istisnalar\u0131 belirtilmi\u015ftir. \u0130lgili maddenin a bendinde &#8220;fiyat\u0131 finansal piyasalardaki dalgalanmalara ba\u011fl\u0131 olarak de\u011fi\u015fen ve sat\u0131c\u0131 veya sa\u011flay\u0131c\u0131n\u0131n kontrol\u00fcnde olmayan mal veya hizmetlere ili\u015fkin s\u00f6zle\u015fmeler&#8221; cayma hakk\u0131ndan istisna edilmi\u015ftir. \u00dcr\u00fcnlerimiz ithal \u00fcr\u00fcnler olup fiyatlar\u0131 g\u00fcnl\u00fck usd kurlar\u0131 kullan\u0131larak tl kar\u015f\u0131l\u0131\u011f\u0131na \u00e7evrilmesiyle hesaplanmaktad\u0131r. Fiyatlar kurdaki de\u011fi\u015fmeler ba\u011fl\u0131 olarak g\u00fcnl\u00fck olarak de\u011fi\u015fmektedir. Bu nedenle y\u00f6netmeli\u011fin 15. Md\/a bendi gere\u011fi cayma hakk\u0131ndan m\u00fcstesnad\u0131r. M\u00fc\u015fterilerimiz sipari\u015f \u00f6ncesinde bu konu hakk\u0131nda \u00f6n bilgilendirme yap\u0131ld\u0131\u011f\u0131n\u0131 kabul eder.<\/p>\n","protected":false},"featured_media":9448,"comment_status":"open","ping_status":"closed","template":"","meta":{"_joinchat":[]},"product_cat":[6216,536,146,145,21,157],"product_tag":[6420],"class_list":{"0":"post-9447","1":"product","2":"type-product","3":"status-publish","4":"has-post-thumbnail","6":"product_cat-alfa-romeo","7":"product_cat-fiat","8":"product_cat-hyundai","9":"product_cat-kia","10":"product_cat-opel","11":"product_cat-volvo","12":"product_tag-0280218019-hava-akis-alfa-romeo-156-146-156-1-9-jtd-1998-orj-cikma","14":"first","15":"instock","16":"sale","17":"shipping-taxable","18":"purchasable","19":"product-type-simple"},"_links":{"self":[{"href":"https:\/\/dogan-otomotiv.com\/index.php\/wp-json\/wp\/v2\/product\/9447","targetHints":{"allow":["GET"]}}],"collection":[{"href":"https:\/\/dogan-otomotiv.com\/index.php\/wp-json\/wp\/v2\/product"}],"about":[{"href":"https:\/\/dogan-otomotiv.com\/index.php\/wp-json\/wp\/v2\/types\/product"}],"replies":[{"embeddable":true,"href":"https:\/\/dogan-otomotiv.com\/index.php\/wp-json\/wp\/v2\/comments?post=9447"}],"wp:featuredmedia":[{"embeddable":true,"href":"https:\/\/dogan-otomotiv.com\/index.php\/wp-json\/wp\/v2\/media\/9448"}],"wp:attachment":[{"href":"https:\/\/dogan-otomotiv.com\/index.php\/wp-json\/wp\/v2\/media?parent=9447"}],"wp:term":[{"taxonomy":"product_cat","embeddable":true,"href":"https:\/\/dogan-otomotiv.com\/index.php\/wp-json\/wp\/v2\/product_cat?post=9447"},{"taxonomy":"product_tag","embeddable":true,"href":"https:\/\/dogan-otomotiv.com\/index.php\/wp-json\/wp\/v2\/product_tag?post=9447"}],"curies":[{"name":"wp","href":"https:\/\/api.w.org\/{rel}","templated":true}]}}