{"id":9351,"date":"2022-01-26T14:33:22","date_gmt":"2022-01-26T14:33:22","guid":{"rendered":"https:\/\/dogan-otomotiv.com\/?post_type=product&#038;p=9351"},"modified":"2025-05-06T13:36:46","modified_gmt":"2025-05-06T13:36:46","slug":"8200054528-direkson-ponpasi-renault-laguna-2-ii-18-2001-orj-cikma","status":"publish","type":"product","link":"https:\/\/dogan-otomotiv.com\/index.php\/urun\/8200054528-direkson-ponpasi-renault-laguna-2-ii-18-2001-orj-cikma\/","title":{"rendered":"8200054528 D\u0130REKSON PONPASI Renault Laguna 2 II 1,8 2001 ORJ \u00c7IKMA"},"content":{"rendered":"<p>8200054528 D\u0130REKSON PONPASI Renault Laguna 2 II 1,8 2001 ORJ \u00c7IKMA<\/p>\n","protected":false},"excerpt":{"rendered":"<p>N\u0130SSAN<br \/>\nOPEL<br \/>\nRENAULT<br \/>\nRENAULT Espace III (JE) (Yap\u0131m Y\u0131l\u0131 11.1996 &#8211; 10.2002)<br \/>\nRENAULT Master II Minib\u00fcs (\u00dcretim Y\u0131l\u0131 03.1998 &#8211; &#8230;)<br \/>\nRENAULT Laguna II Hatchback (BG) (\u00dcretim Y\u0131l\u0131 03.2001 &#8211; 12.2007)<br \/>\n1.8 16V, Yap\u0131m Y\u0131l\u0131 03.2001 &#8211; 05.2005, 1783 cc, 117 hp<br \/>\n1.8 16V, \u00dcretim Y\u0131l\u0131 03.2001 &#8211; 12.2007, 1783 cc, 116 hp<br \/>\n1.8 16V, Yap\u0131m Y\u0131l\u0131 03.2001 &#8211; 05.2005, 1783 cc, 121 hp<br \/>\n1.8 16V, Yap\u0131m Y\u0131l\u0131 03.2001 &#8211; 09.2007, 1783 cc, 120 hp<br \/>\n1.9 dCi, \u00dcretim Y\u0131l\u0131 03.2001 &#8211; 09.2007, 1870 ccm, 107 hp<br \/>\n1.9 dCi, \u00dcretim Y\u0131l\u0131 09.2005 &#8211; 12.2007, 1870 ccm, 125 hp<br \/>\n1.9 dCi, \u00dcretim Y\u0131l\u0131 03.2004 &#8211; 05.2005, 1870 ccm, 92 hp<br \/>\n1.9 dCi, \u00dcretim Y\u0131l\u0131 03.2001 &#8211; 09.2007, 1870 ccm, 120 hp<br \/>\n1.9 dCI, Yap\u0131m Y\u0131l\u0131 06.2001 &#8211; 05.2005, 1870 ccm, 105 hp<br \/>\n1.9 dCi (BG0R, BG0E), Yap\u0131m Y\u0131l\u0131 10.2001 &#8211; 05.2005, 1870 ccm, 100 hp<br \/>\n1.9 dCi (BG12), \u00dcretim Y\u0131l\u0131 09.2005 &#8211; 12.2007, 1870 ccm, 116 hp<br \/>\n1.9 dCi, \u00dcretim Y\u0131l\u0131 05.2005 &#8211; 08.2007, 1870 ccm, 130 hp<br \/>\n1.9 dCi (BG1A, BG1W, BG0G), \u00dcretim Y\u0131l\u0131 01.2005 &#8211; 08.2007, 1870 ccm, 110 hp<br \/>\n2.0 16V, \u00dcretim Y\u0131l\u0131 08.2002 &#8211; 12.2007, 1998 cc, 135 hp<br \/>\n2.0 16V (BG00, BG0W, BG0K, BG0P), \u00dcretim Y\u0131l\u0131 08.2002 &#8211; 12.2006, 1998 cc, 133 hp<br \/>\n2.0 16V (BG03, BG0Z, BG0T, BG1Y), \u00dcretim Y\u0131l\u0131 01.2005 &#8211; 09.2007, 1998 cc, 170 hp<br \/>\n2.0 16V (BG1Y), \u00dcretim Y\u0131l\u0131 01.2005 &#8211; 09.2007, 1998 cc, 204 hp<br \/>\n2.0 16V IDE, Yap\u0131m Y\u0131l\u0131 04.2001 &#8211; 09.2007, 1998 ccm, 140 hp<br \/>\n2.0 16V Turbo (BG0S, BG1L, BG1M), \u00dcretim Y\u0131l\u0131 01.2003 &#8211; 03.2005, 1998 cc, 163 hp<br \/>\n2.2 dCi, \u00dcretim Y\u0131l\u0131 05.2005 &#8211; 08.2007, 2188 ccm, 140 hp<br \/>\n2.2 dCi, \u00dcretim Y\u0131l\u0131 04.2004 &#8211; 10.2005, 2188 ccm, 116 hp<br \/>\n2.2 dCi, \u00dcretim Y\u0131l\u0131 10.2001 &#8211; 08.2006, 2188 ccm, 150 hp<br \/>\nRENAULT Laguna II Sport Tourer (KG) (\u00dcretim Y\u0131l\u0131 03.2001 &#8211; 12.2007)<br \/>\nRENAULT Trafic II Minib\u00fcs (JL) (Yap\u0131m Y\u0131l\u0131 03.2001 &#8211; &#8230;)<br \/>\nRENAULT Trafic II Van (FL) (Yap\u0131m Y\u0131l\u0131 03.2001 &#8211; &#8230;)<br \/>\nRENAULT Avantime Van (Yap\u0131m Y\u0131l\u0131 09.2001 &#8211; 05.2003)<br \/>\nRENAULT Vel Satis Hatchback (\u00dcretim Y\u0131l\u0131 06.2002 &#8211; &#8230;)<br \/>\nRENAULT Espace IV (JK) (\u00dcretim Y\u0131l\u0131 11.2002 &#8211; &#8230;)<br \/>\nVOLVO<\/p>\n","protected":false},"featured_media":9352,"comment_status":"open","ping_status":"closed","template":"","meta":{"_joinchat":[]},"product_cat":[2203,18,157],"product_tag":[6361,6360],"class_list":{"0":"post-9351","1":"product","2":"type-product","3":"status-publish","4":"has-post-thumbnail","6":"product_cat-nissan","7":"product_cat-renault","8":"product_cat-volvo","9":"product_tag-8-2001-orj-cikma","10":"product_tag-8200054528-direkson-ponpasi-renault-laguna-2-ii-1","12":"first","13":"instock","14":"sale","15":"shipping-taxable","16":"purchasable","17":"product-type-simple"},"_links":{"self":[{"href":"https:\/\/dogan-otomotiv.com\/index.php\/wp-json\/wp\/v2\/product\/9351","targetHints":{"allow":["GET"]}}],"collection":[{"href":"https:\/\/dogan-otomotiv.com\/index.php\/wp-json\/wp\/v2\/product"}],"about":[{"href":"https:\/\/dogan-otomotiv.com\/index.php\/wp-json\/wp\/v2\/types\/product"}],"replies":[{"embeddable":true,"href":"https:\/\/dogan-otomotiv.com\/index.php\/wp-json\/wp\/v2\/comments?post=9351"}],"wp:featuredmedia":[{"embeddable":true,"href":"https:\/\/dogan-otomotiv.com\/index.php\/wp-json\/wp\/v2\/media\/9352"}],"wp:attachment":[{"href":"https:\/\/dogan-otomotiv.com\/index.php\/wp-json\/wp\/v2\/media?parent=9351"}],"wp:term":[{"taxonomy":"product_cat","embeddable":true,"href":"https:\/\/dogan-otomotiv.com\/index.php\/wp-json\/wp\/v2\/product_cat?post=9351"},{"taxonomy":"product_tag","embeddable":true,"href":"https:\/\/dogan-otomotiv.com\/index.php\/wp-json\/wp\/v2\/product_tag?post=9351"}],"curies":[{"name":"wp","href":"https:\/\/api.w.org\/{rel}","templated":true}]}}