{"id":848,"date":"2020-04-05T10:05:07","date_gmt":"2020-04-05T10:05:07","guid":{"rendered":"https:\/\/dogan-otomotiv.com\/?post_type=product&#038;p=848"},"modified":"2023-08-13T12:07:15","modified_gmt":"2023-08-13T12:07:15","slug":"55353467-hava-akis-metre-vectra-c-2002-2006-12xep","status":"publish","type":"product","link":"https:\/\/dogan-otomotiv.com\/index.php\/urun\/55353467-hava-akis-metre-vectra-c-2002-2006-12xep\/","title":{"rendered":"55353467 HAVA AKI\u015e METRE  Vectra C 2002-2006  12XEP"},"content":{"rendered":"<p>DO\u011eAN OTOMOT\u0130V YEDEK PAR\u00c7A<\/p>\n<p>SEM\u0130H SAVA\u015e\u00c7I<\/p>\n<p>0 (312) 395 20 95<\/p>\n<p>IBAN NO: TR56 0011 1000 0000 0088 9009 70  <\/p>\n<p>F\u0130NANSBANK ENPARA<\/p>\n<p>\u015eUBE KODU: 03663<\/p>\n<p>HESAP NO: 88900970<\/p>\n<p>KARGO \u0130ADES\u0130 DURUMUNDA<\/p>\n<p>KARGO \u00dcCRET\u0130 M\u00dc\u015eTER\u0130YE A\u0130TT\u0130R.<\/p>\n<p>TOPLU S\u0130PAR\u0130\u015eLER\u0130N\u0130Z \u0130\u00c7\u0130N: doganotoyedekparcavw@gmail.com<\/p>\n","protected":false},"excerpt":{"rendered":"<p>55353467 HAVA AKI\u015e METRE  Vectra C 2002-2006  12XEP<br \/>\n55353467 VECTRA C HAVA AKI\u015e METRE Z22S Vectra C 02+ Z22SE<\/p>\n<p>12576059 0836636 836600<\/p>\n<p>CHEVROLET Colorado I (\u0130n\u015faat Y\u0131l\u0131 05.2005 &#8211; 09.2006, 223 PS, Benzin)<br \/>\n3.5, Yap\u0131m Y\u0131l\u0131 05.2005 &#8211; 09.2006, 3460 ccm, 223 PS<br \/>\n3.5 4&#215;4, Yap\u0131m Y\u0131l\u0131 05.2005 &#8211; 09.2006, 3460 ccm, 223 PS<\/p>\n<p>12576059 0836636 836600 55353467 HAVA AKI\u015e \u00d6L\u00c7ER Opel Vectra-C Z22SE<br \/>\nOPEL Astra G CC (T98) 06.2000 &#8211; 01.2005, 147 PS, Petrol)<br \/>\nOPEL Vectra C 04.2002 &#8211; 12.2008, 147 &#8211; 155 PS, Petrol)<br \/>\nOEN 12576059 \u2014 OPEL<br \/>\nOEN 55353467 \u2014 OPEL<br \/>\nOEN 836600 \u2014 OPEL<br \/>\nOEN 836636 \u2014 OPEL<\/p>\n<p>55353467 &#8211; 12576059 &#8211; 836636 &#8211; 836600 &#8211; AFH60M23 &#8211; AFH6022 &#8211; 12569224 &#8211; 72218416 &#8211; 722184160 &#8211; V40720411 &#8211; 86151<\/p>\n","protected":false},"featured_media":13442,"comment_status":"open","ping_status":"closed","template":"","meta":{"_joinchat":[]},"product_cat":[21],"product_tag":[508,507],"class_list":{"0":"post-848","1":"product","2":"type-product","3":"status-publish","4":"has-post-thumbnail","6":"product_cat-opel","7":"product_tag-508","8":"product_tag-55353467-hava-akis-metre-vectra-c-2002-2006-12xep","10":"first","11":"instock","12":"sale","13":"shipping-taxable","14":"purchasable","15":"product-type-simple"},"_links":{"self":[{"href":"https:\/\/dogan-otomotiv.com\/index.php\/wp-json\/wp\/v2\/product\/848","targetHints":{"allow":["GET"]}}],"collection":[{"href":"https:\/\/dogan-otomotiv.com\/index.php\/wp-json\/wp\/v2\/product"}],"about":[{"href":"https:\/\/dogan-otomotiv.com\/index.php\/wp-json\/wp\/v2\/types\/product"}],"replies":[{"embeddable":true,"href":"https:\/\/dogan-otomotiv.com\/index.php\/wp-json\/wp\/v2\/comments?post=848"}],"wp:featuredmedia":[{"embeddable":true,"href":"https:\/\/dogan-otomotiv.com\/index.php\/wp-json\/wp\/v2\/media\/13442"}],"wp:attachment":[{"href":"https:\/\/dogan-otomotiv.com\/index.php\/wp-json\/wp\/v2\/media?parent=848"}],"wp:term":[{"taxonomy":"product_cat","embeddable":true,"href":"https:\/\/dogan-otomotiv.com\/index.php\/wp-json\/wp\/v2\/product_cat?post=848"},{"taxonomy":"product_tag","embeddable":true,"href":"https:\/\/dogan-otomotiv.com\/index.php\/wp-json\/wp\/v2\/product_tag?post=848"}],"curies":[{"name":"wp","href":"https:\/\/api.w.org\/{rel}","templated":true}]}}