{"id":826,"date":"2020-04-05T09:38:43","date_gmt":"2020-04-05T09:38:43","guid":{"rendered":"https:\/\/dogan-otomotiv.com\/?post_type=product&#038;p=826"},"modified":"2024-03-11T10:42:53","modified_gmt":"2024-03-11T10:42:53","slug":"0281002940-hava-akis-metre-opel-astra-10-15-corsa-11-15-meriva","status":"publish","type":"product","link":"https:\/\/dogan-otomotiv.com\/index.php\/urun\/0281002940-hava-akis-metre-opel-astra-10-15-corsa-11-15-meriva\/","title":{"rendered":"0281002940 HAVA AKI\u015e METRE OPEL ASTRA 10-15 CORSA 11-15 MER\u0130VA"},"content":{"rendered":"<p>0281002940&#8243;HAVA AKI\u015e METRE OPEL ASTRA 0836655 55561912 CHEVROL<\/p>\n<p>     Chevrolet    Cruze    2012\/01-2016\/12    J300    1.7 D    1686 cc, 96 KW, 131 PS<br \/>\n     Chevrolet    Cruze    2013\/11-2016\/12    J300    1.7 TD    1686 cc, 81 KW, 110 PS<br \/>\n     Chevrolet    Cruze Schr\u00e4gheck    2012\/01-2016\/12    J305    1.7 D    1686 cc, 96 KW, 131 PS<br \/>\n     Chevrolet    Cruze Schr\u00e4gheck    2013\/08-2016\/12    J305    1.7 TD    1686 cc, 81 KW, 110 PS<br \/>\n     Chevrolet    Cruze Station Wagon    2013\/11-2016\/12    J308    1.7 TD    1686 cc, 81 KW, 110 PS<br \/>\n     Chevrolet    Cruze Station Wagon    2012 \/ 08-2016 \/ 12    J308    1.7 TD    1686 cc, 96 KW, 131 PS<br \/>\n     Opel    Astra J    2009\/12-2015\/12    &#8212;    1.7 CDTi    1686 cc, 96 KW, 131 PS<br \/>\n     Opel    Astra J    2009 \/ 12-2015 \/ 10    P10    1.3 CDTi    1248 cc, 70 KW, 95 PS<br \/>\n     Opel    Astra J    2009 \/ 12-2015 \/ 10    P10    1.7 CDTi    1686 cc, 92 KW, 125 PS<br \/>\n     Opel    Astra J    2009\/09-2015\/10    P10    1.7 CDTi    1686 cc, 81 KW, 110 PS<br \/>\n     Opel    Astra J Karavan    2010\/10-2015\/12    &#8212;    1.7 CDTi    1686 cc, 74 KW, 101 PS<br \/>\n     Opel    Astra J Karavan    2010\/10-2013\/12    J    1.3 CDTi    1248 cc, 70 KW, 95 PS<br \/>\n     Opel    Astra J Karavan    2010\/10-2015\/12    J    1.7 CDTi    1686 cc, 96 KW, 131 PS<br \/>\n     Opel    Astra J Karavan    2010\/10-2013\/12    J    1.7 CDTi    1686 cc, 81 KW, 110 PS<\/p>\n<p>     Opel    Corsa D    2009\/06-2014\/08    S07    1.3 CDTi    1248 ccm, 70 KW, 95 PS<br \/>\n     Opel    Corsa D    2006\/07-2014\/08    S07    1.3 CDTi    1248 ccm, 55 KW, 75 PS<br \/>\n     Opel    Corsa D    2009\/12-2014\/08    S07    1.7 CDTi    1686 ccm, 96 KW, 130 PS<br \/>\n     Opel    Corsa D Kasten\/Schr\u00e4gheck    2009\/11-2014\/08    S07    1.3 CDTi    1248 ccm, 70 KW, 95 PS<br \/>\n     Opel    Meriva B Gro\u00dfraumlimousine    2010\/06-2013\/10    S10    1.3 CDTi    1248 ccm, 55 KW, 75 PS<br \/>\n     Opel    Meriva B Gro\u00dfraumlimousine    2010\/06-2014\/11    S10    1.3 CDTi    1248 ccm, 70 KW, 95 PS<br \/>\n     Opel    Meriva B Gro\u00dfraumlimousine    2010\/06-2013\/10    S10    1.7 CDTi    1686 ccm, 96 KW, 131 PS<br \/>\n     Opel    Meriva B Gro\u00dfraumlimousine    2010\/06-2015\/06    S10    1.7 CDTi    1686 ccm, 81 KW, 110 PS<br \/>\n     Opel    Meriva B Gro\u00dfraumlimousine    2010\/06-2017\/01    S10    1.7 CDTi    1686 ccm, 74 KW, 100 PS<br \/>\n     Peugeot    106 I    1991\/09-1996\/04    1A, 1C    1.0    954 ccm, 33 KW, 45 PS<br \/>\n     Vauxhall    Astra MK VI (J)    2009\/12-2016\/12    J    1.7 CDTi    1686 ccm, 81 KW, 110 PS<br \/>\n     Vauxhall    Astra MK VI (J)    2009\/12-2016\/12    J    1.7 CDTi    1686 ccm, 92 KW, 125 PS<br \/>\n     Vauxhall    Astra MK VI (J)    2011\/06-2016\/12    J    1.7 CDTi    1686 ccm, 96 KW, 131 PS<br \/>\n     Vauxhall    Astra MK VI (J)    2009\/12-2015\/10    P10    1.3 CDTi    1248 ccm, 70 KW, 95 PS<br \/>\n     Vauxhall    Astra MK VI (J) CC    2011\/10-2019\/12    J    1.7 CDTi    1686 ccm, 96 KW, 131 PS<br \/>\n     Vauxhall    Astra MK VI (J) CC    2011\/10-2019\/12    J    1.7 CDTi    1686 ccm, 81 KW, 110 PS<br \/>\n     Vauxhall    Astra MK VI (J) Estate    2010\/10-2016\/12    J    1.3 CDTi    1248 ccm, 70 KW, 95 PS<br \/>\n     Vauxhall    Astra MK VI (J) Estate    2010\/10-2016\/12    J    1.7 CDTi    1686 ccm, 81 KW, 110 PS<br \/>\n     Vauxhall    Astra MK VI (J) Estate    2011\/06-2014\/05    J    1.7 CDTi    1686 ccm, 96 KW, 131 PS<br \/>\n     Vauxhall    Astra MK VI (J) Estate    2010\/10-2016\/12    J    1.7 CDTi    1686 ccm, 92 KW, 125 PS<br \/>\n     Opel    Astra J Karavan    2010\/10-2013\/12    J    1.7 CDTi    1686 cc, 92 KW, 125 PS<br \/>\n     Opel    Astra J GTC    2011 \/ 10-2015 \/ 12    &#8212;    1.7 CDTi    1686 cc, 96 KW, 131 PS<br \/>\n     Opel    Astra J GTC    2011 \/ 10-2015 \/ 12    &#8212;    1.7 CDTi    1686 cc, 81 KW, 110 PS<br \/>\n     Opel    Astra J Stufenheck    2012\/06-2015\/12    &#8212;    1.3 CDTi    1248 cc, 70 KW, 95 PS<br \/>\n     Opel    Astra J Stufenheck    2012\/06-2015\/12    &#8212;    1.7 CDTi    1686 cc, 96 KW, 131 PS<br \/>\n     Opel    Astra J Stufenheck    2012\/06-2015\/12    &#8212;    1.7 CDTi    1686 cc, 81 KW, 110 PS<\/p>\n<p>     Vauxhall    Corsa MK III (D)    2010\/07-2014\/08    S07    1.3 CDTi    1248 ccm, 70 KW, 95 PS<br \/>\n     Vauxhall    Corsa MK III (D)    2007\/03-2014\/08    S07    1.7 CDTi    1686 ccm, 96 KW, 131 PS<br \/>\n     Vauxhall    Corsavan MK III (D) Kasten\/Schr\u00e4gheck    2006\/07-2012\/12    S07    1.3 CDTi    1248 ccm, 70 KW, 95 PS<br \/>\n     Vauxhall    Meriva MK II    2010\/06-2019\/12    B    1.3 CDTi    1248 ccm, 55 KW, 75 PS<br \/>\n     Vauxhall    Meriva MK II    2010\/06-2019\/12    B    1.3 CDTi    1248 ccm, 70 KW, 95 PS<br \/>\n     Vauxhall    Meriva MK II    2010\/06-2019\/12    B    1.7 CDTi    1686 ccm, 81 KW, 110 PS<br \/>\n     Vauxhall    Meriva MK II    2010\/06-2019\/12    B    1.7 CDTi    1686 ccm, 74 KW, 101 PS<\/p>\n","protected":false},"excerpt":{"rendered":"<p>DO\u011eAN OTOMOT\u0130V YEDEK PAR\u00c7A<br \/>\nLTD \u015eT\u0130 \u0130VED\u0130K ORGAN\u0130ZE SAN 1471 SOKAK 91-A OST\u0130M ANKARA<br \/>\nSEM\u0130H SAVA\u015e\u00c7I (312) 395 20 95<br \/>\n0533 322 16 09<\/p>\n<p>MUSTAFA SAVA\u015e\u00c7I<br \/>\n0 (312) 395 20 95<br \/>\nIBAN NO: TR 54 0011 1000 0000 0098 3516 19<br \/>\nF\u0130NANSBANK ENPARA<br \/>\n\u015eUBE KODU: 03663<br \/>\nHESAP NO: 98351619<\/p>\n<p>Paket i\u00e7eri\u011fi: 1 Adet<br \/>\nSATI\u015e F\u0130YATI KDV DAH\u0130L pe\u015fin fiyat\u0131d\u0131r<\/p>\n<p>SAAT 18:00 KADAR VER\u0130LEN \u015e\u0130PAR\u0130\u015e AYNI G\u00dcN KARGO \u0130LE G\u00d6NDER\u0130M\u0130 YAPILIR.<br \/>\nKARGO \u0130ADES\u0130 DURUMUNDA<br \/>\nKARGO \u00dcCRET\u0130 M\u00dc\u015eTER\u0130YE A\u0130TT\u0130R. AYRICA KARGODA KIRILAN PAR\u00c7ALARDAN SORUMLU DEY\u0130L\u0130Z<\/p>\n","protected":false},"featured_media":12987,"comment_status":"open","ping_status":"closed","template":"","meta":{"_joinchat":[]},"product_cat":[21],"product_tag":[493,492],"class_list":{"0":"post-826","1":"product","2":"type-product","3":"status-publish","4":"has-post-thumbnail","6":"product_cat-opel","7":"product_tag-493","8":"product_tag-0281002940-hava-akis-metre-opel-astra-10-15-corsa-11-15-meriva","10":"first","11":"instock","12":"sale","13":"shipping-taxable","14":"purchasable","15":"product-type-simple"},"_links":{"self":[{"href":"https:\/\/dogan-otomotiv.com\/index.php\/wp-json\/wp\/v2\/product\/826","targetHints":{"allow":["GET"]}}],"collection":[{"href":"https:\/\/dogan-otomotiv.com\/index.php\/wp-json\/wp\/v2\/product"}],"about":[{"href":"https:\/\/dogan-otomotiv.com\/index.php\/wp-json\/wp\/v2\/types\/product"}],"replies":[{"embeddable":true,"href":"https:\/\/dogan-otomotiv.com\/index.php\/wp-json\/wp\/v2\/comments?post=826"}],"wp:featuredmedia":[{"embeddable":true,"href":"https:\/\/dogan-otomotiv.com\/index.php\/wp-json\/wp\/v2\/media\/12987"}],"wp:attachment":[{"href":"https:\/\/dogan-otomotiv.com\/index.php\/wp-json\/wp\/v2\/media?parent=826"}],"wp:term":[{"taxonomy":"product_cat","embeddable":true,"href":"https:\/\/dogan-otomotiv.com\/index.php\/wp-json\/wp\/v2\/product_cat?post=826"},{"taxonomy":"product_tag","embeddable":true,"href":"https:\/\/dogan-otomotiv.com\/index.php\/wp-json\/wp\/v2\/product_tag?post=826"}],"curies":[{"name":"wp","href":"https:\/\/api.w.org\/{rel}","templated":true}]}}