{"id":823,"date":"2020-04-05T09:22:34","date_gmt":"2020-04-05T09:22:34","guid":{"rendered":"https:\/\/dogan-otomotiv.com\/?post_type=product&#038;p=823"},"modified":"2024-09-26T12:48:44","modified_gmt":"2024-09-26T12:48:44","slug":"0280217123-hava-akis-metre-opel-astra-1998-2000-x00","status":"publish","type":"product","link":"https:\/\/dogan-otomotiv.com\/index.php\/urun\/0280217123-hava-akis-metre-opel-astra-1998-2000-x00\/","title":{"rendered":"0280217123 HAVA AKI\u015e METRE OPEL ASTRA 1998-2000 X00-1,1,1,2 MOTOR"},"content":{"rendered":"<p>0280217123 HAVA AKI\u015e METRE OPEL ASTRA 1998-2000 X00<\/p>\n<p>Astra G 1998-2000 1.2 16V 1199ccm 65HP 48KW (Petrol)<\/p>\n<p>Astra G 2000-2005 1.2 16V 1199ccm 75HP 55KW (Petrol)<\/p>\n<p>Corsa B 1.2i 1993-2000 1195ccm 45HP 33KW (Petrol)<\/p>\n<p>Corsa B 1.0i 12V 1996-2000 973ccm 54HP 40KW (Petrol)<\/p>\n<p>Corsa B 1.2i 16V 1998-2000 1199ccm 65HP 48KW (Petrol)<\/p>\n<p>Astra MK IV 1.2 16V 1998-2000 1199ccm 65HP 48KW (Petrol)<\/p>\n<p>Astra MK IV 1.2 16V 2000-2005 1199ccm 75HP 55KW (Petrol)<\/p>\n<p>Corsa MK I 1.2i 1993-2000 1195ccm 45HP 33KW (Petrol)<\/p>\n<p>Corsa MK I 1.0i 12V 1996-2000 973ccm 54HP 40KW (Petrol)<\/p>\n<p>Corsa MK I 1.2i 16V 1998-2000 1199ccm 65HP 48KW (Petrol)<\/p>\n","protected":false},"excerpt":{"rendered":"<p> DO\u011eAN OTOMOT\u0130V YEDEK PAR\u00c7A<br \/>\nLTD \u015eT\u0130 \u0130VED\u0130K ORGAN\u0130ZE SAN 1471 SOKAK 91-A OST\u0130M ANKARA<br \/>\nSEM\u0130H SAVA\u015e\u00c7I (312) 395 20 95<br \/>\n0533 322 16 09<\/p>\n<p>MUSTAFA SAVA\u015e\u00c7I<br \/>\n0 (312) 395 20 95<br \/>\nIBAN NO: TR 54 0011 1000 0000 0098 3516 19<br \/>\nF\u0130NANSBANK ENPARA<br \/>\n\u015eUBE KODU: 03663<br \/>\nHESAP NO: 98351619<\/p>\n<p>Paket i\u00e7eri\u011fi: 1 Adet<br \/>\nSATI\u015e F\u0130YATI KDV DAH\u0130L pe\u015fin fiyat\u0131d\u0131r<\/p>\n<p>SAAT 18:00 KADAR VER\u0130LEN \u015e\u0130PAR\u0130\u015e AYNI G\u00dcN KARGO \u0130LE G\u00d6NDER\u0130M\u0130 YAPILIR.<br \/>\nKARGO \u0130ADES\u0130 DURUMUNDA<br \/>\nKARGO \u00dcCRET\u0130 M\u00dc\u015eTER\u0130YE A\u0130TT\u0130R. AYRICA KARGODA KIRILAN PAR\u00c7ALARDAN SORUMLU DEY\u0130L\u0130Z<\/p>\n","protected":false},"featured_media":13935,"comment_status":"open","ping_status":"closed","template":"","meta":{"_joinchat":[]},"product_cat":[21],"product_tag":[485],"class_list":{"0":"post-823","1":"product","2":"type-product","3":"status-publish","4":"has-post-thumbnail","6":"product_cat-opel","7":"product_tag-0280217123-hava-akis-metre-opel-astra-1998-2000-x00","9":"first","10":"instock","11":"sale","12":"shipping-taxable","13":"purchasable","14":"product-type-simple"},"_links":{"self":[{"href":"https:\/\/dogan-otomotiv.com\/index.php\/wp-json\/wp\/v2\/product\/823","targetHints":{"allow":["GET"]}}],"collection":[{"href":"https:\/\/dogan-otomotiv.com\/index.php\/wp-json\/wp\/v2\/product"}],"about":[{"href":"https:\/\/dogan-otomotiv.com\/index.php\/wp-json\/wp\/v2\/types\/product"}],"replies":[{"embeddable":true,"href":"https:\/\/dogan-otomotiv.com\/index.php\/wp-json\/wp\/v2\/comments?post=823"}],"wp:featuredmedia":[{"embeddable":true,"href":"https:\/\/dogan-otomotiv.com\/index.php\/wp-json\/wp\/v2\/media\/13935"}],"wp:attachment":[{"href":"https:\/\/dogan-otomotiv.com\/index.php\/wp-json\/wp\/v2\/media?parent=823"}],"wp:term":[{"taxonomy":"product_cat","embeddable":true,"href":"https:\/\/dogan-otomotiv.com\/index.php\/wp-json\/wp\/v2\/product_cat?post=823"},{"taxonomy":"product_tag","embeddable":true,"href":"https:\/\/dogan-otomotiv.com\/index.php\/wp-json\/wp\/v2\/product_tag?post=823"}],"curies":[{"name":"wp","href":"https:\/\/api.w.org\/{rel}","templated":true}]}}