{"id":809,"date":"2020-04-05T08:43:29","date_gmt":"2020-04-05T08:43:29","guid":{"rendered":"https:\/\/dogan-otomotiv.com\/?post_type=product&#038;p=809"},"modified":"2025-03-17T14:06:53","modified_gmt":"2025-03-17T14:06:53","slug":"6235612-opel-corsa-c-hava-akismetre-1-4-z14xep-orj-cikma","status":"publish","type":"product","link":"https:\/\/dogan-otomotiv.com\/index.php\/urun\/6235612-opel-corsa-c-hava-akismetre-1-4-z14xep-orj-cikma\/","title":{"rendered":"6235612 Opel Corsa C Hava Ak\u0131\u015fmetre 1.4 Z14XEP ORJ \u00c7IKMA"},"content":{"rendered":"<p>6235612\/Z16XE HAVA AKI\u015e METRE OPEL ASTRA OPEL ZAF\u0130RA<\/p>\n<p>OPEL ASTRA G hatchback (F48_, F08_)<\/p>\n<p>1.6 (2002.12 &#8211; 2009.12); 1598.00 ccm &#8211; 103.00 KM \/ 76.00 kW; Silnik: Z 16 XEP<\/p>\n<p>OPEL ASTRA G kabrio (F67)<\/p>\n<p>1.6 (2003.01 &#8211; 2005.10); 1598.00 ccm &#8211; 103.00 KM \/ 76.00 kW; Silnik: Z 16 XEP<\/p>\n<p>OPEL ASTRA G kombi (F35_)<\/p>\n<p>1.6 (2002.12 &#8211; 2009.07); 1598.00 ccm &#8211; 103.00 KM \/ 76.00 kW; Silnik: Z 16 XEP<\/p>\n<p>OPEL ASTRA G sedan (F69_)<\/p>\n<p>1.6 (2002.12 &#8211; 2009.12); 1598.00 ccm &#8211; 103.00 KM \/ 76.00 kW; Silnik: Z 16 XEP<\/p>\n<p>OPEL ASTRA H (L48)<\/p>\n<p>1.6 (2004.03 &#8211; ???); 1598.00 ccm &#8211; 105.00 KM \/ 77.00 kW; Silnik: Z 16 XEP; Z16 XE1<\/p>\n<p>OPEL ASTRA H GTC (L08)<\/p>\n<p>1.6 (2005.03 &#8211; ???); 1598.00 ccm &#8211; 105.00 KM \/ 77.00 kW; Silnik: Z 16 XEP; Z16 XE1<\/p>\n<p>OPEL ASTRA H kombi (L35)<\/p>\n<p>1.6 (2004.08 &#8211; ???); 1598.00 ccm &#8211; 105.00 KM \/ 77.00 kW; Silnik: Z 16 XEP; Z16 XE1<\/p>\n<p>OPEL ASTRA H TwinTop (L67)<\/p>\n<p>1.6 (2005.09 &#8211; ???); 1598.00 ccm &#8211; 105.00 KM \/ 77.00 kW; Silnik: Z 16 XEP; Z16 XE1<\/p>\n<p>OPEL ZAFIRA A (F75_)<\/p>\n<p>1.6 16V (1999.04 &#8211; 2005.06); 1598.00 ccm &#8211; 101.00 KM \/ 74.00 kW; Silnik: X 16 XEL; Z16 XE<\/p>\n<p>OPEL ZAFIRA B (A05)<\/p>\n<p>1.6 (2005.07 &#8211; 1598.00 ccm &#8211; 105.00 KM \/ 77.00 kW; Silnik: Z 16 XEP; Z16 XE<\/p>\n","protected":false},"excerpt":{"rendered":"<p>DO\u011eAN OTOMOT\u0130V YEDEK PAR\u00c7A<br \/>\nLTD \u015eT\u0130 \u0130VED\u0130K ORGAN\u0130ZE SAN 1471 SOKAK 91-A OST\u0130M ANKARA<br \/>\nSEM\u0130H SAVA\u015e\u00c7I (312) 395 20 95<br \/>\n0533 322 16 09<\/p>\n<p>MUSTAFA SAVA\u015e\u00c7I<br \/>\n0 (312) 395 20 95<br \/>\nIBAN NO: TR 54 0011 1000 0000 0098 3516 19<br \/>\nF\u0130NANSBANK ENPARA<br \/>\n\u015eUBE KODU: 03663<br \/>\nHESAP NO: 98351619<\/p>\n<p>Paket i\u00e7eri\u011fi: 1 Adet<br \/>\nSATI\u015e F\u0130YATI KDV DAH\u0130L pe\u015fin fiyat\u0131d\u0131r<\/p>\n<p>SAAT 18:00 KADAR VER\u0130LEN \u015e\u0130PAR\u0130\u015e AYNI G\u00dcN KARGO \u0130LE G\u00d6NDER\u0130M\u0130 YAPILIR.<br \/>\nKARGO \u0130ADES\u0130 DURUMUNDA<br \/>\nKARGO \u00dcCRET\u0130 M\u00dc\u015eTER\u0130YE A\u0130TT\u0130R. AYRICA KARGODA KIRILAN PAR\u00c7ALARDAN SORUMLU DEY\u0130L\u0130Z<\/p>\n","protected":false},"featured_media":13354,"comment_status":"open","ping_status":"closed","template":"","meta":{"_joinchat":[]},"product_cat":[21],"product_tag":[9958],"class_list":{"0":"post-809","1":"product","2":"type-product","3":"status-publish","4":"has-post-thumbnail","6":"product_cat-opel","7":"product_tag-6235612-opel-corsa-c-hava-akismetre-1-4-z14xep-orj-cikma","9":"first","10":"instock","11":"sale","12":"shipping-taxable","13":"purchasable","14":"product-type-simple"},"_links":{"self":[{"href":"https:\/\/dogan-otomotiv.com\/index.php\/wp-json\/wp\/v2\/product\/809","targetHints":{"allow":["GET"]}}],"collection":[{"href":"https:\/\/dogan-otomotiv.com\/index.php\/wp-json\/wp\/v2\/product"}],"about":[{"href":"https:\/\/dogan-otomotiv.com\/index.php\/wp-json\/wp\/v2\/types\/product"}],"replies":[{"embeddable":true,"href":"https:\/\/dogan-otomotiv.com\/index.php\/wp-json\/wp\/v2\/comments?post=809"}],"wp:featuredmedia":[{"embeddable":true,"href":"https:\/\/dogan-otomotiv.com\/index.php\/wp-json\/wp\/v2\/media\/13354"}],"wp:attachment":[{"href":"https:\/\/dogan-otomotiv.com\/index.php\/wp-json\/wp\/v2\/media?parent=809"}],"wp:term":[{"taxonomy":"product_cat","embeddable":true,"href":"https:\/\/dogan-otomotiv.com\/index.php\/wp-json\/wp\/v2\/product_cat?post=809"},{"taxonomy":"product_tag","embeddable":true,"href":"https:\/\/dogan-otomotiv.com\/index.php\/wp-json\/wp\/v2\/product_tag?post=809"}],"curies":[{"name":"wp","href":"https:\/\/api.w.org\/{rel}","templated":true}]}}