{"id":801,"date":"2020-04-05T08:10:45","date_gmt":"2020-04-05T08:10:45","guid":{"rendered":"https:\/\/dogan-otomotiv.com\/?post_type=product&#038;p=801"},"modified":"2024-03-08T10:50:24","modified_gmt":"2024-03-08T10:50:24","slug":"5wk97007-hava-akis-metre-renault-clio-laguna-1-5dci","status":"publish","type":"product","link":"https:\/\/dogan-otomotiv.com\/index.php\/urun\/5wk97007-hava-akis-metre-renault-clio-laguna-1-5dci\/","title":{"rendered":"5WK97007 HAVA AKI\u015e METRE RENAULT CLIO LAGUNA 1.5DCI"},"content":{"rendered":"<p>OEN KW 491 363 \u2014 FACET<\/p>\n<p>OEN 135107 \u2014 HITACHI<\/p>\n<p>OEN 2505107 \u2014 HITACHI<\/p>\n<p>OEN 22680-00QAA \u2014 NISSAN<\/p>\n<p>OEN 22680-BC400 \u2014 NISSAN<\/p>\n<p>OEN 82 00 299 956 \u2014 RENAULT<\/p>\n<p>OEN 82 00 358 901 \u2014 RENAULT<\/p>\n<p>RENAULT<br \/>\nRENAULT Clio III Grandtour (Yap\u0131m Y\u0131l\u0131 02.2008 &#8211; 12.2012, 68 &#8211; 106 PS, Dizel)<br \/>\nRENAULT Clio III Hatchback (BR0\/1, CR0\/1) (Yap\u0131m Y\u0131l\u0131 06.2005 &#8211; 12.2014, 68 &#8211; 106 PS, Dizel)<br \/>\nRENAULT Clio III Van (SB_, SR_) (Yap\u0131m Y\u0131l\u0131 10.2005 &#8211; 07.2010, 68 &#8211; 106 PS, Dizel)<br \/>\nRENAULT Modus \/ Grand Modus (F, JP) (Yap\u0131m Y\u0131l\u0131 12.2004 &#8211; &#8230;, 65 &#8211; 106 PS, Dizel)<\/p>\n<p>     nissan    Not    2012    Dizel MPV    1.5 dCi    \u0130LER\u0130 &#8212; E11,NE11    1461cc 63KW 86HP K9K 276<br \/>\n     nissan    Not    2011    Dizel MPV    1.5 dCi    \u0130LER\u0130 &#8212; E11,NE11    1461cc 63KW 86HP K9K 276<br \/>\n     nissan    Not    2010    Dizel MPV    1.5 dCi    \u0130LER\u0130 &#8212; E11,NE11    1461cc 63KW 86HP K9K 276<br \/>\n     nissan    Not    2009    Dizel MPV    1.5 dCi    \u0130LER\u0130 &#8212; E11,NE11    1461cc 63KW 86HP K9K 276<br \/>\n     nissan    Not    2008    Dizel MPV    1.5 dCi    \u0130LER\u0130 &#8212; E11,NE11    1461cc 63KW 86HP K9K 276<br \/>\n     nissan    Not    2007    Dizel MPV    1.5 dCi    \u0130LER\u0130 &#8212; E11,NE11    1461cc 63KW 86HP K9K 276<br \/>\n     nissan    Not    2006    Dizel MPV    1.5 dCi    \u0130LER\u0130 &#8212; E11,NE11    1461cc 63KW 86HP K9K 276<br \/>\n    5WK97007 HAVA AKI\u015e nissan mikra RENAULT CLIO LAGUNA 1.5DCI (B15)<\/p>\n","protected":false},"excerpt":{"rendered":"<p>DO\u011eAN OTOMOT\u0130V YEDEK PAR\u00c7A<br \/>\nLTD \u015eT\u0130 \u0130VED\u0130K ORGAN\u0130ZE SAN 1471 SOKAK 91-A OST\u0130M ANKARA<br \/>\nSEM\u0130H SAVA\u015e\u00c7I (312) 395 20 95<br \/>\n0533 322 16 09<\/p>\n<p>MUSTAFA SAVA\u015e\u00c7I<br \/>\n0 (312) 395 20 95<br \/>\nIBAN NO: TR 54 0011 1000 0000 0098 3516 19<br \/>\nF\u0130NANSBANK ENPARA<br \/>\n\u015eUBE KODU: 03663<br \/>\nHESAP NO: 98351619<\/p>\n<p>Paket i\u00e7eri\u011fi: 1 Adet<br \/>\nSATI\u015e F\u0130YATI KDV DAH\u0130L pe\u015fin fiyat\u0131d\u0131r<\/p>\n<p>SAAT 18:00 KADAR VER\u0130LEN \u015e\u0130PAR\u0130\u015e AYNI G\u00dcN KARGO \u0130LE G\u00d6NDER\u0130M\u0130 YAPILIR.<br \/>\nKARGO \u0130ADES\u0130 DURUMUNDA<br \/>\nKARGO \u00dcCRET\u0130 M\u00dc\u015eTER\u0130YE A\u0130TT\u0130R. AYRICA KARGODA KIRILAN PAR\u00c7ALARDAN SORUMLU DEY\u0130L\u0130Z<\/p>\n","protected":false},"featured_media":13357,"comment_status":"open","ping_status":"closed","template":"","meta":{"_joinchat":[]},"product_cat":[17],"product_tag":[464,463],"class_list":{"0":"post-801","1":"product","2":"type-product","3":"status-publish","4":"has-post-thumbnail","6":"product_cat-peugeot","7":"product_tag-5wk97007","8":"product_tag-5wk97007-hava-akis-metre-renault-clio-laguna-1-5dci","10":"first","11":"instock","12":"sale","13":"shipping-taxable","14":"purchasable","15":"product-type-simple"},"_links":{"self":[{"href":"https:\/\/dogan-otomotiv.com\/index.php\/wp-json\/wp\/v2\/product\/801","targetHints":{"allow":["GET"]}}],"collection":[{"href":"https:\/\/dogan-otomotiv.com\/index.php\/wp-json\/wp\/v2\/product"}],"about":[{"href":"https:\/\/dogan-otomotiv.com\/index.php\/wp-json\/wp\/v2\/types\/product"}],"replies":[{"embeddable":true,"href":"https:\/\/dogan-otomotiv.com\/index.php\/wp-json\/wp\/v2\/comments?post=801"}],"wp:featuredmedia":[{"embeddable":true,"href":"https:\/\/dogan-otomotiv.com\/index.php\/wp-json\/wp\/v2\/media\/13357"}],"wp:attachment":[{"href":"https:\/\/dogan-otomotiv.com\/index.php\/wp-json\/wp\/v2\/media?parent=801"}],"wp:term":[{"taxonomy":"product_cat","embeddable":true,"href":"https:\/\/dogan-otomotiv.com\/index.php\/wp-json\/wp\/v2\/product_cat?post=801"},{"taxonomy":"product_tag","embeddable":true,"href":"https:\/\/dogan-otomotiv.com\/index.php\/wp-json\/wp\/v2\/product_tag?post=801"}],"curies":[{"name":"wp","href":"https:\/\/api.w.org\/{rel}","templated":true}]}}