{"id":774,"date":"2020-04-04T12:18:55","date_gmt":"2020-04-04T12:18:55","guid":{"rendered":"https:\/\/dogan-otomotiv.com\/?post_type=product&#038;p=774"},"modified":"2025-03-12T08:10:53","modified_gmt":"2025-03-12T08:10:53","slug":"06a906461-hava-akis-metre-passat-18-golf-iv-bora-octavia-b15","status":"publish","type":"product","link":"https:\/\/dogan-otomotiv.com\/index.php\/urun\/06a906461-hava-akis-metre-passat-18-golf-iv-bora-octavia-b15\/","title":{"rendered":"06A906461 HAVA AKI\u015e METRE PASSAT 1,8  GOLF IV\/BORA\/OCTAVIA B15"},"content":{"rendered":"<p>06A906461 HAVA AKI\u015e METRE AGR 1,9 TDI GOLF IV\/BORA\/OCTAVIA B15<\/p>\n<p>OEN 06A906461 \u2014 AUDI<br \/>\nOEN 06A 906 461 C \u2014 AUDI<br \/>\nOEN 06A 906 461 CX \u2014 AUDI<br \/>\nOEN 06A 906 461 D \u2014 AUDI<br \/>\nOEN 06A 906 461 DX \u2014 AUDI<br \/>\nOEN 06A 906 461 \u2014 SEAT<br \/>\nOEN 06A 906 461 C \u2014 SEAT<br \/>\nOEN 06A 906 461 CX \u2014 SEAT<br \/>\nOEN 06A 906 461 D \u2014 SEAT<br \/>\nOEN 06A 906 461 DX \u2014 SEAT<br \/>\nOEN 06A 906 461 \u2014 SKODA<br \/>\nOEN 06A 906 461 C \u2014 SKODA<br \/>\nOEN 06A 906 461 CX \u2014 SKODA<br \/>\nOEN 06A 906 461 D \u2014 SKODA<br \/>\nOEN 06A 906 461 DX \u2014 SKODA<br \/>\nOEN 06A 906 461 \u2014 VW<br \/>\nOEN 06A 906 461 C \u2014 VW<br \/>\nOEN 06A 906 461 CX \u2014 VW<br \/>\nOEN 06A 906 461 D \u2014 VW<br \/>\nOEN 06A 906 461 DX \u2014 VW<\/p>\n<p>VW<br \/>\nVW Bora Sedan (1J2) (Yap\u0131m Y\u0131l\u0131 10.1998 &#8211; 05.2005, 90 &#8211; 115 PS, Dizel)<br \/>\nVW Bora Varyant (1J6) (Yap\u0131m Y\u0131l\u0131 05.1999 &#8211; 05.2005, 101 &#8211; 115 PS, Dizel)<br \/>\nVW Golf IV Cabrio (1E) (Yap\u0131m Y\u0131l\u0131 06.1998 &#8211; 06.2002, 115 PS, Benzin)<br \/>\nVW Golf IV Hatchback (1J1) (Yap\u0131m Y\u0131l\u0131 08.1997 &#8211; 06.2005, 90 &#8211; 150 PS, Dizel, Benzin)<br \/>\nVW Golf IV Van (1J1) (Yap\u0131m Y\u0131l\u0131 05.2000 &#8211; 09.2002, 90 PS, Dizel)<br \/>\nVW Golf IV Varyant (1J5) (Yap\u0131m Y\u0131l\u0131 05.1999 &#8211; 06.2006, 90 &#8211; 150 PS, Dizel, Benzin)<br \/>\nVW Yeni Beetle Hatchback (9C1, 1C1) (Yap\u0131m Y\u0131l\u0131 01.1998 &#8211; 09.2010, 90 &#8211; 101 PS, Dizel)<br \/>\nVW Passat B5 Sedan (3B2) (Yap\u0131m Y\u0131l\u0131 10.1996 &#8211; 11.2000, 150 PS, Benzin)<br \/>\nVW Passat B5 Estate (3B5) (Yap\u0131m Y\u0131l\u0131 06.1997 &#8211; 11.2000, 150 PS, Benzin)<br \/>\nVW Passat B5 GP Estate (3BG, 3B6) (Yap\u0131m Y\u0131l\u0131 11.2000 &#8211; 05.2005, 150 PS, Benzin)<\/p>\n<p>SKODA<br \/>\nSKODA Octavia I Hatchback (1U2) (Yap\u0131m Y\u0131l\u0131 08.1997 &#8211; 12.2010, 150 PS, Benzin)<br \/>\nSKODA Octavia I Kombi (1U5) (Yap\u0131m Y\u0131l\u0131 07.1998 &#8211; 12.2010, 150 PS, Benzin)<\/p>\n<p>AUDI<br \/>\nAUDI A3 Hatchback (8L1) (Yap\u0131m Y\u0131l\u0131 09.1996 &#8211; 05.2003, 90-180 PS, Dizel, Benzin)<br \/>\nAUDI A4 B5 Avant (8D5) (Yap\u0131m Y\u0131l\u0131 01.1996 &#8211; 09.2001, 150 PS, Benzin)<br \/>\nAUDI A4 B5 Sedan (8D2) (Yap\u0131m Y\u0131l\u0131 01.1995 &#8211; 11.2000, 150 PS, Benzin)<br \/>\nAUDI A6 C5 Avant (4B5) (Yap\u0131m Y\u0131l\u0131 12.1997 &#8211; 01.2005, 150 PS, Benzin)<br \/>\nAUDI A6 C5 Sedan (4B2) (Yap\u0131m Y\u0131l\u0131 01.1997 &#8211; 01.2005, 150 PS, Benzin)<br \/>\nAUDI TT Coupe (8N3) (Yap\u0131m Y\u0131l\u0131 10.1998 &#8211; 06.2006, 180 PS, Petrol)<br \/>\nAUDI TT Roadster (8N9) (Yap\u0131m Y\u0131l\u0131 10.1999 &#8211; 06.2006, 180 PS, Petrol)<\/p>\n","protected":false},"excerpt":{"rendered":"<p>DO\u011eAN OTOMOT\u0130V YEDEK PAR\u00c7A<br \/>\nLTD \u015eT\u0130 \u0130VED\u0130K ORGAN\u0130ZE SAN 1471 SOKAK 91-A OST\u0130M ANKARA<br \/>\nSEM\u0130H SAVA\u015e\u00c7I (312) 395 20 95<br \/>\n0533 322 16 09<\/p>\n<p>MUSTAFA SAVA\u015e\u00c7I<br \/>\n0 (312) 395 20 95<br \/>\nIBAN NO: TR 54 0011 1000 0000 0098 3516 19<br \/>\nF\u0130NANSBANK ENPARA<br \/>\n\u015eUBE KODU: 03663<br \/>\nHESAP NO: 98351619<\/p>\n<p>Paket i\u00e7eri\u011fi: 1 Adet<br \/>\nSATI\u015e F\u0130YATI KDV DAH\u0130L pe\u015fin fiyat\u0131d\u0131r<\/p>\n<p>SAAT 18:00 KADAR VER\u0130LEN \u015e\u0130PAR\u0130\u015e AYNI G\u00dcN KARGO \u0130LE G\u00d6NDER\u0130M\u0130 YAPILIR.<br \/>\nKARGO \u0130ADES\u0130 DURUMUNDA<br \/>\nKARGO \u00dcCRET\u0130 M\u00dc\u015eTER\u0130YE A\u0130TT\u0130R. AYRICA KARGODA KIRILAN PAR\u00c7ALARDAN SORUMLU DEY\u0130L\u0130Z<\/p>\n","protected":false},"featured_media":13402,"comment_status":"open","ping_status":"closed","template":"","meta":{"_joinchat":[]},"product_cat":[15,24,19,20],"product_tag":[434,435],"class_list":{"0":"post-774","1":"product","2":"type-product","3":"status-publish","4":"has-post-thumbnail","6":"product_cat-volkswagen","7":"product_cat-audi","8":"product_cat-seat","9":"product_cat-skoda","10":"product_tag-06a906461-hava-akis-metre-agr-1","11":"product_tag-9-tdi-golf-iv-bora-octavia","13":"first","14":"instock","15":"sale","16":"shipping-taxable","17":"purchasable","18":"product-type-simple"},"_links":{"self":[{"href":"https:\/\/dogan-otomotiv.com\/index.php\/wp-json\/wp\/v2\/product\/774","targetHints":{"allow":["GET"]}}],"collection":[{"href":"https:\/\/dogan-otomotiv.com\/index.php\/wp-json\/wp\/v2\/product"}],"about":[{"href":"https:\/\/dogan-otomotiv.com\/index.php\/wp-json\/wp\/v2\/types\/product"}],"replies":[{"embeddable":true,"href":"https:\/\/dogan-otomotiv.com\/index.php\/wp-json\/wp\/v2\/comments?post=774"}],"wp:featuredmedia":[{"embeddable":true,"href":"https:\/\/dogan-otomotiv.com\/index.php\/wp-json\/wp\/v2\/media\/13402"}],"wp:attachment":[{"href":"https:\/\/dogan-otomotiv.com\/index.php\/wp-json\/wp\/v2\/media?parent=774"}],"wp:term":[{"taxonomy":"product_cat","embeddable":true,"href":"https:\/\/dogan-otomotiv.com\/index.php\/wp-json\/wp\/v2\/product_cat?post=774"},{"taxonomy":"product_tag","embeddable":true,"href":"https:\/\/dogan-otomotiv.com\/index.php\/wp-json\/wp\/v2\/product_tag?post=774"}],"curies":[{"name":"wp","href":"https:\/\/api.w.org\/{rel}","templated":true}]}}