{"id":7624,"date":"2021-08-10T10:18:10","date_gmt":"2021-08-10T10:18:10","guid":{"rendered":"https:\/\/dogan-otomotiv.com\/?post_type=product&#038;p=7624"},"modified":"2024-10-22T07:20:39","modified_gmt":"2024-10-22T07:20:39","slug":"13242079-radio-ekran-opel-meriva-astra-g-042010-corsa-1-2-32-pin","status":"publish","type":"product","link":"https:\/\/dogan-otomotiv.com\/index.php\/urun\/13242079-radio-ekran-opel-meriva-astra-g-042010-corsa-1-2-32-pin\/","title":{"rendered":"13242079 RAD\u0130O Ekran Opel Meriva Astra G 04,2010 Corsa 1.2-32 pin"},"content":{"rendered":"<p>13242079 RAD\u0130O Ekran Opel Meriva Astra G 2006 Vauxhall Corsa 1.2<\/p>\n<p>      Opel Meriva \/ Astra G \/ Vivaro                   2006 Vauxhall Corsa 1.2<\/p>\n<p>     Opel    Agila (A)    2000\/09-2007\/12    A H00    1.2 16V    1199 ccm, 55 KW, 75 PS<br \/>\n     Opel    Agila (A)    2004\/07-2007\/12    A H00    1.2 16V Twinport    1229 ccm, 59 KW, 80 PS<br \/>\n     Opel    Agila (A)    2003\/08-2007\/12    A H00    1.3 CDTi    1248 ccm, 51 KW, 70 PS<br \/>\n     Opel    Agila (A)    2000\/09-2007\/12    A H00    1.0 12V    973 ccm, 43 KW, 58 PS<br \/>\n     Opel    Agila (A)    2003\/08-2007\/12    H00    1.0    998 ccm, 44 KW, 60 PS<br \/>\n     Opel    Vivaro A Pritsche\/Fahrgestell    2006\/08-2014\/12    X83    1.9 DTi    1870 ccm, 74 KW, 101 PS<br \/>\n     Opel    Vivaro A Pritsche\/Fahrgestell    2003\/08-2014\/12    X83    2.0 16V    1998 ccm, 88 KW, 120 PS<\/p>\n","protected":false},"excerpt":{"rendered":"<p>AYRICA G\u00dcN \u0130\u00c7ER\u0130S\u0130NDE OTOB\u00dcS \u0130LE KARGO VER\u0130L\u0130R<br \/>\nDO\u011eAN OTOMOT\u0130V YEDEK PAR\u00c7A<br \/>\nLTD \u015eT\u0130 \u0130VED\u0130K ORGAN\u0130ZE SAN 1471 SOKAK 91-A OST\u0130M ANKARA<br \/>\nSEM\u0130H SAVA\u015e\u00c7I (312) 395 20 95<br \/>\n0533 322 16 09<br \/>\nMUSTAFA SAVA\u015e\u00c7I<br \/>\n0 (312) 395 20 95<br \/>\nIBAN NO: TR 54 0011 1000 0000 0098 3516 19<br \/>\nF\u0130NANSBANK ENPARA<br \/>\n\u015eUBE KODU: 03663<br \/>\nHESAP NO: 98351619<br \/>\nPaket i\u00e7eri\u011fi: 1 Adet<br \/>\nSATI\u015e F\u0130YATI KDV DAH\u0130L pe\u015fin fiyat\u0131d\u0131r<br \/>\nSAAT 18:00 KADAR VER\u0130LEN \u015e\u0130PAR\u0130\u015e AYNI G\u00dcN KARGO \u0130LE G\u00d6NDER\u0130M\u0130 YAPILIR.<br \/>\nKARGO \u0130ADES\u0130 DURUMUNDA .<br \/>\nKARGO \u00dcCRET\u0130 M\u00dc\u015eTER\u0130YE A\u0130TT\u0130R. AYRICA KARGODA KIRILAN PAR\u00c7ALARDAN SORUMLU DEY\u0130L\u0130Z<\/p>\n<p>27\/11\/2014 tarih ve 29188 say\u0131l\u0131 resmi gazetede yay\u0131mlanan mesafeli sat\u0131\u015flar y\u00f6netmeli\u011finin 15. maddesinde cayma hakk\u0131n\u0131n istisnalar\u0131 belirtilmi\u015ftir. \u0130lgili maddenin a bendinde &#8220;fiyat\u0131 finansal piyasalardaki dalgalanmalara ba\u011fl\u0131 olarak de\u011fi\u015fen ve sat\u0131c\u0131 veya sa\u011flay\u0131c\u0131n\u0131n kontrol\u00fcnde olmayan mal veya hizmetlere ili\u015fkin s\u00f6zle\u015fmeler&#8221; cayma hakk\u0131ndan istisna edilmi\u015ftir. \u00dcr\u00fcnlerimiz ithal \u00fcr\u00fcnler olup fiyatlar\u0131 g\u00fcnl\u00fck usd kurlar\u0131 kullan\u0131larak tl kar\u015f\u0131l\u0131\u011f\u0131na \u00e7evrilmesiyle hesaplanmaktad\u0131r. Fiyatlar kurdaki de\u011fi\u015fmeler ba\u011fl\u0131 olarak g\u00fcnl\u00fck olarak de\u011fi\u015fmektedir. Bu nedenle y\u00f6netmeli\u011fin 15. Md\/a bendi gere\u011fi cayma hakk\u0131ndan m\u00fcstesnad\u0131r. M\u00fc\u015fterilerimiz sipari\u015f \u00f6ncesinde bu konu hakk\u0131nda \u00f6n bilgilendirme yap\u0131ld\u0131\u011f\u0131n\u0131 kabul eder.<\/p>\n","protected":false},"featured_media":7625,"comment_status":"open","ping_status":"closed","template":"","meta":{"_joinchat":[]},"product_cat":[21],"product_tag":[10992,10993],"class_list":{"0":"post-7624","1":"product","2":"type-product","3":"status-publish","4":"has-post-thumbnail","6":"product_cat-opel","7":"product_tag-13242079-radio-ekran-opel-meriva-astra-g-04","8":"product_tag-2010-corsa-1-2-32-pin","10":"first","11":"instock","12":"sale","13":"shipping-taxable","14":"purchasable","15":"product-type-simple"},"_links":{"self":[{"href":"https:\/\/dogan-otomotiv.com\/index.php\/wp-json\/wp\/v2\/product\/7624","targetHints":{"allow":["GET"]}}],"collection":[{"href":"https:\/\/dogan-otomotiv.com\/index.php\/wp-json\/wp\/v2\/product"}],"about":[{"href":"https:\/\/dogan-otomotiv.com\/index.php\/wp-json\/wp\/v2\/types\/product"}],"replies":[{"embeddable":true,"href":"https:\/\/dogan-otomotiv.com\/index.php\/wp-json\/wp\/v2\/comments?post=7624"}],"wp:featuredmedia":[{"embeddable":true,"href":"https:\/\/dogan-otomotiv.com\/index.php\/wp-json\/wp\/v2\/media\/7625"}],"wp:attachment":[{"href":"https:\/\/dogan-otomotiv.com\/index.php\/wp-json\/wp\/v2\/media?parent=7624"}],"wp:term":[{"taxonomy":"product_cat","embeddable":true,"href":"https:\/\/dogan-otomotiv.com\/index.php\/wp-json\/wp\/v2\/product_cat?post=7624"},{"taxonomy":"product_tag","embeddable":true,"href":"https:\/\/dogan-otomotiv.com\/index.php\/wp-json\/wp\/v2\/product_tag?post=7624"}],"curies":[{"name":"wp","href":"https:\/\/api.w.org\/{rel}","templated":true}]}}