{"id":7416,"date":"2021-07-27T07:47:32","date_gmt":"2021-07-27T07:47:32","guid":{"rendered":"https:\/\/dogan-otomotiv.com\/?post_type=product&#038;p=7416"},"modified":"2024-01-12T08:35:34","modified_gmt":"2024-01-12T08:35:34","slug":"191905351b-vw-golf-1-atesleme-kontrol-mod-orj-2el-garantili","status":"publish","type":"product","link":"https:\/\/dogan-otomotiv.com\/index.php\/urun\/191905351b-vw-golf-1-atesleme-kontrol-mod-orj-2el-garantili\/","title":{"rendered":"191905351B-A-C VW Golf 1 Ate\u015fleme Kontrol Mod ORJ 2EL GARANT\u0130L\u0130"},"content":{"rendered":"<p>191905351B VW Golf 1 Ate\u015fleme Kontrol Mod ORJ 2EL GARANT\u0130L\u0130<\/p>\n<p>191905351B VW Golf 1 Ate\u015fleme Kontrol Mod<\/p>\n<p>AUDI 100 C2 Sedan (43) (Yap\u0131m Y\u0131l\u0131 08.1976 &#8211; 07.1982, 85 PS, Benzin)<br \/>\nAUDI 100 C3 Sedan (44, 44Q) (Yap\u0131m Y\u0131l\u0131 08.1982 &#8211; 07.1991, 82 &#8211; 165 PS, Dizel, Benzin)<br \/>\nAUDI 80 B2 (81, 85) (Yap\u0131m Y\u0131l\u0131 08.1978 &#8211; 08.1986, 55 &#8211; 115 PS, Benzin)<br \/>\nAUDI 80 B3 (89, 89Q, 8A) (Yap\u0131m Y\u0131l\u0131 06.1986 &#8211; 10.1991, 68 &#8211; 137 PS, Dizel, Benzin)<br \/>\nAUDI 90 B2 (81, 85) (Yap\u0131m Y\u0131l\u0131 10.1984 &#8211; 03.1987, 113 &#8211; 136 PS, Benzin)<br \/>\nAUDI 90 B3 (89, 89Q, 8A) (Yap\u0131m Y\u0131l\u0131 04.1987 &#8211; 07.1991, 136 &#8211; 170 PS, Benzin)<\/p>\n<p>VW Golf I Hatchback (17) (Yap\u0131m Y\u0131l\u0131 08.1976 &#8211; 12.1983, 110 &#8211; 112 PS, Benzin)<br \/>\nVW Golf II Hatchback (19E, 1G1) (Yap\u0131m Y\u0131l\u0131 08.1983 &#8211; 07.1992, 50 &#8211; 75 PS, Benzin)<br \/>\nVW Jetta Mk2 (19E, 1G2, 165) (Yap\u0131m Y\u0131l\u0131 01.1984 &#8211; 07.1992, 55 &#8211; 75 PS, Benzin)<br \/>\nVW Jetta Mk1 (16) (Yap\u0131m Y\u0131l\u0131 08.1978 &#8211; 02.1984, 110 &#8211; 112 PS, Benzin)<br \/>\nVW Passat B2 Hatchback (32B) (Yap\u0131m Y\u0131l\u0131 08.1980 &#8211; 03.1988, 55 &#8211; 115 PS, Benzin)<br \/>\nVW Passat B3\/B4 Sedan (3A2, 35i) (Yap\u0131m Y\u0131l\u0131 04.1988 &#8211; 09.1993, 75 &#8211; 136 PS, Benzin)<br \/>\nVW Passat B3\/B4 Estate (3A5, 35i) (Yap\u0131m Y\u0131l\u0131 04.1988 &#8211; 09.1993, 75 &#8211; 136 PS, Benzin)<br \/>\nVW Polo II Hatchback (86C, 80) (Yap\u0131m Y\u0131l\u0131 08.1985 &#8211; 09.1994, 45 &#8211; 55 PS, Benzin)<br \/>\nVW Transporter T3 Van (Yap\u0131m Y\u0131l\u0131 05.1979 &#8211; 07.1992, 50 &#8211; 112 PS, Benzin)<br \/>\nVW Transporter \/ Caravelle T3 Minib\u00fcs (Yap\u0131m Y\u0131l\u0131 05.1979 &#8211; 07.1992, 50 &#8211; 112 PS, Benzin)<br \/>\nVW Transporter T3 Platform\/\u015easi (Yap\u0131m Y\u0131l\u0131 05.1979 &#8211; 07.1992, 60 &#8211; 112 PS, Benzin)<\/p>\n<p>SEAT Toledo I Hatchback (1L) (Yap\u0131m Y\u0131l\u0131 05.1991 &#8211; 03.1999, 75 &#8211; 125 PS, Benzin)<br \/>\n1.6 i, Yap\u0131m Y\u0131l\u0131 01.1993 &#8211; 03.1999, 1595 ccm, 75 PS<br \/>\n1.8 16V, Yap\u0131m Y\u0131l\u0131 05.1991 &#8211; 03.1999, 1781 ccm, 125 PS<br \/>\n1.8 i, Yap\u0131m Y\u0131l\u0131 05.1991 &#8211; 12.1996, 1781 ccm, 88 PS<\/p>\n","protected":false},"excerpt":{"rendered":"<p>AYRICA G\u00dcN \u0130\u00c7ER\u0130S\u0130NDE OTOB\u00dcS \u0130LE KARGO VER\u0130L\u0130R<\/p>\n<p>DO\u011eAN OTOMOT\u0130V YEDEK PAR\u00c7A<\/p>\n<p>LTD \u015eT\u0130 \u0130VED\u0130K ORGAN\u0130ZE SAN 1471 SOKAK 91-A OST\u0130M ANKARA<br \/>\nSEM\u0130H SAVA\u015e\u00c7I (312) 395 20 95<br \/>\n0533 322 16 09<\/p>\n<p>MUSTAFA SAVA\u015e\u00c7I<br \/>\n0 (312) 395 20 95<br \/>\nIBAN NO: TR 54 0011 1000 0000 0098 3516 19<br \/>\nF\u0130NANSBANK ENPARA<br \/>\n\u015eUBE KODU: 03663<br \/>\nHESAP NO: 98351619<\/p>\n<p>Paket i\u00e7eri\u011fi: 1 Adet<br \/>\nSATI\u015e F\u0130YATI KDV DAH\u0130L pe\u015fin fiyat\u0131d\u0131r<\/p>\n<p>SAAT 18:00 KADAR VER\u0130LEN \u015e\u0130PAR\u0130\u015e AYNI G\u00dcN KARGO \u0130LE G\u00d6NDER\u0130M\u0130 YAPILIR.<br \/>\nKARGO \u0130ADES\u0130 DURUMUNDA .<br \/>\nKARGO \u00dcCRET\u0130 M\u00dc\u015eTER\u0130YE A\u0130TT\u0130R. AYRICA KARGODA KIRILAN PAR\u00c7ALARDAN SORUMLU DEY\u0130L\u0130Z<\/p>\n<p>27\/11\/2014 tarih ve 29188 say\u0131l\u0131 resmi gazetede yay\u0131mlanan mesafeli sat\u0131\u015flar y\u00f6netmeli\u011finin 15. maddesinde cayma hakk\u0131n\u0131n istisnalar\u0131 belirtilmi\u015ftir. \u0130lgili maddenin a bendinde &#8220;fiyat\u0131 finansal piyasalardaki dalgalanmalara ba\u011fl\u0131 olarak de\u011fi\u015fen ve sat\u0131c\u0131 veya sa\u011flay\u0131c\u0131n\u0131n kontrol\u00fcnde olmayan mal veya hizmetlere ili\u015fkin s\u00f6zle\u015fmeler&#8221; cayma hakk\u0131ndan istisna edilmi\u015ftir. \u00dcr\u00fcnlerimiz ithal \u00fcr\u00fcnler olup fiyatlar\u0131 g\u00fcnl\u00fck usd kurlar\u0131 kullan\u0131larak tl kar\u015f\u0131l\u0131\u011f\u0131na \u00e7evrilmesiyle hesaplanmaktad\u0131r. Fiyatlar kurdaki de\u011fi\u015fmeler ba\u011fl\u0131 olarak g\u00fcnl\u00fck olarak de\u011fi\u015fmektedir. Bu nedenle y\u00f6netmeli\u011fin 15. Md\/a bendi gere\u011fi cayma hakk\u0131ndan m\u00fcstesnad\u0131r. M\u00fc\u015fterilerimiz sipari\u015f \u00f6ncesinde bu konu hakk\u0131nda \u00f6n bilgilendirme yap\u0131ld\u0131\u011f\u0131n\u0131 kabul eder.<\/p>\n","protected":false},"featured_media":7417,"comment_status":"open","ping_status":"closed","template":"","meta":{"_joinchat":[]},"product_cat":[15,24,19,20],"product_tag":[5178],"class_list":{"0":"post-7416","1":"product","2":"type-product","3":"status-publish","4":"has-post-thumbnail","6":"product_cat-volkswagen","7":"product_cat-audi","8":"product_cat-seat","9":"product_cat-skoda","10":"product_tag-191905351b-vw-golf-1-atesleme-kontrol-mod-orj-2el-garantili","12":"first","13":"instock","14":"sale","15":"shipping-taxable","16":"purchasable","17":"product-type-simple"},"_links":{"self":[{"href":"https:\/\/dogan-otomotiv.com\/index.php\/wp-json\/wp\/v2\/product\/7416","targetHints":{"allow":["GET"]}}],"collection":[{"href":"https:\/\/dogan-otomotiv.com\/index.php\/wp-json\/wp\/v2\/product"}],"about":[{"href":"https:\/\/dogan-otomotiv.com\/index.php\/wp-json\/wp\/v2\/types\/product"}],"replies":[{"embeddable":true,"href":"https:\/\/dogan-otomotiv.com\/index.php\/wp-json\/wp\/v2\/comments?post=7416"}],"wp:featuredmedia":[{"embeddable":true,"href":"https:\/\/dogan-otomotiv.com\/index.php\/wp-json\/wp\/v2\/media\/7417"}],"wp:attachment":[{"href":"https:\/\/dogan-otomotiv.com\/index.php\/wp-json\/wp\/v2\/media?parent=7416"}],"wp:term":[{"taxonomy":"product_cat","embeddable":true,"href":"https:\/\/dogan-otomotiv.com\/index.php\/wp-json\/wp\/v2\/product_cat?post=7416"},{"taxonomy":"product_tag","embeddable":true,"href":"https:\/\/dogan-otomotiv.com\/index.php\/wp-json\/wp\/v2\/product_tag?post=7416"}],"curies":[{"name":"wp","href":"https:\/\/api.w.org\/{rel}","templated":true}]}}