{"id":7268,"date":"2021-07-17T11:35:22","date_gmt":"2021-07-17T11:35:22","guid":{"rendered":"https:\/\/dogan-otomotiv.com\/?post_type=product&#038;p=7268"},"modified":"2025-06-25T09:21:53","modified_gmt":"2025-06-25T09:21:53","slug":"0281002120-hava-akis-honda-accord-v-rover-200-2","status":"publish","type":"product","link":"https:\/\/dogan-otomotiv.com\/index.php\/urun\/0281002120-hava-akis-honda-accord-v-rover-200-2\/","title":{"rendered":"0281002120 HAVA AKI\u015e HONDA Accord V ROVER 200"},"content":{"rendered":"<p>0281002120 HAVA AKI\u015e HONDA Accord V ROVER 200<br \/>\nHONDA Accord V Sedan (CE, CF) (Yap\u0131m Y\u0131l\u0131 04.1996 &#8211; 10.1998, 105 PS, Dizel)<br \/>\nHONDA Accord VI Hatchback (CH, CL) (Yap\u0131m Y\u0131l\u0131 12.1999 &#8211; 10.2000, 105 PS, Dizel)<br \/>\nHONDA Accord VI Sedan (CK, CG, CH, CF8) (Yap\u0131m Y\u0131l\u0131 02.1999 &#8211; 12.2002, 105 PS, Dizel)<br \/>\nHONDA Civic VI Aerodeck (MB, MC) (Yap\u0131m Y\u0131l\u0131 04.1998 &#8211; 02.2001, 105 PS, Dizel)<br \/>\nHONDA Civic VI Fastback (MA, MB) (Yap\u0131m Y\u0131l\u0131 11.1998 &#8211; 10.2000, 101 PS, Dizel)<\/p>\n<p>ROVER 200 Hatchback (RF) (Yap\u0131m Y\u0131l\u0131 11.1995 &#8211; 03.2000, 86 &#8211; 105 PS, Dizel)<br \/>\nROVER 25 Hatchback (RF) (Yap\u0131m Y\u0131l\u0131 10.1999 &#8211; 05.2005, 101 &#8211; 113 PS, Dizel)<br \/>\nROVER 400 Sedan (RT) (Yap\u0131m Y\u0131l\u0131 05.1995 &#8211; 03.2000, 86 &#8211; 105 PS, Dizel)<br \/>\nROVER 400 Hatchback (RT) (Yap\u0131m Y\u0131l\u0131 05.1995 &#8211; 03.2000, 86 &#8211; 105 PS, Dizel)<br \/>\nROVER 45 Hatchback (RT) (Yap\u0131m Y\u0131l\u0131 02.2000 &#8211; 05.2005, 101 &#8211; 113 PS, Dizel)<br \/>\nROVER 45 Sedan (RT) (Yap\u0131m Y\u0131l\u0131 02.2000 &#8211; 05.2005, 101 &#8211; 113 PS, Dizel)<br \/>\nROVER 600 (SA\u011e) (Yap\u0131m Y\u0131l\u0131 12.1994 &#8211; 02.1999, 105 PS, Dizel)<br \/>\nROVER 800 Sedan (XS) (Yap\u0131m Y\u0131l\u0131 01.1990 &#8211; 02.1999, 118 PS, Dizel)<br \/>\nROVER Commerce Box G\u00f6vde \/ Hatchback (RF) (Yap\u0131m Y\u0131l\u0131 01.2003 &#8211; 12.2005, 101 PS, Dizel)<\/p>\n<p>HONDA ACCORD Mk VI (CE, CF) 2.0 TDI (CF1) 04.96 &#8211; 10.98 Saloon<\/p>\n<p>HONDA ACCORD Mk VII (CG, CK) 2.0 Turbo DI 02.99 &#8211; 12.02 Saloon<\/p>\n<p>HONDA ACCORD Mk VII Hatchback (CH) 2.0 TDi 12.99 &#8211; 10.00 1994 Hatchback<\/p>\n<p>HONDA CIVIC Mk VII Hatchback (MA) 2.0 i TD (MB7) 01.97 &#8211; 02.01 1994 Hatchback<\/p>\n<p>HONDA CIVIC Mk V Estate (MB, MC) 2.0 i D (MC3) 04.98 &#8211; 02.01 1994 Estate<\/p>\n<p>ROVER 200 (RF) 220 D\/SD 11.95 &#8211; 03.00 1994 Hatchback<\/p>\n<p>ROVER 200 (RF) 220 SDi 11.95 &#8211; 03.00 1994 Hatchback<\/p>\n<p>ROVER 25 (RF) 2.0 iDT 01.02 &#8211; 06.04 1994 Hatchback<\/p>\n<p>ROVER 25 (RF) 2.0 iDT 1994 Hatchback<\/p>\n<p>ROVER 400 (RT) 420 D 11.95 &#8211; 03.00 1994 Saloon<\/p>\n<p>ROVER 400 (RT) 420 Di 05.95 &#8211; 03.00 1994 Saloon<\/p>\n<p>ROVER 400 Hatchback (RT) 420 D 11.95 &#8211; 03.00 1994 Hatchback<\/p>\n<p>ROVER 400 Hatchback (RT) 420 Di 05.95 &#8211; 03.00 05 1994 Hatchback<\/p>\n<p>ROVER 45 Saloon (RT) 2.0 iDT 01.04 Saloon<\/p>\n","protected":false},"excerpt":{"rendered":"<p>DO\u011eAN OTOMOT\u0130V YEDEK PAR\u00c7A<br \/>\nLTD \u015eT\u0130 \u0130VED\u0130K ORGAN\u0130ZE SAN 1471 SOKAK 91-A OST\u0130M ANKARA<br \/>\nSEM\u0130H SAVA\u015e\u00c7I (312) 395 20 95<br \/>\n0533 322 16 09<\/p>\n<p>MUSTAFA SAVA\u015e\u00c7I<br \/>\n0 (312) 395 20 95<br \/>\nIBAN NO: TR 54 0011 1000 0000 0098 3516 19<br \/>\nF\u0130NANSBANK ENPARA<br \/>\n\u015eUBE KODU: 03663<br \/>\nHESAP NO: 98351619<\/p>\n<p>Paket i\u00e7eri\u011fi: 1 Adet<br \/>\nSATI\u015e F\u0130YATI KDV DAH\u0130L pe\u015fin fiyat\u0131d\u0131r<\/p>\n<p>SAAT 18:00 KADAR VER\u0130LEN \u015e\u0130PAR\u0130\u015e AYNI G\u00dcN KARGO \u0130LE G\u00d6NDER\u0130M\u0130 YAPILIR.<br \/>\nKARGO \u0130ADES\u0130 DURUMUNDA .<br \/>\nKARGO \u00dcCRET\u0130 M\u00dc\u015eTER\u0130YE A\u0130TT\u0130R. AYRICA KARGODA KIRILAN PAR\u00c7ALARDAN SORUMLU DEY\u0130L\u0130Z<\/p>\n<p>27\/11\/2014 tarih ve 29188 say\u0131l\u0131 resmi gazetede yay\u0131mlanan mesafeli sat\u0131\u015flar y\u00f6netmeli\u011finin 15. maddesinde cayma hakk\u0131n\u0131n istisnalar\u0131 belirtilmi\u015ftir. \u0130lgili maddenin a bendinde &#8220;fiyat\u0131 finansal piyasalardaki dalgalanmalara ba\u011fl\u0131 olarak de\u011fi\u015fen ve sat\u0131c\u0131 veya sa\u011flay\u0131c\u0131n\u0131n kontrol\u00fcnde olmayan mal veya hizmetlere ili\u015fkin s\u00f6zle\u015fmeler&#8221; cayma hakk\u0131ndan istisna edilmi\u015ftir. \u00dcr\u00fcnlerimiz ithal \u00fcr\u00fcnler olup fiyatlar\u0131 g\u00fcnl\u00fck usd kurlar\u0131 kullan\u0131larak tl kar\u015f\u0131l\u0131\u011f\u0131na \u00e7evrilmesiyle hesaplanmaktad\u0131r. Fiyatlar kurdaki de\u011fi\u015fmeler ba\u011fl\u0131 olarak g\u00fcnl\u00fck olarak de\u011fi\u015fmektedir. Bu nedenle y\u00f6netmeli\u011fin 15. Md\/a bendi gere\u011fi cayma hakk\u0131ndan m\u00fcstesnad\u0131r. M\u00fc\u015fterilerimiz sipari\u015f \u00f6ncesinde bu konu hakk\u0131nda \u00f6n bilgilendirme yap\u0131ld\u0131\u011f\u0131n\u0131 kabul eder.<\/p>\n","protected":false},"featured_media":7928,"comment_status":"open","ping_status":"closed","template":"","meta":{"_joinchat":[]},"product_cat":[146,157],"product_tag":[4715],"class_list":{"0":"post-7268","1":"product","2":"type-product","3":"status-publish","4":"has-post-thumbnail","6":"product_cat-hyundai","7":"product_cat-volvo","8":"product_tag-0281002120-hava-akis-honda-accord-v-rover-200","10":"first","11":"instock","12":"sale","13":"shipping-taxable","14":"purchasable","15":"product-type-simple"},"_links":{"self":[{"href":"https:\/\/dogan-otomotiv.com\/index.php\/wp-json\/wp\/v2\/product\/7268","targetHints":{"allow":["GET"]}}],"collection":[{"href":"https:\/\/dogan-otomotiv.com\/index.php\/wp-json\/wp\/v2\/product"}],"about":[{"href":"https:\/\/dogan-otomotiv.com\/index.php\/wp-json\/wp\/v2\/types\/product"}],"replies":[{"embeddable":true,"href":"https:\/\/dogan-otomotiv.com\/index.php\/wp-json\/wp\/v2\/comments?post=7268"}],"wp:featuredmedia":[{"embeddable":true,"href":"https:\/\/dogan-otomotiv.com\/index.php\/wp-json\/wp\/v2\/media\/7928"}],"wp:attachment":[{"href":"https:\/\/dogan-otomotiv.com\/index.php\/wp-json\/wp\/v2\/media?parent=7268"}],"wp:term":[{"taxonomy":"product_cat","embeddable":true,"href":"https:\/\/dogan-otomotiv.com\/index.php\/wp-json\/wp\/v2\/product_cat?post=7268"},{"taxonomy":"product_tag","embeddable":true,"href":"https:\/\/dogan-otomotiv.com\/index.php\/wp-json\/wp\/v2\/product_tag?post=7268"}],"curies":[{"name":"wp","href":"https:\/\/api.w.org\/{rel}","templated":true}]}}