{"id":6677,"date":"2021-06-25T15:17:07","date_gmt":"2021-06-25T15:17:07","guid":{"rendered":"https:\/\/dogan-otomotiv.com\/?post_type=product&#038;p=6677"},"modified":"2025-07-10T12:54:32","modified_gmt":"2025-07-10T12:54:32","slug":"1c1959801a-golf-bora-iv-cam-motoru-sol-skoda-orj-cikma","status":"publish","type":"product","link":"https:\/\/dogan-otomotiv.com\/index.php\/urun\/1c1959801a-golf-bora-iv-cam-motoru-sol-skoda-orj-cikma\/","title":{"rendered":"1C1959801A CAM MOTORU SOL GOLF BORA IV skoda orj \u00e7\u0131kma"},"content":{"rendered":"<p>DO\u011eAN OTOMOT\u0130V YEDEK PAR\u00c7A<br \/>\nLTD \u015eT\u0130 \u0130VED\u0130K ORGAN\u0130ZE SAN 1471 SOKAK 91-A OST\u0130M ANKARA<br \/>\nSEM\u0130H SAVA\u015e\u00c7I (312) 395 20 95<br \/>\n0533 322 16 09<br \/>\nMUSTAFA SAVA\u015e\u00c7I<br \/>\n0 (312) 395 20 95<\/p>\n<p>AYRICA G\u00dcN \u0130\u00c7ER\u0130S\u0130NDE OTOB\u00dcS \u0130LE KARGO VER\u0130L\u0130R<br \/>\nNOT 3 G\u00dcN \u0130\u00c7ER\u0130S\u0130NDE \u0130YADES\u0130 OLMAYAN MAZEME GER\u0130 ALINMAZ<br \/>\nPaket i\u00e7eri\u011fi: 1 Adet<br \/>\nSATI\u015e F\u0130YATI KDV HAR\u0130\u00c7 pe\u015fin fiyat\u0131d\u0131r<br \/>\nSAAT 18:00 KADAR VER\u0130LEN \u015e\u0130PAR\u0130\u015e AYNI G\u00dcN KARGO \u0130LE G\u00d6NDER\u0130M\u0130 YAPILIR.<br \/>\nKARGO \u0130ADES\u0130 DURUMUNDA .<br \/>\nKARGO \u00dcCRET\u0130 M\u00dc\u015eTER\u0130YE A\u0130TT\u0130R. AYRICA KARGODA KIRILAN PAR\u00c7ALARDAN SORUMLU DEY\u0130L\u0130Z<\/p>\n<p>27\/11\/2014 tarih ve 29188 say\u0131l\u0131 resmi gazetede yay\u0131mlanan mesafeli sat\u0131\u015flar y\u00f6netmeli\u011finin 15. maddesinde cayma hakk\u0131n\u0131n istisnalar\u0131 belirtilmi\u015ftir. \u0130lgili maddenin a bendinde &#8220;fiyat\u0131 finansal piyasalardaki dalgalanmalara ba\u011fl\u0131 olarak de\u011fi\u015fen ve sat\u0131c\u0131 veya sa\u011flay\u0131c\u0131n\u0131n kontrol\u00fcnde olmayan mal veya hizmetlere ili\u015fkin s\u00f6zle\u015fmeler&#8221; cayma hakk\u0131ndan istisna edilmi\u015ftir. \u00dcr\u00fcnlerimiz ithal \u00fcr\u00fcnler olup fiyatlar\u0131 g\u00fcnl\u00fck usd kurlar\u0131 kullan\u0131larak tl kar\u015f\u0131l\u0131\u011f\u0131na \u00e7evrilmesiyle hesaplanmaktad\u0131r. Fiyatlar kurdaki de\u011fi\u015fmeler ba\u011fl\u0131 olarak g\u00fcnl\u00fck olarak de\u011fi\u015fmektedir. Bu nedenle y\u00f6netmeli\u011fin 15. Md\/a bendi gere\u011fi cayma hakk\u0131ndan m\u00fcstesnad\u0131r. M\u00fc\u015fterilerimiz sipari\u015f \u00f6ncesinde bu konu hakk\u0131nda \u00f6n bilgilendirme yap\u0131ld\u0131\u011f\u0131n\u0131 kabul eder.<\/p>\n","protected":false},"excerpt":{"rendered":"<p>1.4 16V, \u00dcretim Y\u0131l\u0131 10.1997 &#8211; 05.2004, 1390 cc, 75 hp<br \/>\n1.6, \u00dcretim Y\u0131l\u0131 08.2000 &#8211; 06.2005, 1595 cc, 102 hp<br \/>\n1.6 16V, \u00dcretim Y\u0131l\u0131 02.2000 &#8211; 06.2005, 1598 cc, 105 hp<br \/>\n1.6 FSI, \u00dcretim Y\u0131l\u0131 01.2002 &#8211; 06.2005, 1598 cc, 110 hp<br \/>\n1.8, Yap\u0131m Y\u0131l\u0131 08.1997 &#8211; 06.2005, 1781 cc, 125 hp<br \/>\n1.8 4motion, Yap\u0131m Y\u0131l\u0131 05.1998 &#8211; 06.2005, 1781 cc, 125 hp<br \/>\n1.8 T, \u00dcretim Y\u0131l\u0131 08.1997 &#8211; 06.2005, 1781 cc, 150 hp<br \/>\n1.8 T GTI, \u00dcretim Y\u0131l\u0131 08.2001 &#8211; 06.2005, 1781 cc, 180 hp<br \/>\n1.9 SDI, \u00dcretim Y\u0131l\u0131 08.1997 &#8211; 06.2005, 1896 cc, 68 hp<br \/>\n1.9 TDI, \u00dcretim Y\u0131l\u0131 10.1997 &#8211; 05.2004, 1896 cc, 90 hp<br \/>\n1.9 TDI, \u00dcretim Y\u0131l\u0131 09.2000 &#8211; 06.2005, 1896 cc, 101 hp<br \/>\n1.9 TDI, \u00dcretim Y\u0131l\u0131 08.1997 &#8211; 05.2004, 1896 cc, 110 hp<br \/>\n1.9 TDI, \u00dcretim Y\u0131l\u0131 12.1998 &#8211; 06.2001, 1896 cc, 115 hp<br \/>\n1.9 TDI, \u00dcretim Y\u0131l\u0131 11.2000 &#8211; 06.2005, 1896 cc, 130 hp<br \/>\n1.9 TDI, \u00dcretim Y\u0131l\u0131 05.2000 &#8211; 06.2005, 1896 cc, 150 hp<br \/>\n1.9 TDI 4motion, \u00dcretim Y\u0131l\u0131 07.1998 &#8211; 04.2002, 1896 cc, 90 hp<br \/>\n1.9 TDI 4motion, \u00dcretim Y\u0131l\u0131 09.2000 &#8211; 06.2005, 1896 cc, 101 hp<br \/>\n1.9 TDI 4motion, \u00dcretim Y\u0131l\u0131 09.1999 &#8211; 06.2001, 1896 cc, 115 hp<br \/>\n1.9 TDI 4motion, \u00dcretim Y\u0131l\u0131 11.2000 &#8211; 06.2005, 1896 cc, 130 hp<br \/>\n1.9 TDI 4motion, \u00dcretim Y\u0131l\u0131 02.2000 &#8211; 06.2005, 1896 cc, 150 hp<br \/>\n2.0, Yap\u0131m Y\u0131l\u0131 07.1998 &#8211; 05.2004, 1984 cc, 115 hp<br \/>\n2.0 4motion, Yap\u0131m Y\u0131l\u0131 10.2000 &#8211; 06.2005, 1984 cc, 115 hp<br \/>\n2.3 V5, \u00dcretim Y\u0131l\u0131 10.2000 &#8211; 06.2005, 2324 cc, 170 hp<br \/>\n2.3 V5 4motion, \u00dcretim Y\u0131l\u0131 10.2000 &#8211; 06.2005, 2324 cc, 170 hp<br \/>\n2.8 VR6 4motion, \u00dcretim Y\u0131l\u0131 03.1999 &#8211; 06.2005, 2792 cc, 204 hp<br \/>\n3.2 R32 4motion, \u00dcretim Y\u0131l\u0131 09.2002 &#8211; 06.2005, 3189 cc, 241 hp<br \/>\nVW Golf IV Varyant\u0131 (1J5) (\u00dcretim Y\u0131l\u0131 05.1999 &#8211; 06.2006)<br \/>\nVW Bora Sedan (1J2) (\u00dcretim Y\u0131l\u0131 10.1998 &#8211; 09.2005)<br \/>\nVW Bora Variant (1J6) (\u00dcretim Y\u0131l\u0131 05.1999 &#8211; 05.2005)<\/p>\n","protected":false},"featured_media":16785,"comment_status":"open","ping_status":"closed","template":"","meta":{"_joinchat":[]},"product_cat":[15],"product_tag":[11648],"class_list":{"0":"post-6677","1":"product","2":"type-product","3":"status-publish","4":"has-post-thumbnail","6":"product_cat-volkswagen","7":"product_tag-1c1959801a-cam-motoru-sol-golf-bora-iv-skoda-orj-cikma","9":"first","10":"instock","11":"sale","12":"shipping-taxable","13":"purchasable","14":"product-type-simple"},"_links":{"self":[{"href":"https:\/\/dogan-otomotiv.com\/index.php\/wp-json\/wp\/v2\/product\/6677","targetHints":{"allow":["GET"]}}],"collection":[{"href":"https:\/\/dogan-otomotiv.com\/index.php\/wp-json\/wp\/v2\/product"}],"about":[{"href":"https:\/\/dogan-otomotiv.com\/index.php\/wp-json\/wp\/v2\/types\/product"}],"replies":[{"embeddable":true,"href":"https:\/\/dogan-otomotiv.com\/index.php\/wp-json\/wp\/v2\/comments?post=6677"}],"wp:featuredmedia":[{"embeddable":true,"href":"https:\/\/dogan-otomotiv.com\/index.php\/wp-json\/wp\/v2\/media\/16785"}],"wp:attachment":[{"href":"https:\/\/dogan-otomotiv.com\/index.php\/wp-json\/wp\/v2\/media?parent=6677"}],"wp:term":[{"taxonomy":"product_cat","embeddable":true,"href":"https:\/\/dogan-otomotiv.com\/index.php\/wp-json\/wp\/v2\/product_cat?post=6677"},{"taxonomy":"product_tag","embeddable":true,"href":"https:\/\/dogan-otomotiv.com\/index.php\/wp-json\/wp\/v2\/product_tag?post=6677"}],"curies":[{"name":"wp","href":"https:\/\/api.w.org\/{rel}","templated":true}]}}