{"id":6612,"date":"2021-06-23T12:13:30","date_gmt":"2021-06-23T12:13:30","guid":{"rendered":"https:\/\/dogan-otomotiv.com\/?post_type=product&#038;p=6612"},"modified":"2025-04-04T07:56:24","modified_gmt":"2025-04-04T07:56:24","slug":"8200190230-gaz-kelebegi-renault-scenic-fluence-megane-1-6","status":"publish","type":"product","link":"https:\/\/dogan-otomotiv.com\/index.php\/urun\/8200190230-gaz-kelebegi-renault-scenic-fluence-megane-1-6\/","title":{"rendered":"8200190230 Gaz Kelebe\u011fi Renault Scenic Fluence Megane 1.6"},"content":{"rendered":"<p>8200190230 Gaz Kelebe\u011fi Renault Lutecia 2006 ABA- 1 SINIF<br \/>\n8200190230 Gaz Kelebe\u011fi G\u00f6vdesi 82 Renault Lutecia 2006 ABA-RK4M<br \/>\nRENAULT Clio III Grandtour (Yap\u0131m Y\u0131l\u0131 02.2008 &#8211; 12.2012, 98 &#8211; 112 PS, Benzin)<br \/>\nRENAULT Clio III Hatchback (BR0\/1, CR0\/1) (Yap\u0131m Y\u0131l\u0131 06.2005 &#8211; 12.2014, 88 &#8211; 112 PS, Benzin)<br \/>\nRENAULT Fluence (L3_) (Yap\u0131m Y\u0131l\u0131 02.2010 &#8211; &#8230;, 106 &#8211; 111 PS, Benzin)<br \/>\nRENAULT Grand Sc\u00e9nic II (JM) (Yap\u0131m Y\u0131l\u0131 06.2006 &#8211; 11.2008, 112 PS, Benzin)<br \/>\nRENAULT Grand Sc\u00e9nic III (JZ) (Yap\u0131m Y\u0131l\u0131 02.2009 &#8211; &#8230;, 107 &#8211; 110 PS, Benzin, Petrol\/Etanol, Petrol\/Petrol Gaz\u0131 (LPG))<br \/>\nRENAULT Megane CC (EZ) (Yap\u0131m Y\u0131l\u0131 06.2010 &#8211; &#8230;, 110 PS, Benzin)<br \/>\nRENAULT Megane II Hatchback (BM, CM) (Yap\u0131m Y\u0131l\u0131 11.2002 &#8211; 06.2008, 112 &#8211; 113 PS, Benzin)<br \/>\nRENAULT Megane II Coup\u00e9-Cabriolet (EM) (Yap\u0131m Y\u0131l\u0131 09.2003 &#8211; 03.2009, 112 &#8211; 113 PS, Benzin)<br \/>\nRENAULT Megane II Sport Tourer (KM) (Yap\u0131m Y\u0131l\u0131 08.2003 &#8211; 08.2009, 112 &#8211; 113 PS, Benzin)<br \/>\nRENAULT Megane II Sedan (LM) (Yap\u0131m Y\u0131l\u0131 09.2003 &#8211; &#8230;, 110 &#8211; 113 PS, Benzin)<br \/>\nRENAULT Megane III Coupe (DZ) (Yap\u0131m Y\u0131l\u0131 11.2008 &#8211; &#8230;, 101 &#8211; 110 PS, Benzin, Petrol\/Petrol Gaz\u0131 (LPG))<br \/>\nRENAULT Megane III Grandtour (KZ) (Yap\u0131m Y\u0131l\u0131 11.2008 &#8211; &#8230;, 101 &#8211; 110 PS, Benzin, Petrol\/Petrol Gaz\u0131 (LPG))<br \/>\nRENAULT Megane III Hatchback (BZ0\/1) (Yap\u0131m Y\u0131l\u0131 11.2008 &#8211; &#8230;, 101 &#8211; 111 PS, Benzin, Petrol\/Petrol Gaz\u0131 (LPG))<br \/>\nRENAULT Modus \/ Grand Modus (F, JP) (Yap\u0131m Y\u0131l\u0131 12.2004 &#8211; &#8230;, 88 &#8211; 112 PS, Benzin)<br \/>\nRENAULT Sc\u00e9nic II (JM) (Yap\u0131m Y\u0131l\u0131 06.2003 &#8211; 11.2008, 112 &#8211; 113 PS, Benzin)<br \/>\nRENAULT Sc\u00e9nic III (JZ0\/1_) (Yap\u0131m Y\u0131l\u0131 02.2009 &#8211; &#8230;, 110 PS, Benzin, Petrol\/Etanol, Petrol\/Petrol Gaz\u0131 (LPG))<\/p>\n","protected":false},"excerpt":{"rendered":"<p>DO\u011eAN OTOMOT\u0130V YEDEK PAR\u00c7A<br \/>\nLTD \u015eT\u0130 \u0130VED\u0130K ORGAN\u0130ZE SAN 1471 SOKAK 91-A OST\u0130M ANKARA<br \/>\nSEM\u0130H SAVA\u015e\u00c7I (312) 395 20 95<br \/>\n0533 322 16 09<\/p>\n<p>MUSTAFA SAVA\u015e\u00c7I<br \/>\n0 (312) 395 20 95<br \/>\nIBAN NO: TR 54 0011 1000 0000 0098 3516 19<br \/>\nF\u0130NANSBANK ENPARA<br \/>\n\u015eUBE KODU: 03663<br \/>\nHESAP NO: 98351619<\/p>\n<p>Paket i\u00e7eri\u011fi: 1 Adet<br \/>\nSATI\u015e F\u0130YATI KDV DAH\u0130L pe\u015fin fiyat\u0131d\u0131r<\/p>\n<p>SAAT 18:00 KADAR VER\u0130LEN \u015e\u0130PAR\u0130\u015e AYNI G\u00dcN KARGO \u0130LE G\u00d6NDER\u0130M\u0130 YAPILIR.<br \/>\nKARGO \u0130ADES\u0130 DURUMUNDA<br \/>\nKARGO \u00dcCRET\u0130 M\u00dc\u015eTER\u0130YE A\u0130TT\u0130R. AYRICA KARGODA KIRILAN PAR\u00c7ALARDAN SORUMLU DEY\u0130L\u0130Z<\/p>\n","protected":false},"featured_media":6613,"comment_status":"open","ping_status":"closed","template":"","meta":{"_joinchat":[]},"product_cat":[18],"product_tag":[11220],"class_list":{"0":"post-6612","1":"product","2":"type-product","3":"status-publish","4":"has-post-thumbnail","6":"product_cat-renault","7":"product_tag-8200190230-gaz-kelebegi-renault-clio-iii-2006-aba-1-6-renault-scenic-fluence-megane-gaz-kelebegi-bogaz-kelebegi-8200190230-8200171134b","9":"first","10":"instock","11":"sale","12":"shipping-taxable","13":"purchasable","14":"product-type-simple"},"_links":{"self":[{"href":"https:\/\/dogan-otomotiv.com\/index.php\/wp-json\/wp\/v2\/product\/6612","targetHints":{"allow":["GET"]}}],"collection":[{"href":"https:\/\/dogan-otomotiv.com\/index.php\/wp-json\/wp\/v2\/product"}],"about":[{"href":"https:\/\/dogan-otomotiv.com\/index.php\/wp-json\/wp\/v2\/types\/product"}],"replies":[{"embeddable":true,"href":"https:\/\/dogan-otomotiv.com\/index.php\/wp-json\/wp\/v2\/comments?post=6612"}],"wp:featuredmedia":[{"embeddable":true,"href":"https:\/\/dogan-otomotiv.com\/index.php\/wp-json\/wp\/v2\/media\/6613"}],"wp:attachment":[{"href":"https:\/\/dogan-otomotiv.com\/index.php\/wp-json\/wp\/v2\/media?parent=6612"}],"wp:term":[{"taxonomy":"product_cat","embeddable":true,"href":"https:\/\/dogan-otomotiv.com\/index.php\/wp-json\/wp\/v2\/product_cat?post=6612"},{"taxonomy":"product_tag","embeddable":true,"href":"https:\/\/dogan-otomotiv.com\/index.php\/wp-json\/wp\/v2\/product_tag?post=6612"}],"curies":[{"name":"wp","href":"https:\/\/api.w.org\/{rel}","templated":true}]}}