{"id":6518,"date":"2021-06-13T12:19:27","date_gmt":"2021-06-13T12:19:27","guid":{"rendered":"https:\/\/dogan-otomotiv.com\/?post_type=product&#038;p=6518"},"modified":"2024-03-21T14:22:00","modified_gmt":"2024-03-21T14:22:00","slug":"3c5953513al-sinyal-silecek-kolu-vw-passat-1997-2005-x-3c5953507","status":"publish","type":"product","link":"https:\/\/dogan-otomotiv.com\/index.php\/urun\/3c5953513al-sinyal-silecek-kolu-vw-passat-1997-2005-x-3c5953507\/","title":{"rendered":"3C5953513AL S\u0130NYAL S\u0130LECEK KOLU VW PASSAT 1997-2005 X \/3C5953507"},"content":{"rendered":"<p>3C5953513AL\/3C5953507 S\u0130NYAL S\u0130LECEK KOLU VW PASSAT 1997-2005 X<br \/>\n3C5953513AL\/3C5953507 S\u0130NYAL S\u0130LECEK KOLU VW PASSAT 1997-2005 X<\/p>\n<p>VW PASSAT CC -09; CC 2.0 TDI CBAB CC 2.0 TDI CBAB AUTOMAT 2WD 4DR <\/p>\n<p>VW Passat CC 2008-16.<\/p>\n<p>Tehlike! Ara\u00e7 kullan\u0131m\u0131 liste &#8230; sadece se\u00e7im yard\u0131m\u0131d\u0131r daha    VW    Passat CC    2011 \/ 01-2012 \/ 01    357    1.4 TSI \u00c7oklu Yak\u0131t    1390 cc, 118 KW, 160 PS<br \/>\nTehlike! Ara\u00e7 kullan\u0131m\u0131 liste &#8230; sadece se\u00e7im yard\u0131m\u0131d\u0131r daha    VW    Passat CC    2008 \/ 11-2010 \/ 05    357    1.8 TSI    1798 cc, 112 KW, 152 PS<br \/>\nTehlike! Ara\u00e7 kullan\u0131m\u0131 liste &#8230; sadece se\u00e7im yard\u0131m\u0131d\u0131r daha    VW    Passat CC    2008 \/ 06-2012 \/ 01    357    1.8 TSI    1798 cc, 118 KW, 160 PS<br \/>\nTehlike! Ara\u00e7 kullan\u0131m\u0131 liste &#8230; sadece se\u00e7im yard\u0131m\u0131d\u0131r daha    VW    Passat CC    2009 \/ 05-2010 \/ 11    357    2.0 BlueTDI    1968 cc, 105 KW, 143 PS<br \/>\nTehlike! Ara\u00e7 kullan\u0131m\u0131 liste &#8230; sadece se\u00e7im yard\u0131m\u0131d\u0131r daha    VW    Passat CC    2008 \/ 05-2011 \/ 05    357    2.0 TDI    1968 cc, 120 KW, 163 PS<br \/>\nTehlike! Ara\u00e7 kullan\u0131m\u0131 liste &#8230; sadece se\u00e7im yard\u0131m\u0131d\u0131r daha    VW    Passat CC    2008 \/ 06-2012 \/ 01    357    2.0 TDI    1968 cc, 103 KW, 140 PS<br \/>\nTehlike! Ara\u00e7 kullan\u0131m\u0131 liste &#8230; sadece se\u00e7im yard\u0131m\u0131d\u0131r daha    VW    Passat CC    2008 \/ 06-2012 \/ 01    357    2.0 TDI    1968 cc, 125 KW, 170 PS<br \/>\nTehlike! Ara\u00e7 kullan\u0131m\u0131 liste &#8230; sadece se\u00e7im yard\u0131m\u0131d\u0131r daha    VW    Passat CC    2008 \/ 06-2011 \/ 05    357    2.0 TDI    1968 cc, 100 KW, 136 PS<br \/>\nTehlike! Ara\u00e7 kullan\u0131m\u0131 liste &#8230; sadece se\u00e7im yard\u0131m\u0131d\u0131r daha    VW    Passat CC    2009 \/ 08-2012 \/ 01    357    2.0 TDI 4 hareket    1968 cc, 103 KW, 140 PS<br \/>\nTehlike! Ara\u00e7 kullan\u0131m\u0131 liste &#8230; sadece se\u00e7im yard\u0131m\u0131d\u0131r daha    VW    Passat CC    2009 \/ 11-2012 \/ 01    357    2.0 TDI 4 hareket    1968 cc, 125 KW, 170 PS<br \/>\nTehlike! Ara\u00e7 kullan\u0131m\u0131 liste &#8230; sadece se\u00e7im yard\u0131m\u0131d\u0131r daha    VW    Passat CC    2010 \/ 11-2012 \/ 01    357    2.0 TSI    1984 ccm, 155 KW, 211 PS<br \/>\nTehlike! Ara\u00e7 kullan\u0131m\u0131 liste &#8230; sadece se\u00e7im yard\u0131m\u0131d\u0131r daha    VW    Passat CC    2008 \/ 06-2012 \/ 01    357    2.0 TSI    1984 ccm, 147 KW, 200 PS<br \/>\nTehlike! Ara\u00e7 kullan\u0131m\u0131 liste &#8230; sadece se\u00e7im yard\u0131m\u0131d\u0131r daha    VW    Passat CC    2008 \/ 06-2012 \/ 01    357    3.6 FSI 4 hareket    3597 cc, 206 KW, 280 PS<br \/>\nTehlike! Ara\u00e7 kullan\u0131m\u0131 liste &#8230; sadece se\u00e7im yard\u0131m\u0131d\u0131r daha    VW    Passat CC    2008 \/ 06-2010 \/ 05    357    3.6 FSI 4 hareket    3597 cc, 220 KW, 300 PS<\/p>\n","protected":false},"excerpt":{"rendered":"<p>DO\u011eAN OTOMOT\u0130V YEDEK PAR\u00c7A<br \/>\nLTD \u015eT\u0130 \u0130VED\u0130K ORGAN\u0130ZE SAN 1471 SOKAK 91-A OST\u0130M ANKARA<br \/>\nSEM\u0130H SAVA\u015e\u00c7I (312) 395 20 95<br \/>\n0533 322 16 09<\/p>\n<p>MUSTAFA SAVA\u015e\u00c7I<br \/>\n0 (312) 395 20 95<br \/>\nIBAN NO: TR 54 0011 1000 0000 0098 3516 19<br \/>\nF\u0130NANSBANK ENPARA<br \/>\n\u015eUBE KODU: 03663<br \/>\nHESAP NO: 98351619<\/p>\n<p>Paket i\u00e7eri\u011fi: 1 Adet<br \/>\nSATI\u015e F\u0130YATI KDV DAH\u0130L pe\u015fin fiyat\u0131d\u0131r<\/p>\n<p>SAAT 18:00 KADAR VER\u0130LEN \u015e\u0130PAR\u0130\u015e AYNI G\u00dcN KARGO \u0130LE G\u00d6NDER\u0130M\u0130 YAPILIR.<br \/>\nKARGO \u0130ADES\u0130 DURUMUNDA<br \/>\nKARGO \u00dcCRET\u0130 M\u00dc\u015eTER\u0130YE A\u0130TT\u0130R. AYRICA KARGODA KIRILAN PAR\u00c7ALARDAN SORUMLU DEY\u0130L\u0130Z<\/p>\n","protected":false},"featured_media":6519,"comment_status":"open","ping_status":"closed","template":"","meta":{"_joinchat":[]},"product_cat":[15],"product_tag":[4701],"class_list":{"0":"post-6518","1":"product","2":"type-product","3":"status-publish","4":"has-post-thumbnail","6":"product_cat-volkswagen","7":"product_tag-3c5953513al-sinyal-silecek-kolu-vw-passat-1997-2005-x-3c5953507","9":"first","10":"instock","11":"sale","12":"shipping-taxable","13":"purchasable","14":"product-type-simple"},"_links":{"self":[{"href":"https:\/\/dogan-otomotiv.com\/index.php\/wp-json\/wp\/v2\/product\/6518","targetHints":{"allow":["GET"]}}],"collection":[{"href":"https:\/\/dogan-otomotiv.com\/index.php\/wp-json\/wp\/v2\/product"}],"about":[{"href":"https:\/\/dogan-otomotiv.com\/index.php\/wp-json\/wp\/v2\/types\/product"}],"replies":[{"embeddable":true,"href":"https:\/\/dogan-otomotiv.com\/index.php\/wp-json\/wp\/v2\/comments?post=6518"}],"wp:featuredmedia":[{"embeddable":true,"href":"https:\/\/dogan-otomotiv.com\/index.php\/wp-json\/wp\/v2\/media\/6519"}],"wp:attachment":[{"href":"https:\/\/dogan-otomotiv.com\/index.php\/wp-json\/wp\/v2\/media?parent=6518"}],"wp:term":[{"taxonomy":"product_cat","embeddable":true,"href":"https:\/\/dogan-otomotiv.com\/index.php\/wp-json\/wp\/v2\/product_cat?post=6518"},{"taxonomy":"product_tag","embeddable":true,"href":"https:\/\/dogan-otomotiv.com\/index.php\/wp-json\/wp\/v2\/product_tag?post=6518"}],"curies":[{"name":"wp","href":"https:\/\/api.w.org\/{rel}","templated":true}]}}