{"id":6447,"date":"2021-06-07T09:11:38","date_gmt":"2021-06-07T09:11:38","guid":{"rendered":"https:\/\/dogan-otomotiv.com\/?post_type=product&#038;p=6447"},"modified":"2023-06-07T06:09:08","modified_gmt":"2023-06-07T06:09:08","slug":"98mf-b-enjoktor-memesi-ford-fiesta-focus-16-benzinli-14","status":"publish","type":"product","link":"https:\/\/dogan-otomotiv.com\/index.php\/urun\/98mf-b-enjoktor-memesi-ford-fiesta-focus-16-benzinli-14\/","title":{"rendered":"98mf-b ENj\u00d6KT\u00d6R MEMES\u0130 FORD FIESTA FOCUS 1,6 benzinli 1,4"},"content":{"rendered":"<p>YAKIT ENj\u00d6KT\u00d6R MEMES\u0130 FORD FIESTA FOCUS 1,6 benzinli 1,4 1,6<\/p>\n<p>Ford fiesta, focus, fusion, b-max, c-max, s-max,mondeo 1.25-1.6L ZETEC,<br \/>\nMazda 2 1.4L &amp; 1.6L petrol engines.<\/p>\n<p>yak\u0131t enjekt\u00f6r\u00fc Ford Fiesta V 2001 ~ 2008 Fusion 2002 ~ 2012 1.4.<\/p>\n<p>FORD FIESTA FOCUS B C MAX FUSION MAZDA 2 00&gt; 1.25 1.4 1.6 FUEL INJECTOR ADET F\u0130YATI<\/p>\n","protected":false},"excerpt":{"rendered":"<p>DO\u011eAN OTOMOT\u0130V YEDEK PAR\u00c7A<br \/>\nLTD \u015eT\u0130 \u0130VED\u0130K ORGAN\u0130ZE SAN 1471 SOKAK 91-A OST\u0130M ANKARA<br \/>\nSEM\u0130H SAVA\u015e\u00c7I (312) 395 20 95<br \/>\n0533 322 16 09<\/p>\n<p>MUSTAFA SAVA\u015e\u00c7I<br \/>\n0 (312) 395 20 95<br \/>\nIBAN NO: TR 54 0011 1000 0000 0098 3516 19<br \/>\nF\u0130NANSBANK ENPARA<br \/>\n\u015eUBE KODU: 03663<br \/>\nHESAP NO: 98351619<\/p>\n<p>Paket i\u00e7eri\u011fi: 1 Adet<br \/>\nSATI\u015e F\u0130YATI KDV DAH\u0130L pe\u015fin fiyat\u0131d\u0131r<\/p>\n<p>SAAT 18:00 KADAR VER\u0130LEN \u015e\u0130PAR\u0130\u015e AYNI G\u00dcN KARGO \u0130LE G\u00d6NDER\u0130M\u0130 YAPILIR.<br \/>\nKARGO \u0130ADES\u0130 DURUMUNDA<br \/>\nKARGO \u00dcCRET\u0130 M\u00dc\u015eTER\u0130YE A\u0130TT\u0130R. AYRICA KARGODA KIRILAN PAR\u00c7ALARDAN SORUMLU DEY\u0130L\u0130Z<\/p>\n","protected":false},"featured_media":6450,"comment_status":"open","ping_status":"closed","template":"","meta":{"_joinchat":[]},"product_cat":[25],"product_tag":[4663,4664,4336,4667,4670,4669,4668,4662],"class_list":{"0":"post-6447","1":"product","2":"type-product","3":"status-publish","4":"has-post-thumbnail","6":"product_cat-ford","7":"product_tag-6-benzinli-1","8":"product_tag-6-ford-fiesta","9":"product_tag-b-max","10":"product_tag-c-max","11":"product_tag-mazda-2-1-4l-1-6l-petrol-engines-yakit-enjektoru-ford-fiesta-v-2001-2008-fusion-2002-2012-1-4-ford-fiesta-focus-b-c-max-fusion-mazda-2-00-1-25-1-4-1-6-fuel-injector-adet-fiyati","12":"product_tag-mondeo-1-25-1-6l-zetec","13":"product_tag-s-max","14":"product_tag-yakit-enjoktor-memesi-ford-fiesta-focus-1","16":"first","17":"instock","18":"sale","19":"shipping-taxable","20":"purchasable","21":"product-type-simple"},"_links":{"self":[{"href":"https:\/\/dogan-otomotiv.com\/index.php\/wp-json\/wp\/v2\/product\/6447","targetHints":{"allow":["GET"]}}],"collection":[{"href":"https:\/\/dogan-otomotiv.com\/index.php\/wp-json\/wp\/v2\/product"}],"about":[{"href":"https:\/\/dogan-otomotiv.com\/index.php\/wp-json\/wp\/v2\/types\/product"}],"replies":[{"embeddable":true,"href":"https:\/\/dogan-otomotiv.com\/index.php\/wp-json\/wp\/v2\/comments?post=6447"}],"wp:featuredmedia":[{"embeddable":true,"href":"https:\/\/dogan-otomotiv.com\/index.php\/wp-json\/wp\/v2\/media\/6450"}],"wp:attachment":[{"href":"https:\/\/dogan-otomotiv.com\/index.php\/wp-json\/wp\/v2\/media?parent=6447"}],"wp:term":[{"taxonomy":"product_cat","embeddable":true,"href":"https:\/\/dogan-otomotiv.com\/index.php\/wp-json\/wp\/v2\/product_cat?post=6447"},{"taxonomy":"product_tag","embeddable":true,"href":"https:\/\/dogan-otomotiv.com\/index.php\/wp-json\/wp\/v2\/product_tag?post=6447"}],"curies":[{"name":"wp","href":"https:\/\/api.w.org\/{rel}","templated":true}]}}