{"id":6393,"date":"2021-06-01T07:58:02","date_gmt":"2021-06-01T07:58:02","guid":{"rendered":"https:\/\/dogan-otomotiv.com\/?post_type=product&#038;p=6393"},"modified":"2024-09-13T13:28:26","modified_gmt":"2024-09-13T13:28:26","slug":"038906461chava-akis-metre-agr-19-tdi-b15vw-golf-passat-seat-2-el","status":"publish","type":"product","link":"https:\/\/dogan-otomotiv.com\/index.php\/urun\/038906461chava-akis-metre-agr-19-tdi-b15vw-golf-passat-seat-2-el\/","title":{"rendered":"038906461C&#8221;HAVA AKI\u015e METRE AGR 1,9 TDI (B15)VW GOLF PASSAT SEAT 2 EL"},"content":{"rendered":"<p>038906461C&#8221;HAVA AKI\u015e METRE AGR 1,9 TDI (B15)VW GOLF PASSAT SEAT 2 EL<br \/>\n38906461C\/0281002757 HAVA AKI\u015e METRE AGR 1,9 TDI (B15)<\/p>\n<p>AGR 1,9 TDI (B15)<\/p>\n<p>Marka\tModel\tKasa Tipi\tModel Y\u0131l\u0131\tMotor Tipi\tBeygir<br \/>\nAUDI\tA3\tHatchback\t1996 &#8211; 2001\t1.9 TDI\t66KW<br \/>\nAUDI\tA3\tHatchback\t1997 &#8211; 2001\t1.9 TDI\t81KW<br \/>\nAUDI\tA3\tHatchback\t2000 &#8211; 2003\t1.9 TDI\t74KW<br \/>\nAUDI\tA4\tSedan\t2001 &#8211; 2004\t1.9 TDI\t74KW<br \/>\nAUDI\tA4\tKombi\t2001 &#8211; 2004\t1.9 TDI\t74KW<br \/>\nSEAT\tALHAMBRA\tMPV\t1996 &#8211; 2000\t1.9 TDI\t81KW<br \/>\nSEAT\tALHAMBRA\tMPV\t1996 &#8211; 2010\t1.9 TDI\t66KW<br \/>\nSEAT\tALHAMBRA\tMPV\t2000 &#8211; 2010\t1.9 TDI\t85KW<br \/>\nSEAT\tALHAMBRA\tMPV\t2000 &#8211; 2010\t1.9 TDI 4motion\t85KW<br \/>\nSEAT\tIBIZA\tHatchback\t2002 &#8211; 2009\t1.9 TDI\t74KW<br \/>\nSEAT\tLEON\tHatchback\t1999 &#8211; 2006\t1.9 TDI\t66KW<br \/>\nSEAT\tLEON\tHatchback\t1999 &#8211; 2006\t1.9 TDI\t81KW<br \/>\nSEAT\tTOLEDO\tSedan\t1999 &#8211; 2006\t1.9 TDI\t66KW<br \/>\nSEAT\tTOLEDO\tSedan\t1999 &#8211; 2006\t1.9 TDI\t81KW<br \/>\nSKODA\tFABIA\tSedan\t2000 &#8211; 2007\t1.9 TDI\t74KW<br \/>\nSKODA\tFABIA\tKombi\t2000 &#8211; 2007\t1.9 TDI\t74KW<br \/>\nSKODA\tFABIA\tHatchback\t2000 &#8211; 2008\t1.9 TDI\t74KW<br \/>\nSKODA\tOCTAVIA\tHatchback\t1996 &#8211; 2010\t1.9 TDI\t66KW<br \/>\nSKODA\tOCTAVIA\tHatchback\t1997 &#8211; 2006\t1.9 TDI\t81KW<br \/>\nSKODA\tOCTAVIA\tKombi\t1998 &#8211; 2006\t1.9 TDI\t81KW<br \/>\nSKODA\tOCTAVIA\tKombi\t1998 &#8211; 2010\t1.9 TDI\t66KW<br \/>\nSKODA\tOCTAVIA\tKombi\t1999 &#8211; 2006\t1.9 TDI 4&#215;4\t66KW<br \/>\nVW\tBORA\tSedan\t1998 &#8211; 2001\t1.9 TDI\t66KW<br \/>\nVW\tBORA\tSedan\t1998 &#8211; 2001\t1.9 TDI\t81KW<br \/>\nVW\tBORA\tSedan\t1998 &#8211; 2001\t1.9 TDI\t85KW<br \/>\nVW\tBORA\tKombi\t1999 &#8211; 2001\t1.9 TDI\t81KW<br \/>\nVW\tBORA\tKombi\t1999 &#8211; 2001\t1.9 TDI\t85KW<br \/>\nVW\tBORA\tSedan\t2000 &#8211; 2005\t1.9 TDI\t74KW<br \/>\nVW\tBORA\tKombi\t2000 &#8211; 2005\t1.9 TDI\t74KW<br \/>\nVW\tBORA\tKombi\t2004 &#8211; 2005\t1.9 TDI\t66KW<br \/>\nVW\tBORA\tSedan\t1999 &#8211; 2001\t1.9 TDI 4motion\t66KW<br \/>\nVW\tBORA\tKombi\t1999 &#8211; 2001\t1.9 TDI 4motion\t85KW<br \/>\nVW\tBORA\tSedan\t1999 &#8211; 2001\t1.9 TDI 4motion\t85KW<br \/>\nVW\tBORA\tSedan\t2000 &#8211; 2005\t1.9 TDI 4motion\t74KW<br \/>\nVW\tBORA\tKombi\t2000 &#8211; 2005\t1.9 TDI 4motion\t74KW<br \/>\nVW\tCADDY\tKutu\t1996 &#8211; 2004\t1.9 TDI\t66KW<br \/>\nVW\tCADDY\tKombi\t1996 &#8211; 2004\t1.9 TDI\t66KW<br \/>\nVW\tGOLF\tHatchback\t1997 &#8211; 2004\t1.9 TDI\t66KW<br \/>\nVW\tGOLF\tHatchback\t1997 &#8211; 2004\t1.9 TDI\t81KW<br \/>\nVW\tGOLF\tHatchback\t1998 &#8211; 2001\t1.9 TDI\t85KW<br \/>\nVW\tGOLF\tKombi\t1999 &#8211; 2001\t1.9 TDI\t81KW<br \/>\nVW\tGOLF\tKombi\t1999 &#8211; 2001\t1.9 TDI\t85KW<br \/>\nVW\tGOLF\tKombi\t1999 &#8211; 2006\t1.9 TDI\t66KW<br \/>\nVW\tGOLF\tHatchback\t2000 &#8211; 2005\t1.9 TDI\t74KW<br \/>\nVW\tGOLF\tKombi\t2000 &#8211; 2006\t1.9 TDI\t74KW<br \/>\nVW\tGOLF\tHatchback\t1998 &#8211; 2002\t1.9 TDI 4motion\t66KW<br \/>\nVW\tGOLF\tHatchback\t1999 &#8211; 2001\t1.9 TDI 4motion\t85KW<br \/>\nVW\tGOLF\tKombi\t1999 &#8211; 2001\t1.9 TDI 4motion\t85KW<br \/>\nVW\tGOLF\tKombi\t1999 &#8211; 2002\t1.9 TDI 4motion\t66KW<br \/>\nVW\tGOLF\tHatchback\t2000 &#8211; 2005\t1.9 TDI 4motion\t74KW<br \/>\nVW\tGOLF\tKombi\t2000 &#8211; 2006\t1.9 TDI 4motion\t74KW<br \/>\nVW\tNEW BEETLE\tHatchback\t1998 &#8211; 2004\t1.9 TDI\t66KW<br \/>\nVW\tNEW BEETLE\tHatchback\t2001 &#8211; Sonras\u0131\t1.9 TDI\t74KW<br \/>\nVW\tPOLO\tHatchback\t2001 &#8211; 2005\t1.4 TDI\t55KW<br \/>\nVW\tPOLO\tKombi\t1997 &#8211; 2001\t1.9 TDI\t66KW<br \/>\nVW\tPOLO\tHatchback\t2001 &#8211; 2009\t1.9 TDI\t74KW<br \/>\nVW\tPOLO\tSedan\t1996 &#8211; 2001\t90 1.9 TDI\t66KW<br \/>\nVW\tSHARAN\tMPV\t1995 &#8211; 2010\t1.9 TDI\t66KW<br \/>\nVW\tSHARAN\tMPV\t1996 &#8211; 2000\t1.9 TDI\t81KW<br \/>\nVW\tSHARAN\tMPV\t2000 &#8211; 2010\t1.9 TDI\t85KW<br \/>\nVW\tSHARAN\tMPV\t2000 &#8211; 2010\t1.9 TDI 4motion<\/p>\n","protected":false},"excerpt":{"rendered":"<p>DO\u011eAN OTOMOT\u0130V YEDEK PAR\u00c7A<br \/>\nLTD \u015eT\u0130 \u0130VED\u0130K ORGAN\u0130ZE SAN 1471 SOKAK 91-A OST\u0130M ANKARA<br \/>\nSEM\u0130H SAVA\u015e\u00c7I (312) 395 20 95<br \/>\n0533 322 16 09<\/p>\n<p>MUSTAFA SAVA\u015e\u00c7I<br \/>\n0 (312) 395 20 95<br \/>\nIBAN NO: TR 54 0011 1000 0000 0098 3516 19<br \/>\nF\u0130NANSBANK ENPARA<br \/>\n\u015eUBE KODU: 03663<br \/>\nHESAP NO: 98351619<\/p>\n<p>Paket i\u00e7eri\u011fi: 1 Adet<br \/>\nSATI\u015e F\u0130YATI KDV DAH\u0130L pe\u015fin fiyat\u0131d\u0131r<\/p>\n<p>SAAT 18:00 KADAR VER\u0130LEN \u015e\u0130PAR\u0130\u015e AYNI G\u00dcN KARGO \u0130LE G\u00d6NDER\u0130M\u0130 YAPILIR.<br \/>\nKARGO \u0130ADES\u0130 DURUMUNDA<br \/>\nKARGO \u00dcCRET\u0130 M\u00dc\u015eTER\u0130YE A\u0130TT\u0130R. AYRICA KARGODA KIRILAN PAR\u00c7ALARDAN SORUMLU DEY\u0130L\u0130Z<\/p>\n","protected":false},"featured_media":6394,"comment_status":"open","ping_status":"closed","template":"","meta":{"_joinchat":[]},"product_cat":[15,24,19,20],"product_tag":[4639,4640],"class_list":{"0":"post-6393","1":"product","2":"type-product","3":"status-publish","4":"has-post-thumbnail","6":"product_cat-volkswagen","7":"product_cat-audi","8":"product_cat-seat","9":"product_cat-skoda","10":"product_tag-038906461chava-akis-metre-agr-1","11":"product_tag-9-tdi-b15vw-golf-passat-seat-2-el","13":"first","14":"instock","15":"sale","16":"shipping-taxable","17":"purchasable","18":"product-type-simple"},"_links":{"self":[{"href":"https:\/\/dogan-otomotiv.com\/index.php\/wp-json\/wp\/v2\/product\/6393","targetHints":{"allow":["GET"]}}],"collection":[{"href":"https:\/\/dogan-otomotiv.com\/index.php\/wp-json\/wp\/v2\/product"}],"about":[{"href":"https:\/\/dogan-otomotiv.com\/index.php\/wp-json\/wp\/v2\/types\/product"}],"replies":[{"embeddable":true,"href":"https:\/\/dogan-otomotiv.com\/index.php\/wp-json\/wp\/v2\/comments?post=6393"}],"wp:featuredmedia":[{"embeddable":true,"href":"https:\/\/dogan-otomotiv.com\/index.php\/wp-json\/wp\/v2\/media\/6394"}],"wp:attachment":[{"href":"https:\/\/dogan-otomotiv.com\/index.php\/wp-json\/wp\/v2\/media?parent=6393"}],"wp:term":[{"taxonomy":"product_cat","embeddable":true,"href":"https:\/\/dogan-otomotiv.com\/index.php\/wp-json\/wp\/v2\/product_cat?post=6393"},{"taxonomy":"product_tag","embeddable":true,"href":"https:\/\/dogan-otomotiv.com\/index.php\/wp-json\/wp\/v2\/product_tag?post=6393"}],"curies":[{"name":"wp","href":"https:\/\/api.w.org\/{rel}","templated":true}]}}