{"id":6344,"date":"2021-05-29T15:35:09","date_gmt":"2021-05-29T15:35:09","guid":{"rendered":"https:\/\/dogan-otomotiv.com\/?post_type=product&#038;p=6344"},"modified":"2021-05-29T15:35:20","modified_gmt":"2021-05-29T15:35:20","slug":"8670115-hava-akis-volvo-c70-i-cabrio-coupe-s60","status":"publish","type":"product","link":"https:\/\/dogan-otomotiv.com\/index.php\/urun\/8670115-hava-akis-volvo-c70-i-cabrio-coupe-s60\/","title":{"rendered":"8670115 Hava Ak\u0131\u015f VOLVO C70 I Cabrio Coupe S60"},"content":{"rendered":"<p>8670115 Hava Ak\u0131\u015f VOLVO C70 I Cabrio Coupe S60<br \/>\n8670115 Hava Ak\u0131\u015f VOLVO C70 I Cabrio Coupe S60<\/p>\n<p>VOLVO C70 I Convertible (873)    2.0    03-1998 &#8211; 10-2005    1984    132    180    B 5204 T2    Convertible<br \/>\nVOLVO C70 I Convertible (873)    2.0 T    03-2000 &#8211; 10-2005    1984    120    163    B 5204 T4    Convertible<br \/>\nVOLVO C70 I Convertible (873)    2.0 T    03-1998 &#8211; 10-2005    1984    166    226    B 5204 T3    Convertible<br \/>\nVOLVO C70 I Convertible (873)    2.3 T5    07-2002 &#8211; 10-2005    2319    180    245    B 5234 T9    Convertible<br \/>\nVOLVO C70 I Convertible (873)    2.3 T5    03-1998 &#8211; 10-2005    2319    176    239    B 5234 T3    Convertible<br \/>\nVOLVO C70 I Convertible (873)    2.4 T    07-2002 &#8211; 10-2005    2435    147    200    B 5244 T7    Convertible<br \/>\nVOLVO C70 I Convertible (873)    2.4 T    03-1998 &#8211; 10-2005    2435    142    193    B 5244 T; B 5254 T    Convertible<br \/>\nVOLVO C70 I Coupe (872)    2.0    03-1997 &#8211; 09-2002    1984    132    180    B 5204 T2    Coupe<br \/>\nVOLVO C70 I Coupe (872)    2.0 T    03-2000 &#8211; 09-2002    1984    120    163    B 5204 T4    Coupe<br \/>\nVOLVO C70 I Coupe (872)    2.0 T    03-1997 &#8211; 09-2002    1984    166    226    B 5204 T3    Coupe<br \/>\nVOLVO C70 I Coupe (872)    2.3 T-5    03-1997 &#8211; 09-2002    2319    176    240    B 5234 T3    Coupe<br \/>\nVOLVO C70 I Coupe (872)    2.4 T    03-1997 &#8211; 09-2002    2435    142    193    B 5244 T; B 5254 T    Coupe<br \/>\nVOLVO S60 I (384)    2.0 T    07-2000 &#8211; 04-2010    1984    132    180    B 5204 T5    Sedan<br \/>\nVOLVO S60 I (384)    2.3 T5    07-2000 &#8211; 09-2002    2319    195    265    B 5234 T7    Sedan<br \/>\nVOLVO S60 I (384)    2.4 D5    01-2001 &#8211; 04-2010    2401    120    163    D 5244 T    Sedan<br \/>\nVOLVO S60 I (384)    2.4 T    07-2000 &#8211; 04-2010    2435    147    200    B 5244 T3    Sedan<br \/>\nVOLVO S60 I (384)    2.4 T AWD    06-2001 &#8211; 04-2010    2435    147    200    B 5244 T3    Sedan<br \/>\nVOLVO S80 I (184)    2.0 T    12-1999 &#8211; 07-2006    1984    132    180    B 5204 T5    Sedan<br \/>\nVOLVO S80 I (184)    2.0 T    06-1998 &#8211; 07-2006    1984    166    226    B 5204 T3    Sedan<br \/>\nVOLVO S80 I (184)    2.4 D5    08-2001 &#8211; 07-2006    2401    120    163    D 5244 T    Sedan<br \/>\nVOLVO S80 I (184)    2.4 LTP    06-2004 &#8211; 07-2006    2435    132    179    B 5244 T4    Sedan<br \/>\nVOLVO S80 I (184)    2.4 T    06-2000 &#8211; 07-2006    2435    147    200    B 5244 T3    Sedan<br \/>\nVOLVO S80 I (184)    2.4 T5 AWD    04-2000 &#8211; 09-2003    2435    147    200    B 5244 T3    Sedan<br \/>\nVOLVO S80 I (184)    2.5 T    03-2003 &#8211; 07-2006    2521    154    210    B 5254 T2    Sedan<br \/>\nVOLVO S80 I (184)    2.5 T AWD    07-2003 &#8211; 07-2006    2521    154    210    B 5254 T2    Sedan<br \/>\nVOLVO S80 I (184)    2.5 TDI    01-1999 &#8211; 07-2006    2461    103    140    D 5252 T    Sedan<br \/>\nVOLVO V70 II (285)    2.0 T    11-1999 &#8211; 08-2007    1984    132    180    B 5204 T5    Wagon<br \/>\nVOLVO V70 II (285)    2.3    10-2000 &#8211; 09-2004    2319    195    265    B 5234 T7    Wagon<br \/>\nVOLVO V70 II (285)    2.3 AWD    10-2000 &#8211; 09-2004    2319    195    265    B 5234 T7; B 5234 T8    Wagon<br \/>\nVOLVO V70 II (285)    2.3 T5    11-1999 &#8211; 12-2004    2319    184    250    B 5234 T3    Wagon<br \/>\nVOLVO V70 II (285)    2.4 D    07-2001 &#8211; 08-2007    2401    96    131    D 5244 T2    Wagon<br \/>\nVOLVO V70 II (285)    2.4 D5    01-2001 &#8211; 12-2008    2401    120    163    D 5244 T    Wagon<br \/>\nVOLVO V70 II (285)    2.4 D5 AWD    07-2002 &#8211; 08-2007    2401    120    163    D 5244 T2; D 5244 T; D 5244 T5    Wagon<br \/>\nVOLVO V70 II (285)    2.4 T    11-1999 &#8211; 08-2003    2435    147    200    B 5244 T3    Wagon<br \/>\nVOLVO V70 II (285)    2.4 T AWD    09-2001 &#8211; 08-2002    2435    147    200    B 5244 T3    Wagon<br \/>\nVOLVO XC70 CROSS COUNTRY (295)    2.4 D5 XC AWD    09-2002 &#8211; 08-2007    2401    120    163    D 5244 T    Wagon<br \/>\nVOLVO XC70 CROSS COUNTRY (295)    2.4 T XC AWD    03-2000 &#8211; 09-2002    2435    147    200    B 5244 T3    Wagon<br \/>\nVOLVO XC70 CROSS COUNTRY (295)    2.4 T XC AWD    11-1997 &#8211; 09-2002    2435    142    193    B 5254 T    Wagon<br \/>\nVOLVO XC70 CROSS COUNTRY (295)    2.5 T XC AWD    09-2002 &#8211; 08-2007    2521    154    209    B 5254 T2    Wagon<br \/>\nVOLVO XC90 I (275)    2.5 T AWD    10-2012 &#8211; 09-2014    2497    154    209    B 5254 T9    SUV<br \/>\nVOLVO XC90 I (275)    2.5 T AWD    10-2002 &#8211; 09-2014    2521    154    209    B 5254 T2    SUV<br \/>\nVOLVO XC90 I (275)    D5 AWD    10-2002 &#8211; 12-2006    2401    120    163    D 5244 T; D 5244 T5    SUV<\/p>\n","protected":false},"excerpt":{"rendered":"<p>DO\u011eAN OTOMOT\u0130V YEDEK PAR\u00c7A<br \/>\nLTD \u015eT\u0130 \u0130VED\u0130K ORGAN\u0130ZE SAN 1471 SOKAK 91-A OST\u0130M ANKARA<br \/>\nSEM\u0130H SAVA\u015e\u00c7I (312) 395 20 95<br \/>\n0533 322 16 09<\/p>\n<p>MUSTAFA SAVA\u015e\u00c7I<br \/>\n0 (312) 395 20 95<br \/>\nIBAN NO: TR 54 0011 1000 0000 0098 3516 19<br \/>\nF\u0130NANSBANK ENPARA<br \/>\n\u015eUBE KODU: 03663<br \/>\nHESAP NO: 98351619<\/p>\n<p>Paket i\u00e7eri\u011fi: 1 Adet<br \/>\nSATI\u015e F\u0130YATI KDV DAH\u0130L pe\u015fin fiyat\u0131d\u0131r<\/p>\n<p>SAAT 18:00 KADAR VER\u0130LEN \u015e\u0130PAR\u0130\u015e AYNI G\u00dcN KARGO \u0130LE G\u00d6NDER\u0130M\u0130 YAPILIR.<br \/>\nKARGO \u0130ADES\u0130 DURUMUNDA<br \/>\nKARGO \u00dcCRET\u0130 M\u00dc\u015eTER\u0130YE A\u0130TT\u0130R. AYRICA KARGODA KIRILAN PAR\u00c7ALARDAN SORUMLU DEY\u0130L\u0130Z<\/p>\n","protected":false},"featured_media":6345,"comment_status":"open","ping_status":"closed","template":"","meta":{"_joinchat":[]},"product_cat":[15,157],"product_tag":[4612],"class_list":{"0":"post-6344","1":"product","2":"type-product","3":"status-publish","4":"has-post-thumbnail","6":"product_cat-volkswagen","7":"product_cat-volvo","8":"product_tag-8670115-hava-akis-volvo-c70-i-cabrio-coupe-s60","10":"first","11":"instock","12":"sale","13":"shipping-taxable","14":"purchasable","15":"product-type-simple"},"_links":{"self":[{"href":"https:\/\/dogan-otomotiv.com\/index.php\/wp-json\/wp\/v2\/product\/6344","targetHints":{"allow":["GET"]}}],"collection":[{"href":"https:\/\/dogan-otomotiv.com\/index.php\/wp-json\/wp\/v2\/product"}],"about":[{"href":"https:\/\/dogan-otomotiv.com\/index.php\/wp-json\/wp\/v2\/types\/product"}],"replies":[{"embeddable":true,"href":"https:\/\/dogan-otomotiv.com\/index.php\/wp-json\/wp\/v2\/comments?post=6344"}],"wp:featuredmedia":[{"embeddable":true,"href":"https:\/\/dogan-otomotiv.com\/index.php\/wp-json\/wp\/v2\/media\/6345"}],"wp:attachment":[{"href":"https:\/\/dogan-otomotiv.com\/index.php\/wp-json\/wp\/v2\/media?parent=6344"}],"wp:term":[{"taxonomy":"product_cat","embeddable":true,"href":"https:\/\/dogan-otomotiv.com\/index.php\/wp-json\/wp\/v2\/product_cat?post=6344"},{"taxonomy":"product_tag","embeddable":true,"href":"https:\/\/dogan-otomotiv.com\/index.php\/wp-json\/wp\/v2\/product_tag?post=6344"}],"curies":[{"name":"wp","href":"https:\/\/api.w.org\/{rel}","templated":true}]}}