{"id":6295,"date":"2021-05-28T08:39:25","date_gmt":"2021-05-28T08:39:25","guid":{"rendered":"https:\/\/dogan-otomotiv.com\/?post_type=product&#038;p=6295"},"modified":"2025-04-26T13:57:52","modified_gmt":"2025-04-26T13:57:52","slug":"321601139-bijon-vw-audi-mersedes-orj-yeni","status":"publish","type":"product","link":"https:\/\/dogan-otomotiv.com\/index.php\/urun\/321601139-bijon-vw-audi-mersedes-orj-yeni\/","title":{"rendered":"321601139 B\u0130JON VW AUD\u0130 MERSEDES ORJ YEN\u0130"},"content":{"rendered":"<p>321601139 B\u0130JON ORJ YEN\u0130 VW AUD\u0130 MERSEDES<\/p>\n<p>Orijinal yedek par\u00e7a numaras\u0131yla kar\u015f\u0131la\u015ft\u0131r\u0131labilir OEM referans numaralar\u0131<\/p>\n<p>OEN 321601139 &#8211; AUDI<br \/>\nOEN 823 601 139 \u2014 AUDI<br \/>\nOEN 000 990 45 07 \u2014 MERCEDES-BENZ<br \/>\nOEN 170401 01 70 &#8211; MERCEDES-BENZ<br \/>\nOEN 201401 02 70 &#8211; MERCEDES-BENZ<br \/>\nOEN 210401 02 70 &#8211; MERCEDES-BENZ<br \/>\nOEN A000 990 45 07 &#8211; MERCEDES-BENZ<br \/>\nOEN A170 401 01 70 \u2014 MERCEDES-BENZ<br \/>\nOEN A201 401 02 70 &#8211; MERCEDES-BENZ<br \/>\nOEN A210 401 02 70 &#8211; MERCEDES-BENZ<br \/>\nOEN 321 601 139 &#8211; VW<br \/>\nOEN 823 601139 &#8211; VW<\/p>\n<p>MERCEDES-BENZ<br \/>\nMERCEDES-BENZ \/ 8 (W114) Coupe (Yap\u0131m Y\u0131l\u0131 04.1969 &#8211; 02.1977, 130-185 PS, Petrol)<br \/>\nMERCEDES-BENZ \/ 8 (W114) Salon (Yap\u0131m Y\u0131l\u0131 01.1968 &#8211; 11.1976, 116-185 PS, Petrol)<br \/>\nMERCEDES-BENZ \/ 8 (W115) Salon (Yap\u0131m Y\u0131l\u0131 01.1968 &#8211; 01.1977, 55-110 PS, Dizel, Benzin)<br \/>\nMERCEDES-BENZ 190 (W201) (Yap\u0131m Y\u0131l\u0131 10.1982 &#8211; 08.1993, 72-235 PS, Dizel, Benzin)<br \/>\nMERCEDES-BENZ A S\u0131n\u0131f\u0131 (W168) (Yap\u0131m Y\u0131l\u0131 07.1997 &#8211; 08.2004, 60-140 PS, Dizel, Benzin)<br \/>\nMERCEDES-BENZ C-Class Coupe (CL203) (Yap\u0131m Y\u0131l\u0131 03.2001 &#8211; 05.2008, 122-272 PS, Dizel, Benzinli)<br \/>\nMERCEDES-BENZ C-Class Sedan (W202) (Yap\u0131m Y\u0131l\u0131 03.1993 &#8211; 05.2000, 75-306 PS, Dizel, Benzin)<br \/>\nMERCEDES-BENZ C-Class Sedan (W203) (Yap\u0131m Y\u0131l\u0131 05.2000 &#8211; 02.2007, 102-367 PS, Dizel, Benzin)<br \/>\nMERCEDES-BENZ C-Class T-modell (S202) (Yap\u0131m Y\u0131l\u0131 06.1996 &#8211; 03.2001, 75-306 PS, Dizel, Benzin)<br \/>\nMERCEDES-BENZ C-Serisi T-modeli (S203) (Yap\u0131m Y\u0131l\u0131 03.2001 &#8211; 08.2007, 102 &#8211; 367 PS, Dizel, Benzin)<br \/>\nMERCEDES-BENZ CLC (CL203) (Yap\u0131m Y\u0131l\u0131 05.2008 &#8211; 06.2011, 122-272 PS, Dizel, Benzinli)<br \/>\nMERCEDES-BENZ CLK Coupe (C208) (Yap\u0131m Y\u0131l\u0131 06.1997 &#8211; 06.2002, 136-218 PS, Petrol)<br \/>\nMERCEDES-BENZ CLK Convertible (A208) (Yap\u0131m Y\u0131l\u0131 03.1998 &#8211; 03.2002, 136-218 PS, Petrol)<br \/>\nMERCEDES-BENZ E-Serisi Cabrio (A124) (Yap\u0131m Y\u0131l\u0131 06.1993 &#8211; 03.1998, 136-150 PS, Petrol)<br \/>\nMERCEDES-BENZ E-Class Coupe (C124) (Yap\u0131m Y\u0131l\u0131 06.1993 &#8211; 06.1997, 136-150 PS, Petrol)<br \/>\nMERCEDES-BENZ E-Class Sedan (W124) (Yap\u0131m Y\u0131l\u0131 06.1993 &#8211; 06.1995, 75-381 PS, Dizel, Benzin)<br \/>\nMERCEDES-BENZ E-Class Sedan (W210) (Yap\u0131m Y\u0131l\u0131 06.1995 &#8211; 03.2002, 75-354 PS, Dizel, Benzin)<br \/>\nMERCEDES-BENZ E-Serisi T-modeli (S124) (Yap\u0131m Y\u0131l\u0131 06.1993 &#8211; 06.1996, 113 &#8211; 197 PS, Dizel, Benzin)<br \/>\nMERCEDES-BENZ E-Serisi T-modeli (S210) (Yap\u0131m Y\u0131l\u0131 06.1996 &#8211; 03.2003, 113 &#8211; 354 PS, Dizel, Benzin)<br \/>\nMERCEDES-BENZ Heckflosse (W110) (Yap\u0131m Y\u0131l\u0131 04.1961 &#8211; 02.1968, 54-120 PS, Dizel, Benzin)<br \/>\nMERCEDES-BENZ Heckflosse (W111, W112) (Yap\u0131m Y\u0131l\u0131 08.1959 &#8211; 01.1968, 95 &#8211; 120 PS, Benzin)<br \/>\nMERCEDES-BENZ Pagode Convertible (W113) (Yap\u0131m Y\u0131l\u0131 01.1963 &#8211; 03.1971, 150-170 PS, Petrol)<br \/>\nMERCEDES-BENZ S-Class Coupe (C126) (Yap\u0131m Y\u0131l\u0131 10.1981 &#8211; 06.1991, 204-300 PS, Petrol)<br \/>\nMERCEDES-BENZ S-Class Sedan (W108, W109) (Yap\u0131m Y\u0131l\u0131 01.1966 &#8211; 08.1972, 130-250 PS, Petrol)<br \/>\nMERCEDES-BENZ S-Class Sedan (W116) (Yap\u0131m Y\u0131l\u0131 08.1972 &#8211; 07.1980, 156-286 PS, Petrol)<br \/>\nMERCEDES-BENZ S-Class Sedan (W126) (Yap\u0131m Y\u0131l\u0131 10.1979 &#8211; 06.1991, 156-300 PS, Petrol)<br \/>\nMERCEDES-BENZ W123 Saloon (W123) (Yap\u0131m Y\u0131l\u0131 01.1976 &#8211; 12.1985, 55-185 PS, Dizel, Benzin)<br \/>\nMERCEDES-BENZ W124 Saloon (W124) (Yap\u0131m Y\u0131l\u0131 12.1984 &#8211; 06.1993, 72-326 PS, Dizel, Benzin)<br \/>\nMERCEDES-BENZ SL Cabrio (R107) (Yap\u0131m Y\u0131l\u0131 05.1971 &#8211; 08.1989, 177-245 PS, Petrol)<br \/>\nMERCEDES-BENZ SL Cabrio (R129) (Yap\u0131m Y\u0131l\u0131 03.1989 &#8211; 10.2001, 190-394 PS, Petrol)<br \/>\nMERCEDES-BENZ SL Coupe (C107) (Yap\u0131m Y\u0131l\u0131 01.1972 &#8211; 09.1981, 177 &#8211; 225 PS, Benzin)<br \/>\nMERCEDES-BENZ SLK (R170) (Yap\u0131m Y\u0131l\u0131 09.1996 &#8211; 04.2004, 136-354 PS, Petrol)<br \/>\nMERCEDES-BENZ T1 Minib\u00fcs (W601) (Yap\u0131m Y\u0131l\u0131 05.1977 &#8211; 02.1996, 65-79 PS, Dizel)<br \/>\nMERCEDES-BENZ Vaneo (W414) (Yap\u0131m Y\u0131l\u0131 02.2002 &#8211; 07.2005, 75-125 PS, Dizel, Benzin)<br \/>\nMERCEDES-BENZ W111 Coupe (W111) (Yap\u0131m Y\u0131l\u0131 01.1961 &#8211; 12.1971, 120-200 PS, Petrol)<br \/>\nMERCEDES-BENZ W123 Coupe (C123) (Yap\u0131m Y\u0131l\u0131 03.1977 &#8211; 12.1985, 109-185 PS, Dizel, Benzin)<br \/>\nMERCEDES-BENZ W123 Estate (S123) (Yap\u0131m Y\u0131l\u0131 09.1977 &#8211; 12.1985, 65 &#8211; 185 PS, Dizel, Benzin)<br \/>\nMERCEDES-BENZ W124 Coupe (C124) (Yap\u0131m Y\u0131l\u0131 03.1987 &#8211; 05.1993, 132 &#8211; 188 PS, Benzin)<br \/>\nMERCEDES-BENZ W124 Estate (S124) (Yap\u0131m Y\u0131l\u0131 09.1985 &#8211; 07.1993, 72-197 PS, Dizel, Benzin)<\/p>\n<p>VW Derby I (86) (Yap\u0131m Y\u0131l\u0131 02.1977 &#8211; 09.1981, 40 PS, Petrol)<br \/>\nVW Golf I Hatchback (17) (Yap\u0131m Y\u0131l\u0131 04.1974 &#8211; 02.1984, 50 &#8211; 112 PS, Dizel, Benzin)<br \/>\nVW Golf I Cabrio (155) (Yap\u0131m Y\u0131l\u0131 01.1979 &#8211; 11.1983, 70-110 PS, Petrol)<br \/>\nVW Jetta Mk1 (16) (Yap\u0131m Y\u0131l\u0131 08.1978 &#8211; 02.1984, 50 &#8211; 112 PS, Dizel, Benzin)<br \/>\nVW Passat B1 Hatchback (32) (Yap\u0131m Y\u0131l\u0131 05.1973 &#8211; 07.1980, 50-110 PS, Dizel, Benzin)<br \/>\nVW Passat B2 Hatchback (32B) (Yap\u0131m Y\u0131l\u0131 08.1980 &#8211; 03.1988, 60 &#8211; 85 PS, Petrol)<br \/>\nVW Passat B1 Estate (33) (Yap\u0131m Y\u0131l\u0131 05.1973 &#8211; 07.1980, 50 &#8211; 110 PS, Dizel, Benzin)<br \/>\nVW Passat B2 Varyant\u0131 (33B) (Yap\u0131m Y\u0131l\u0131 08.1980 &#8211; 03.1988, 54 &#8211; 85 PS, Dizel, Benzin)<br \/>\nVW Polo I Hatchback (86) (Yap\u0131m Y\u0131l\u0131 03.1975 &#8211; 09.1981, 34-60 PS, Petrol)<br \/>\nVW Polo II Hatchback (86C, 80) (Yap\u0131m Y\u0131l\u0131 08.1982 &#8211; 07.1988, 58 PS, Petrol)<br \/>\nVW Scirocco I (53) (Yap\u0131m Y\u0131l\u0131 02.1974 &#8211; 07.1980, 50 &#8211; 110 PS, Benzin)<br \/>\nVW Scirocco II (53B) (Yap\u0131m Y\u0131l\u0131 08.1980 &#8211; 12.1989, 60-112 PS, Petrol)<\/p>\n<p>AUDI 50 (86) (Yap\u0131m Y\u0131l\u0131 08.1974 &#8211; 07.1978, 50-60 PS, Petrol)<br \/>\nAUDI Coupe B2 (81, 85) (Yap\u0131m Y\u0131l\u0131 08.1980 &#8211; 10.1988, 90 &#8211; 131 PS, Benzin)<br \/>\nAUDI Quattro (85) (Yap\u0131m Y\u0131l\u0131 07.1980 &#8211; 07.1987, 200 PS, Benzin)<\/p>\n","protected":false},"excerpt":{"rendered":"<p>DO\u011eAN OTOMOT\u0130V YEDEK PAR\u00c7A<br \/>\nLTD \u015eT\u0130 \u0130VED\u0130K ORGAN\u0130ZE SAN 1471 SOKAK 91-A OST\u0130M ANKARA<br \/>\nSEM\u0130H SAVA\u015e\u00c7I (312) 395 20 95<br \/>\n0533 322 16 09<\/p>\n<p>MUSTAFA SAVA\u015e\u00c7I<br \/>\n0 (312) 395 20 95<br \/>\nIBAN NO: TR 54 0011 1000 0000 0098 3516 19<br \/>\nF\u0130NANSBANK ENPARA<br \/>\n\u015eUBE KODU: 03663<br \/>\nHESAP NO: 98351619<\/p>\n<p>Paket i\u00e7eri\u011fi: 1 Adet<br \/>\nSATI\u015e F\u0130YATI KDV DAH\u0130L   pe\u015fin  fiyat\u0131d\u0131r<\/p>\n<p>SAAT 18:00 KADAR VER\u0130LEN \u015e\u0130PAR\u0130\u015e AYNI G\u00dcN KARGO \u0130LE G\u00d6NDER\u0130M\u0130 YAPILIR.<br \/>\nKARGO \u0130ADES\u0130 DURUMUNDA<br \/>\nKARGO \u00dcCRET\u0130 M\u00dc\u015eTER\u0130YE A\u0130TT\u0130R. AYRICA KARGODA KIRILAN PAR\u00c7ALARDAN SORUMLU DEY\u0130L\u0130Z<\/p>\n","protected":false},"featured_media":6296,"comment_status":"open","ping_status":"closed","template":"","meta":{"_joinchat":[]},"product_cat":[15,24,23,19,20],"product_tag":[10650],"class_list":{"0":"post-6295","1":"product","2":"type-product","3":"status-publish","4":"has-post-thumbnail","6":"product_cat-volkswagen","7":"product_cat-audi","8":"product_cat-mercedes","9":"product_cat-seat","10":"product_cat-skoda","11":"product_tag-321601139-bijon-vw-audi-mersedes-orj-yeni","13":"first","14":"instock","15":"sale","16":"shipping-taxable","17":"purchasable","18":"product-type-simple"},"_links":{"self":[{"href":"https:\/\/dogan-otomotiv.com\/index.php\/wp-json\/wp\/v2\/product\/6295","targetHints":{"allow":["GET"]}}],"collection":[{"href":"https:\/\/dogan-otomotiv.com\/index.php\/wp-json\/wp\/v2\/product"}],"about":[{"href":"https:\/\/dogan-otomotiv.com\/index.php\/wp-json\/wp\/v2\/types\/product"}],"replies":[{"embeddable":true,"href":"https:\/\/dogan-otomotiv.com\/index.php\/wp-json\/wp\/v2\/comments?post=6295"}],"wp:featuredmedia":[{"embeddable":true,"href":"https:\/\/dogan-otomotiv.com\/index.php\/wp-json\/wp\/v2\/media\/6296"}],"wp:attachment":[{"href":"https:\/\/dogan-otomotiv.com\/index.php\/wp-json\/wp\/v2\/media?parent=6295"}],"wp:term":[{"taxonomy":"product_cat","embeddable":true,"href":"https:\/\/dogan-otomotiv.com\/index.php\/wp-json\/wp\/v2\/product_cat?post=6295"},{"taxonomy":"product_tag","embeddable":true,"href":"https:\/\/dogan-otomotiv.com\/index.php\/wp-json\/wp\/v2\/product_tag?post=6295"}],"curies":[{"name":"wp","href":"https:\/\/api.w.org\/{rel}","templated":true}]}}