{"id":5983,"date":"2021-04-29T11:56:08","date_gmt":"2021-04-29T11:56:08","guid":{"rendered":"https:\/\/dogan-otomotiv.com\/?post_type=product&#038;p=5983"},"modified":"2023-08-10T07:41:10","modified_gmt":"2023-08-10T07:41:10","slug":"8d0820193a-klima-tupu-passat-a4-a6","status":"publish","type":"product","link":"https:\/\/dogan-otomotiv.com\/index.php\/urun\/8d0820193a-klima-tupu-passat-a4-a6\/","title":{"rendered":"8D0820193A  Klima T\u00fcp\u00fc Passat &#8211; A4 &#8211; A6 &#8211;"},"content":{"rendered":"<p>8D0820193A Passat &#8211; A4 &#8211; A6 Klima T\u00fcp\u00fc &#8211;<br \/>\n8D0820193A Passat &#8211; A4 &#8211; A6 Klima T\u00fcp\u00fc &#8211;<\/p>\n<p>AHL, ADP, ANA, ARM    VW    Passat    1996\/10-2000\/11    3B2    1.6    1595 ccm, 74 KW, 101 PS<br \/>\nADR, APT, ARG    VW    Passat    1996\/10-2000\/11    3B2    1.8    1781 ccm, 92 KW, 125 PS<br \/>\nADR, APT, ARG    VW    Passat    1996\/10-2000\/11    3B2    1.8 Syncro\/4motion    1781 ccm, 92 KW, 125 PS<br \/>\nAEB, ANB, APU    VW    Passat    1996\/10-2000\/11    3B2    1.8 T    1781 ccm, 110 KW, 150 PS<br \/>\nAHU, AHH    VW    Passat    1996\/10-2000\/11    3B2    1.9 TDI    1896 ccm, 66 KW, 90 PS<br \/>\nAVG, AFN    VW    Passat    1996\/10-2000\/11    3B2    1.9 TDI    1896 ccm, 81 KW, 110 PS<br \/>\nAVG, AFN    VW    Passat    1996\/10-2000\/11    3B2    1.9 TDI Syncro\/4motion    1896 ccm, 81 KW, 110 PS<br \/>\nASU, AUZ    VW    Passat    2000\/04-2000\/11    3B2    2.0    1984 ccm, 88 KW, 120 PS<br \/>\nAGZ    VW    Passat    1996\/10-2000\/11    3B2    2.3 VR5    2324 ccm, 110 KW, 150 PS<br \/>\nAGZ    VW    Passat    1997\/10-2000\/11    3B2    2.3 VR5 Syncro\/4motion    2324 ccm, 110 KW, 150 PS<br \/>\nASU    VW    Passat    2000\/04-2000\/11    3B2    2.0 4motion    1984 ccm, 88 KW, 120 PS<br \/>\nAGE    VW    Passat    1997\/05-1999\/09    3B2    2.8 V6    2771 ccm, 132 KW, 180 PS<br \/>\nACK, APR, AQD, AHA    VW    Passat    1996\/08-2000\/11    3B2    2.8 V6    2771 ccm, 142 KW, 193 PS<br \/>\nACK, ALG, APR, AQD, AHA    VW    Passat    1996\/10-2000\/11    3B2    2.8 V6 Syncro\/4motion    2771 ccm, 142 KW, 193 PS<br \/>\nAWT, AWL    VW    Passat    2000\/11-2005\/05    3B3    1.8 T 20V    1781 ccm, 110 KW, 150 PS<br \/>\nAMX, ATQ    VW    Passat    2000\/11-2005\/05    3B3    2.8 4motion    2771 ccm, 142 KW, 193 PS<br \/>\nAHL, ANA, ARM, ADP    VW    Passat Variant    1997\/06-2000\/11    3B5    1.6    1595 ccm, 74 KW, 101 PS<br \/>\nADR, APT, ARG    VW    Passat Variant    1997\/06-2000\/11    3B5    1.8    1781 ccm, 92 KW, 125 PS<br \/>\nADR, APT, ARG    VW    Passat Variant    1997\/06-2000\/11    3B5    1.8 Syncro\/4motion    1781 ccm, 92 KW, 125 PS<br \/>\nAEB, ANB, APU    VW    Passat Variant    1997\/05-2000\/11    3B5    1.8 T    1781 ccm, 110 KW,<\/p>\n","protected":false},"excerpt":{"rendered":"<p> numaras\u0131n\u0131 orijinal olanla kar\u015f\u0131la\u015ft\u0131r\u0131n!)<\/p>\n<p>NOT SATI\u015e F\u0130YATLARI TEMS\u0130L\u0130D\u0130R<\/p>\n<p>DO\u011eAN OTOMOT\u0130V YEDEK PAR\u00c7A<\/p>\n<p>LTD \u015eT\u0130 \u0130VED\u0130K ORGAN\u0130ZE SAN 1471 SOK 91-A OST\u0130M ANKARA<\/p>\n<p>SEM\u0130H SAVA\u015e\u00c7I<\/p>\n<p>0 (312) 395 20 95<\/p>\n<p>0533 322 16 09<\/p>\n<p>SEM\u0130H SAVA\u015eCI<\/p>\n<p>IBAN NO: TR56 0011 1000 0000 0088 9009 70<\/p>\n<p>F\u0130NANSBANK ENPARA<\/p>\n<p>\u015eUBE KODU: 03663<\/p>\n<p>HESAP NO: 88900970<\/p>\n<p>KARGO \u0130ADES\u0130 DURUMUNDA<\/p>\n<p>KARGO \u00dcCRET\u0130 M\u00dc\u015eTER\u0130YE A\u0130TT\u0130R.<\/p>\n<p>\u015e\u0130PAR\u0130\u015eLER HAKKINDA<\/p>\n<p>L\u00dcTFEN \u015e\u0130PAR\u0130\u015e VERMEK \u0130STED\u0130\u011e\u0130N\u0130Z \u00dcR\u00dcN\u00dcN STOK DURUMUNU SORUNUZ.<\/p>\n<p>T\u00dcRK\u0130YEN\u0130N T\u00dcM \u015eEH\u0130RLER\u0130NE ANLA\u015eMALI KARGOLARIMIZ \u0130LE G\u00d6NDER\u0130M YAPILIR.<\/p>\n<p>SAAT 17:00 KADAR VER\u0130LEN \u015e\u0130PAR\u0130\u015eLER AYNI G\u00dcN KARGO \u0130LE G\u00d6NDER\u0130M\u0130 YAPILIR.<\/p>\n<p>\u00c7IKMA PAR\u00c7A F\u0130YATLARI PAR\u00c7ANIN TEM\u0130ZL\u0130\u011e\u0130NE VE TAM\u0130RS\u0130ZL\u0130\u011e\u0130NE G\u00d6RE DE\u011e\u0130\u015eKENL\u0130K G\u00d6STER\u0130R.<\/p>\n<p>D\u0130\u011eER PAR\u00c7ALAR VE F\u0130YAT B\u0130LG\u0130S\u0130 \u0130\u00c7\u0130N \u0130LET\u0130\u015eME GE\u00c7EB\u0130L\u0130RS\u0130N\u0130Z<\/p>\n","protected":false},"featured_media":5984,"comment_status":"open","ping_status":"closed","template":"","meta":{"_joinchat":[]},"product_cat":[15,24,19,20],"product_tag":[9951],"class_list":{"0":"post-5983","1":"product","2":"type-product","3":"status-publish","4":"has-post-thumbnail","6":"product_cat-volkswagen","7":"product_cat-audi","8":"product_cat-seat","9":"product_cat-skoda","10":"product_tag-8d0820193a-klima-tupu-passat-a4-a6","12":"first","13":"instock","14":"sale","15":"shipping-taxable","16":"purchasable","17":"product-type-simple"},"_links":{"self":[{"href":"https:\/\/dogan-otomotiv.com\/index.php\/wp-json\/wp\/v2\/product\/5983","targetHints":{"allow":["GET"]}}],"collection":[{"href":"https:\/\/dogan-otomotiv.com\/index.php\/wp-json\/wp\/v2\/product"}],"about":[{"href":"https:\/\/dogan-otomotiv.com\/index.php\/wp-json\/wp\/v2\/types\/product"}],"replies":[{"embeddable":true,"href":"https:\/\/dogan-otomotiv.com\/index.php\/wp-json\/wp\/v2\/comments?post=5983"}],"wp:featuredmedia":[{"embeddable":true,"href":"https:\/\/dogan-otomotiv.com\/index.php\/wp-json\/wp\/v2\/media\/5984"}],"wp:attachment":[{"href":"https:\/\/dogan-otomotiv.com\/index.php\/wp-json\/wp\/v2\/media?parent=5983"}],"wp:term":[{"taxonomy":"product_cat","embeddable":true,"href":"https:\/\/dogan-otomotiv.com\/index.php\/wp-json\/wp\/v2\/product_cat?post=5983"},{"taxonomy":"product_tag","embeddable":true,"href":"https:\/\/dogan-otomotiv.com\/index.php\/wp-json\/wp\/v2\/product_tag?post=5983"}],"curies":[{"name":"wp","href":"https:\/\/api.w.org\/{rel}","templated":true}]}}