{"id":5493,"date":"2020-11-12T13:20:06","date_gmt":"2020-11-12T13:20:06","guid":{"rendered":"https:\/\/dogan-otomotiv.com\/?post_type=product&#038;p=5493"},"modified":"2025-03-10T10:06:12","modified_gmt":"2025-03-10T10:06:12","slug":"028903018e-alternator-vw-passat-1997-2000-audi-a4-1995-2001","status":"publish","type":"product","link":"https:\/\/dogan-otomotiv.com\/index.php\/urun\/028903018e-alternator-vw-passat-1997-2000-audi-a4-1995-2001\/","title":{"rendered":"028903018E ALTERNAT\u00d6R VW PASSAT 1997-2000 AUDI A4 1995-2001"},"content":{"rendered":"<p>028903018E ALTERNAT\u00d6R VW PASSAT 1997-2000 AUDI A4 1995-2001<br \/>\nAudi 80 1991\/09-1994\/12 8C, B4 1.9 TD 1896 ccm, 55 KW, 75 PS<br \/>\nAudi 80 1991\/09-1994\/12 8C, B4 1.9 TDI 1896 ccm, 66 KW, 90 PS<br \/>\nAudi 80 Avant 1991\/09-1994\/12 8C, B4 1.9 TD 1896 ccm, 55 KW, 75 PS<br \/>\nAudi 80 Avant 1992\/07-1996\/01 8C, B4 1.9 TDI 1896 ccm, 66 KW, 90 PS<br \/>\nAudi A4 1994\/11-2000\/10 8D2, B5 1.6 1595 ccm, 74 KW, 100 PS<br \/>\nAudi A4 1994\/11-2000\/11 8D2, B5 1.8 1781 ccm, 92 KW, 125 PS<br \/>\nAudi A4 1997\/12-2000\/11 8D2, B5 1.8 T 1781 ccm, 132 KW, 180 PS<br \/>\nAudi A4 1995\/01-2000\/11 8D2, B5 1.8 T 1781 ccm, 110 KW, 150 PS<br \/>\nAudi A4 1997\/12-2000\/11 8D2, B5 1.8 T quattro 1781 ccm, 132 KW, 180 PS<br \/>\nAudi A4 1995\/01-2000\/11 8D2, B5 1.8 T quattro 1781 ccm, 110 KW, 150 PS<br \/>\nAudi A4 1995\/01-2000\/11 8D2, B5 1.8 quattro 1781 ccm, 92 KW, 125 PS<br \/>\nAudi A4 1995\/01-2000\/11 8D2, B5 1.9 TDI 1896 ccm, 66 KW, 90 PS<br \/>\nAudi A4 Avant 1994\/11-2001\/09 8D5, B5 1.6 1595 ccm, 74 KW, 100 PS<br \/>\nAudi A4 Avant 1996\/02-2001\/09 8D5, B5 1.8 1781 ccm, 92 KW, 125 PS<br \/>\nAudi A4 Avant 1997\/12-2001\/09 8D5, B5 1.8 T 1781 ccm, 132 KW, 180 PS<br \/>\nAudi A4 Avant 1996\/03-2001\/09 8D5, B5 1.8 T 1781 ccm, 110 KW, 150 PS<br \/>\nAudi A4 Avant 1997\/12-2001\/09 8D5, B5 1.8 T quattro 1781 ccm, 132 KW, 180 PS<br \/>\nAudi A4 Avant 1996\/01-2001\/09 8D5, B5 1.8 T quattro 1781 ccm, 110 KW, 150 PS<br \/>\nAudi A4 Avant 1996\/01-2001\/09 8D5, B5 1.8 quattro 1781 ccm, 92 KW, 125 PS<br \/>\nAudi A6 1995\/12-1997\/10 4A, C4 1.8 1781 ccm, 92 KW, 125 PS<br \/>\nAudi A6 1995\/12-1997\/10 4A, C4 1.8 quattro 1781 ccm, 92 KW, 125 PS<br \/>\nAudi A6 1994\/06-1997\/10 4A, C4 1.9 TDI 1896 ccm, 66 KW, 90 PS<br \/>\nAudi A6 1997\/07-2005\/01 4B, C5 1.8 1781 ccm, 92 KW, 125 PS<br \/>\nAudi A6 1997\/12-2005\/01 4B, C5 1.8 T 1781 ccm, 132 KW, 180 PS<br \/>\nAudi A6 1997\/01-2005\/01 4B, C5 1.8 T 1781 ccm, 110 KW, 150 PS<br \/>\nAudi A6 1997\/12-2005\/01 4B, C5 1.8 T quattro 1781 ccm, 132 KW, 180 PS<br \/>\nAudi A6 1997\/02-2005\/01 4B, C5 1.8 T quattro 1781 ccm, 110 KW, 150 PS<br \/>\nAudi A6 Avant 1995\/12-1997\/12 4A, C4 1.8 1781 ccm, 92 KW, 125 PS<br \/>\nAudi A6 Avant 1995\/12-1997\/12 4A, C4 1.8 quattro 1781 ccm, 92 KW, 125 PS<br \/>\nAudi A6 Avant 1994\/06-1997\/12 4A, C4 1.9 TDI 1896 ccm, 66 KW, 90 PS<br \/>\nAudi A6 Avant 1997\/12-2005\/01 4B, C5 1.8 1781 ccm, 92 KW, 125 PS<br \/>\nAudi A6 Avant 1999\/04-2005\/01 4B, C5 1.8 T 1781 ccm, 132 KW, 180 PS<br \/>\nAudi A6 Avant 1997\/12-2005\/01 4B, C5 1.8 T 1781 ccm, 110 KW, 150 PS<br \/>\nAudi A6 Avant 1997\/12-2005\/01 4B, C5 1.8 T quattro 1781 ccm, 132 KW, 180 PS<br \/>\nAudi A6 Avant 1997\/12-2005\/01 4B, C5 1.8 T quattro 1781 ccm, 110 KW, 150 PS<br \/>\nAudi Cabriolet 1995\/06-2000\/08 8G7, B4 1.9 TDI 1896 ccm, 66 KW, 90 PS<br \/>\nVW Passat 1996\/03-1996\/08 3A2, 35I 1.9 TDI 1896 ccm, 81 KW, 110 PS<br \/>\nVW Passat 1996\/10-2000\/11 3B2 2.3 VR5 2324 ccm, 110 KW, 150 PS<br \/>\nVW Passat 1997\/10-2000\/11 3B2 2.3 VR5 Syncro\/4motion 2324 ccm, 110 KW, 150 PS<br \/>\nVW Passat 1996\/10-2000\/11 3B2 2.8 V6 Syncro\/4motion 2771 ccm, 142 KW, 193 PS<br \/>\nW Passat Variant 1996\/03-1997\/05 3A5, 35I 1.9 TDI 1896 ccm, 81 KW, 110 PS<br \/>\nVW Passat Variant 1997\/06-2000\/11 3B5 2.3 VR5 2324 ccm, 110 KW, 150 PS<br \/>\nVW Passat Variant 1997\/10-2000\/11 3B5 2.3 VR5 Syncro\/4motion 2324 ccm, 110 KW, 150 PS<br \/>\nVW Polo Stufenheck 2002\/09-2012\/04 9A4 1.9 SDI 1896 ccm, 47 KW, 64 PS<br \/>\nVW Transporter IV Bus 1990\/09-2003\/04 70XB, 70XC, 7DB, 7DW 2.0 1968 ccm, 62 KW, 84 PS<br \/>\nVW Transporter IV Bus 1990\/11-2003\/04 70XB, 70XC, 7DB, 7DW 2.5 2461 ccm, 81 KW, 110 PS<br \/>\nVW Transporter IV Kasten 1990\/07-2003\/04 70XA 2.0 1968 ccm, 62 KW, 84 PS<br \/>\nVW Transporter IV Kasten 1990\/11-2003\/04 70XA 2.5 2461 ccm, 81 KW, 110 PS<br \/>\nVW Transporter IV Pritsche\/Fahrgestell 1990\/07-2003\/04 70XD 2.0 1968 ccm, 62 KW, 84 PS<br \/>\nVW Transporter IV Pritsche\/Fahrgestell 1990\/11-2003\/04 70XD 2.5 2461 ccm, 81 KW, 110 PS<\/p>\n","protected":false},"excerpt":{"rendered":"<p>DO\u011eAN OTOMOT\u0130V YEDEK PAR\u00c7A<\/p>\n<p>LTD \u015eT\u0130 \u0130VED\u0130K ORGAN\u0130ZE SAN 1471 SOK 91-A OST\u0130M ANKARA<\/p>\n<p>SEM\u0130H SAVA\u015e\u00c7I<\/p>\n<p>0 (312) 395 20 95<\/p>\n<p>0533 322 16 09<\/p>\n<p>SEM\u0130H SAVA\u015eCI<\/p>\n<p>IBAN NO: TR56 0011 1000 0000 0088 9009 70<\/p>\n<p>F\u0130NANSBANK ENPARA<\/p>\n<p>\u015eUBE KODU: 03663<\/p>\n<p>HESAP NO: 88900970<\/p>\n<p>KARGO \u0130ADES\u0130 DURUMUNDA<\/p>\n<p>KARGO \u00dcCRET\u0130 M\u00dc\u015eTER\u0130YE A\u0130TT\u0130R.<\/p>\n<p>\u015e\u0130PAR\u0130\u015eLER HAKKINDA<\/p>\n<p>L\u00dcTFEN \u015e\u0130PAR\u0130\u015e VERMEK \u0130STED\u0130\u011e\u0130N\u0130Z \u00dcR\u00dcN\u00dcN STOK DURUMUNU SORUNUZ.<\/p>\n<p>T\u00dcRK\u0130YEN\u0130N T\u00dcM \u015eEH\u0130RLER\u0130NE ANLA\u015eMALI KARGOLARIMIZ \u0130LE G\u00d6NDER\u0130M YAPILIR.<\/p>\n<p>SAAT 17:00 KADAR VER\u0130LEN \u015e\u0130PAR\u0130\u015eLER AYNI G\u00dcN KARGO \u0130LE G\u00d6NDER\u0130M\u0130 YAPILIR.<\/p>\n<p>\u00c7IKMA PAR\u00c7A F\u0130YATLARI PAR\u00c7ANIN TEM\u0130ZL\u0130\u011e\u0130NE VE TAM\u0130RS\u0130ZL\u0130\u011e\u0130NE G\u00d6RE DE\u011e\u0130\u015eKENL\u0130K G\u00d6STER\u0130R.<\/p>\n<p>D\u0130\u011eER PAR\u00c7ALAR VE F\u0130YAT B\u0130LG\u0130S\u0130 \u0130\u00c7\u0130N \u0130LET\u0130\u015eME GE\u00c7EB\u0130L\u0130RS\u0130N\u0130Z<\/p>\n<p>&nbsp;<\/p>\n<p>&nbsp;<\/p>\n<p>&nbsp;<\/p>\n","protected":false},"featured_media":14814,"comment_status":"open","ping_status":"closed","template":"","meta":{"_joinchat":[]},"product_cat":[15,24,19,20],"product_tag":[4219],"class_list":{"0":"post-5493","1":"product","2":"type-product","3":"status-publish","4":"has-post-thumbnail","6":"product_cat-volkswagen","7":"product_cat-audi","8":"product_cat-seat","9":"product_cat-skoda","10":"product_tag-028903018e-alternator-vw-passat-1997-2000-audi-a4-1995-2001","12":"first","13":"instock","14":"sale","15":"shipping-taxable","16":"purchasable","17":"product-type-simple"},"_links":{"self":[{"href":"https:\/\/dogan-otomotiv.com\/index.php\/wp-json\/wp\/v2\/product\/5493","targetHints":{"allow":["GET"]}}],"collection":[{"href":"https:\/\/dogan-otomotiv.com\/index.php\/wp-json\/wp\/v2\/product"}],"about":[{"href":"https:\/\/dogan-otomotiv.com\/index.php\/wp-json\/wp\/v2\/types\/product"}],"replies":[{"embeddable":true,"href":"https:\/\/dogan-otomotiv.com\/index.php\/wp-json\/wp\/v2\/comments?post=5493"}],"wp:featuredmedia":[{"embeddable":true,"href":"https:\/\/dogan-otomotiv.com\/index.php\/wp-json\/wp\/v2\/media\/14814"}],"wp:attachment":[{"href":"https:\/\/dogan-otomotiv.com\/index.php\/wp-json\/wp\/v2\/media?parent=5493"}],"wp:term":[{"taxonomy":"product_cat","embeddable":true,"href":"https:\/\/dogan-otomotiv.com\/index.php\/wp-json\/wp\/v2\/product_cat?post=5493"},{"taxonomy":"product_tag","embeddable":true,"href":"https:\/\/dogan-otomotiv.com\/index.php\/wp-json\/wp\/v2\/product_tag?post=5493"}],"curies":[{"name":"wp","href":"https:\/\/api.w.org\/{rel}","templated":true}]}}