{"id":462,"date":"2020-02-25T17:09:44","date_gmt":"2020-02-25T17:09:44","guid":{"rendered":"https:\/\/dogan-otomotiv.com\/?post_type=product&#038;p=462"},"modified":"2021-08-10T14:51:15","modified_gmt":"2021-08-10T14:51:15","slug":"turbo-hortumu-volvo-c30-s40-ford-focus-ii-a10","status":"publish","type":"product","link":"https:\/\/dogan-otomotiv.com\/index.php\/urun\/turbo-hortumu-volvo-c30-s40-ford-focus-ii-a10\/","title":{"rendered":"76895577 Turbo Hortumu Volvo C30 S40 Ford Focus II (A10)"},"content":{"rendered":"<p>Turbo Hortumu Volvo C30 S40 Ford Focus II (A10)<\/p>\n<p>76895577<\/p>\n","protected":false},"excerpt":{"rendered":"<p>DO\u011eAN OTOMOT\u0130V YEDEK PAR\u00c7A<\/p>\n<p>SEM\u0130H SAVA\u015e\u00c7I<\/p>\n<p>0 (312) 395 20 95<\/p>\n<p><span style=\"vertical-align: inherit\"><span style=\"vertical-align: inherit\">IBAN NO: TR56 0011 1000 0000 0088 9009 70<\/span><\/span><\/p>\n<p>F\u0130NANSBANK ENPARA<\/p>\n<p>\u015eUBE KODU: 03663<\/p>\n<p>HESAP NO: 88900970<\/p>\n","protected":false},"featured_media":463,"comment_status":"open","ping_status":"closed","template":"","meta":{"_joinchat":[]},"product_cat":[25,157],"product_tag":[158,159],"class_list":{"0":"post-462","1":"product","2":"type-product","3":"status-publish","4":"has-post-thumbnail","6":"product_cat-ford","7":"product_cat-volvo","8":"product_tag-focus-ii","9":"product_tag-volvo-c30-s40","11":"first","12":"instock","13":"sale","14":"shipping-taxable","15":"purchasable","16":"product-type-simple"},"_links":{"self":[{"href":"https:\/\/dogan-otomotiv.com\/index.php\/wp-json\/wp\/v2\/product\/462","targetHints":{"allow":["GET"]}}],"collection":[{"href":"https:\/\/dogan-otomotiv.com\/index.php\/wp-json\/wp\/v2\/product"}],"about":[{"href":"https:\/\/dogan-otomotiv.com\/index.php\/wp-json\/wp\/v2\/types\/product"}],"replies":[{"embeddable":true,"href":"https:\/\/dogan-otomotiv.com\/index.php\/wp-json\/wp\/v2\/comments?post=462"}],"wp:featuredmedia":[{"embeddable":true,"href":"https:\/\/dogan-otomotiv.com\/index.php\/wp-json\/wp\/v2\/media\/463"}],"wp:attachment":[{"href":"https:\/\/dogan-otomotiv.com\/index.php\/wp-json\/wp\/v2\/media?parent=462"}],"wp:term":[{"taxonomy":"product_cat","embeddable":true,"href":"https:\/\/dogan-otomotiv.com\/index.php\/wp-json\/wp\/v2\/product_cat?post=462"},{"taxonomy":"product_tag","embeddable":true,"href":"https:\/\/dogan-otomotiv.com\/index.php\/wp-json\/wp\/v2\/product_tag?post=462"}],"curies":[{"name":"wp","href":"https:\/\/api.w.org\/{rel}","templated":true}]}}