{"id":4318,"date":"2020-08-07T16:39:33","date_gmt":"2020-08-07T16:39:33","guid":{"rendered":"https:\/\/dogan-otomotiv.com\/?post_type=product&#038;p=4318"},"modified":"2022-04-28T09:30:19","modified_gmt":"2022-04-28T09:30:19","slug":"5n0199262e-motor-kulagi-vw-tiguan-2008-2011-20-tdi-orj-cikma","status":"publish","type":"product","link":"https:\/\/dogan-otomotiv.com\/index.php\/urun\/5n0199262e-motor-kulagi-vw-tiguan-2008-2011-20-tdi-orj-cikma\/","title":{"rendered":"5N0199262E MOTOR KULAGI VW TIGUAN 2008 2011 2,0 TD\u0130 ORJ \u00c7IKMA"},"content":{"rendered":"<p>5N0199262E&#8221; MOTOR&#8221;KULAGI&#8221; VW &#8220;TIGUAN&#8221; 2008&#8243;-2011&#8243; 2,0 TD\u0130<br \/>\nMotor Kula\u011f\u0131 Sa\u011f 5N0199262F 5N0199262E 5N0199262G Tiguan<\/p>\n<p>AUDI Q3 (8UB, 8UG) (Yap\u0131m Y\u0131l\u0131 06.2011 &#8211; 10.2018, 136 &#8211; 177 PS, Dizel)<br \/>\n2.0 TDI, Yap\u0131m Y\u0131l\u0131 09.2011 &#8211; 10.2018, 1968 ccm, 136 PS<br \/>\n2.0 TDI, Yap\u0131m Y\u0131l\u0131 09.2011 &#8211; 10.2018, 1968 ccm, 140 PS<br \/>\n2.0 TDI, Yap\u0131m Y\u0131l\u0131 05.2013 &#8211; 04.2015, 1968 ccm, 177 PS<br \/>\n2.0 TDI quattro, Yap\u0131m Y\u0131l\u0131 01.2012 &#8211; 10.2018, 1968 ccm, 140 PS<br \/>\n2.0 TDI quattro, Yap\u0131m Y\u0131l\u0131 06.2011 &#8211; 04.2015, 1968 ccm, 163 PS<br \/>\n2.0 TDI quattro, Yap\u0131m Y\u0131l\u0131 06.2011 &#8211; 10.2018, 1968 ccm, 177 PS<\/p>\n<p>VW Tiguan I (5N) (Yap\u0131m Y\u0131l\u0131 09.2007 &#8211; 07.2018, 110 &#8211; 184 PS, Dizel)<br \/>\n2.0 TDI, Yap\u0131m Y\u0131l\u0131 05.2010 &#8211; 07.2018, 1968 ccm, 110 PS<br \/>\n2.0 TDI, Yap\u0131m Y\u0131l\u0131 03.2008 &#8211; 07.2018, 1968 ccm, 140 PS<br \/>\n2.0 TDI, Yap\u0131m Y\u0131l\u0131 05.2015 &#8211; 07.2018, 1968 ccm, 150 PS<br \/>\n2.0 TDI 4motion, Yap\u0131m Y\u0131l\u0131 11.2007 &#8211; 07.2018, 1968 ccm, 136 PS<br \/>\n2.0 TDI 4motion, Yap\u0131m Y\u0131l\u0131 09.2007 &#8211; 07.2018, 1968 ccm, 140 PS<br \/>\n2.0 TDI 4motion, Yap\u0131m Y\u0131l\u0131 05.2015 &#8211; 07.2018, 1968 ccm, 150 PS<br \/>\n2.0 TDI 4motion, Yap\u0131m Y\u0131l\u0131 02.2008 &#8211; 08.2009, 1968 ccm, 163 PS<br \/>\n2.0 TDI 4motion, Yap\u0131m Y\u0131l\u0131 09.2007 &#8211; 07.2018, 1968 ccm, 170 PS<br \/>\n2.0 TDI 4motion, Yap\u0131m Y\u0131l\u0131 11.2012 &#8211; 07.2018, 1968 ccm, 177 PS<br \/>\n2.0 TDI 4motion, Yap\u0131m Y\u0131l\u0131 05.2015 &#8211; 07.2018, 1968 ccm, 184 PS<\/p>\n","protected":false},"excerpt":{"rendered":"<p>DO\u011eAN OTOMOT\u0130V YEDEK PAR\u00c7A<\/p>\n<p>LTD \u015eT\u0130<\/p>\n<p>\u0130VED\u0130K ORGAN\u0130ZE SANAY\u0130 1471 SOK 91-A<\/p>\n<p>OST\u0130M ANKARA<\/p>\n<p> SEM\u0130H SAVA\u015e\u00c7I<br \/>\n0 (312) 395 20 95&#8212; 0533 322 16 09<\/p>\n<p>IBAN NO: TR56 0011 1000 0000 0088 9009 70<\/p>\n<p>F\u0130NANSBANK ENPARA<\/p>\n<p>\u015eUBE KODU: 03663<\/p>\n<p>HESAP NO: 88900970<\/p>\n<p>KARGO \u0130ADES\u0130 DURUMUNDA<\/p>\n<p>KARGO \u00dcCRET\u0130 M\u00dc\u015eTER\u0130YE A\u0130TT\u0130R.<\/p>\n<p>TOPLU S\u0130PAR\u0130\u015eLER\u0130N\u0130Z \u0130\u00c7\u0130N: doganotoyedekparcavw@gmail.com<\/p>\n<p>https:\/\/doganotomotivyedekparca.sahibinden.com\/<\/p>\n","protected":false},"featured_media":4320,"comment_status":"open","ping_status":"closed","template":"","meta":{"_joinchat":[]},"product_cat":[15,24,19,20],"product_tag":[3679,192,6978,7430],"class_list":{"0":"post-4318","1":"product","2":"type-product","3":"status-publish","4":"has-post-thumbnail","6":"product_cat-volkswagen","7":"product_cat-audi","8":"product_cat-seat","9":"product_cat-skoda","10":"product_tag-5n0199262e","11":"product_tag-0-tdi","12":"product_tag-0-tdi-orj-cikma","13":"product_tag-5n0199262e-motor-kulagi-vw-tiguan-2008-2011-2","15":"first","16":"instock","17":"sale","18":"shipping-taxable","19":"purchasable","20":"product-type-simple"},"_links":{"self":[{"href":"https:\/\/dogan-otomotiv.com\/index.php\/wp-json\/wp\/v2\/product\/4318","targetHints":{"allow":["GET"]}}],"collection":[{"href":"https:\/\/dogan-otomotiv.com\/index.php\/wp-json\/wp\/v2\/product"}],"about":[{"href":"https:\/\/dogan-otomotiv.com\/index.php\/wp-json\/wp\/v2\/types\/product"}],"replies":[{"embeddable":true,"href":"https:\/\/dogan-otomotiv.com\/index.php\/wp-json\/wp\/v2\/comments?post=4318"}],"wp:featuredmedia":[{"embeddable":true,"href":"https:\/\/dogan-otomotiv.com\/index.php\/wp-json\/wp\/v2\/media\/4320"}],"wp:attachment":[{"href":"https:\/\/dogan-otomotiv.com\/index.php\/wp-json\/wp\/v2\/media?parent=4318"}],"wp:term":[{"taxonomy":"product_cat","embeddable":true,"href":"https:\/\/dogan-otomotiv.com\/index.php\/wp-json\/wp\/v2\/product_cat?post=4318"},{"taxonomy":"product_tag","embeddable":true,"href":"https:\/\/dogan-otomotiv.com\/index.php\/wp-json\/wp\/v2\/product_tag?post=4318"}],"curies":[{"name":"wp","href":"https:\/\/api.w.org\/{rel}","templated":true}]}}