{"id":3880,"date":"2020-07-23T05:18:31","date_gmt":"2020-07-23T05:18:31","guid":{"rendered":"https:\/\/dogan-otomotiv.com\/?post_type=product&#038;p=3880"},"modified":"2025-04-17T07:57:19","modified_gmt":"2025-04-17T07:57:19","slug":"8p0945096-sitop-lanbasi-a3-sag-2003-sonrasi-orj-yeni","status":"publish","type":"product","link":"https:\/\/dogan-otomotiv.com\/index.php\/urun\/8p0945096-sitop-lanbasi-a3-sag-2003-sonrasi-orj-yeni\/","title":{"rendered":"8P0945096 S\u0130TOP LANBASI A3 SA\u011e 2003 SONRASI ORJ YEN\u0130"},"content":{"rendered":"<p>8P0945096 AUD\u0130 STOP A3<\/p>\n<p>Audi\tA3\t2003\/05-2012\/08\t8P1\t1.6\t1595 ccm, 75 KW, 102 PS<br \/>\n \tAudi\tA3\t2003\/08-2007\/09\t8P1\t1.6 FSI\t1598 ccm, 85 KW, 115 PS<br \/>\nBaujahr bis: 06\/2008\tAudi\tA3\t2006\/11-2012\/08\t8P1\t1.8 TFSI\t1798 ccm, 118 KW, 160 PS<br \/>\n \tAudi\tA3\t2003\/05-2010\/05\t8P1\t1.9 TDI\t1896 ccm, 77 KW, 105 PS<br \/>\n \tAudi\tA3\t2003\/05-2008\/06\t8P1\t2.0 FSI\t1984 ccm, 110 KW, 150 PS<br \/>\nBaujahr bis: 06\/2008\tAudi\tA3\t2003\/05-2012\/08\t8P1\t2.0 TDI\t1968 ccm, 100 KW, 136 PS<br \/>\n \tAudi\tA3\t2005\/06-2008\/06\t8P1\t2.0 TDI\t1968 ccm, 103 KW, 140 PS<br \/>\nBaujahr bis: 06\/2008\tAudi\tA3\t2006\/03-2012\/08\t8P1\t2.0 TDI\t1968 ccm, 125 KW, 170 PS<br \/>\n \tAudi\tA3\t2006\/06-2008\/06\t8P1\t2.0 TDI\t1968 ccm, 120 KW, 163 PS<br \/>\n \tAudi\tA3\t2003\/05-2012\/08\t8P1\t2.0 TDI 16V\t1968 ccm, 103 KW, 140 PS<br \/>\nBaujahr bis: 06\/2008\tAudi\tA3\t2004\/08-2012\/08\t8P1\t2.0 TDI 16V quattro\t1968 ccm, 103 KW, 140 PS<br \/>\n \tAudi\tA3\t2003\/05-2008\/06\t8P1\t2.0 TDI quattro\t1968 ccm, 100 KW, 136 PS<br \/>\n \tAudi\tA3\t2006\/01-2008\/06\t8P1\t2.0 TDI quattro\t1968 ccm, 103 KW, 140 PS<br \/>\nBaujahr bis: 06\/2008\tAudi\tA3\t2006\/03-2012\/08\t8P1\t2.0 TDI quattro\t1968 ccm, 125 KW, 170 PS<br \/>\nBaujahr bis: 06\/2008\tAudi\tA3\t2004\/09-2012\/08\t8P1\t2.0 TFSI\t1984 ccm, 147 KW, 200 PS<br \/>\nBaujahr bis: 06\/2008\tAudi\tA3\t2004\/09-2012\/08\t8P1\t2.0 TFSI quattro\t1984 ccm, 147 KW, 200 PS<br \/>\nBaujahr bis: 06\/2008\tAudi\tA3\t2003\/07-2009\/05\t8P1\t3.2 V6 quattro\t3189 ccm, 184 KW, 250 PS<br \/>\nBaujahr bis: 06\/2008\tAudi\tA3 Sportback\t2004\/09-2009\/05\t8PA\t3.2 V6 quattro\t3189 ccm, 184 KW, 250 PS<\/p>\n","protected":false},"excerpt":{"rendered":"<p>DO\u011eAN OTOMOT\u0130V YEDEK PAR\u00c7A<\/p>\n<p>SEM\u0130H SAVA\u015e\u00c7I<\/p>\n<p>0 (312) 395 20 95<\/p>\n<p>IBAN NO: TR56 0011 1000 0000 0088 9009 70  <\/p>\n<p>F\u0130NANSBANK ENPARA<\/p>\n<p>\u015eUBE KODU: 03663<\/p>\n<p>HESAP NO: 88900970<\/p>\n<p>KARGO \u0130ADES\u0130 DURUMUNDA<\/p>\n<p>KARGO \u00dcCRET\u0130 M\u00dc\u015eTER\u0130YE A\u0130TT\u0130R.<\/p>\n<p>TOPLU S\u0130PAR\u0130\u015eLER\u0130N\u0130Z \u0130\u00c7\u0130N: doganotoyedekparcavw@gmail.com<\/p>\n<p>https:\/\/doganotomotivyedekparca.sahibinden.com\/<\/p>\n","protected":false},"featured_media":11611,"comment_status":"open","ping_status":"closed","template":"","meta":{"_joinchat":[]},"product_cat":[24],"product_tag":[8209],"class_list":{"0":"post-3880","1":"product","2":"type-product","3":"status-publish","4":"has-post-thumbnail","6":"product_cat-audi","7":"product_tag-8p0945096-sitop-lanbasi-a3-sag-2003-sonrasi-orj-yeni","9":"first","10":"instock","11":"sale","12":"shipping-taxable","13":"purchasable","14":"product-type-simple"},"_links":{"self":[{"href":"https:\/\/dogan-otomotiv.com\/index.php\/wp-json\/wp\/v2\/product\/3880","targetHints":{"allow":["GET"]}}],"collection":[{"href":"https:\/\/dogan-otomotiv.com\/index.php\/wp-json\/wp\/v2\/product"}],"about":[{"href":"https:\/\/dogan-otomotiv.com\/index.php\/wp-json\/wp\/v2\/types\/product"}],"replies":[{"embeddable":true,"href":"https:\/\/dogan-otomotiv.com\/index.php\/wp-json\/wp\/v2\/comments?post=3880"}],"wp:featuredmedia":[{"embeddable":true,"href":"https:\/\/dogan-otomotiv.com\/index.php\/wp-json\/wp\/v2\/media\/11611"}],"wp:attachment":[{"href":"https:\/\/dogan-otomotiv.com\/index.php\/wp-json\/wp\/v2\/media?parent=3880"}],"wp:term":[{"taxonomy":"product_cat","embeddable":true,"href":"https:\/\/dogan-otomotiv.com\/index.php\/wp-json\/wp\/v2\/product_cat?post=3880"},{"taxonomy":"product_tag","embeddable":true,"href":"https:\/\/dogan-otomotiv.com\/index.php\/wp-json\/wp\/v2\/product_tag?post=3880"}],"curies":[{"name":"wp","href":"https:\/\/api.w.org\/{rel}","templated":true}]}}