{"id":3479,"date":"2020-07-12T12:33:15","date_gmt":"2020-07-12T12:33:15","guid":{"rendered":"https:\/\/dogan-otomotiv.com\/?post_type=product&#038;p=3479"},"modified":"2020-07-12T12:33:16","modified_gmt":"2020-07-12T12:33:16","slug":"0ah911287a-mars-otomatigi-vw-golf-04-15","status":"publish","type":"product","link":"https:\/\/dogan-otomotiv.com\/index.php\/urun\/0ah911287a-mars-otomatigi-vw-golf-04-15\/","title":{"rendered":"0AH911287A  MAR\u015e OTOMAT\u0130\u011e\u0130  VW GOLF 04-15"},"content":{"rendered":"<p>0AH911287A SELONO\u0130D ANAHTARI MAR\u015e MOTORU \u0130\u00c7\u0130N VW GOLF 04-15<br \/>\nSELONO\u0130D ANAHTARI MAR\u015e MOTORU \u0130\u00c7\u0130N VW CADDY 04-15 GOLF <\/p>\n<p>03-14 PASSAT 06-12 POLO 05-14 T5 03-15 <\/p>\n<p>D48VW PASSAT Variant Station (SW), AUDI TT Coupe, <\/p>\n<p>AUDI TT Roadster, VW NEW BEETLE, VW GOLF Hatchback, <\/p>\n<p>AUDI A3 Hatchback (3 Kap\u0131), VW TOURAN, VW CADDY Panelvan, <\/p>\n<p>VW CADDY Koltuklu, SEAT ALTEA, SKODA OCTAVIA Hatchback, <\/p>\n<p>AUDI A3 Sportback (5 Kap\u0131), SKODA OCTAVIA Combi SW, <\/p>\n<p>SEAT TOLEDO MPV, VW GOLF PLUS Hatchback.<\/p>\n","protected":false},"excerpt":{"rendered":"<p>DO\u011eAN OTOMOT\u0130V YEDEK PAR\u00c7A<\/p>\n<p>SEM\u0130H SAVA\u015e\u00c7I<\/p>\n<p>0 (312) 395 20 95<\/p>\n<p>IBAN NO: TR56 0011 1000 0000 0088 9009 70  <\/p>\n<p>F\u0130NANSBANK ENPARA<\/p>\n<p>\u015eUBE KODU: 03663<\/p>\n<p>HESAP NO: 88900970<\/p>\n<p>KARGO \u0130ADES\u0130 DURUMUNDA<\/p>\n<p>KARGO \u00dcCRET\u0130 M\u00dc\u015eTER\u0130YE A\u0130TT\u0130R.<\/p>\n<p>TOPLU S\u0130PAR\u0130\u015eLER\u0130N\u0130Z \u0130\u00c7\u0130N: doganotoyedekparcavw@gmail.com<\/p>\n<p>https:\/\/doganotomotivyedekparca.sahibinden.com\/<\/p>\n","protected":false},"featured_media":3480,"comment_status":"open","ping_status":"closed","template":"","meta":{"_joinchat":[]},"product_cat":[15,24,19,20],"product_tag":[2982,2983,2981],"class_list":{"0":"post-3479","1":"product","2":"type-product","3":"status-publish","4":"has-post-thumbnail","6":"product_cat-volkswagen","7":"product_cat-audi","8":"product_cat-seat","9":"product_cat-skoda","10":"product_tag-0ah911287a","11":"product_tag-0ah911287a-mars-otomatigi-vw-golf-04-15","12":"product_tag-0ah911287a-selonoid-anahtari-mars-motoru-icin-vw-golf-04-15","14":"first","15":"instock","16":"sale","17":"shipping-taxable","18":"purchasable","19":"product-type-simple"},"_links":{"self":[{"href":"https:\/\/dogan-otomotiv.com\/index.php\/wp-json\/wp\/v2\/product\/3479","targetHints":{"allow":["GET"]}}],"collection":[{"href":"https:\/\/dogan-otomotiv.com\/index.php\/wp-json\/wp\/v2\/product"}],"about":[{"href":"https:\/\/dogan-otomotiv.com\/index.php\/wp-json\/wp\/v2\/types\/product"}],"replies":[{"embeddable":true,"href":"https:\/\/dogan-otomotiv.com\/index.php\/wp-json\/wp\/v2\/comments?post=3479"}],"wp:featuredmedia":[{"embeddable":true,"href":"https:\/\/dogan-otomotiv.com\/index.php\/wp-json\/wp\/v2\/media\/3480"}],"wp:attachment":[{"href":"https:\/\/dogan-otomotiv.com\/index.php\/wp-json\/wp\/v2\/media?parent=3479"}],"wp:term":[{"taxonomy":"product_cat","embeddable":true,"href":"https:\/\/dogan-otomotiv.com\/index.php\/wp-json\/wp\/v2\/product_cat?post=3479"},{"taxonomy":"product_tag","embeddable":true,"href":"https:\/\/dogan-otomotiv.com\/index.php\/wp-json\/wp\/v2\/product_tag?post=3479"}],"curies":[{"name":"wp","href":"https:\/\/api.w.org\/{rel}","templated":true}]}}