{"id":3343,"date":"2020-07-10T14:16:13","date_gmt":"2020-07-10T14:16:13","guid":{"rendered":"https:\/\/dogan-otomotiv.com\/?post_type=product&#038;p=3343"},"modified":"2022-01-10T14:25:43","modified_gmt":"2022-01-10T14:25:43","slug":"04e906455ac-oem-eksantrik-mili-kumanda-valfi-vw-audi-skoda-d6","status":"publish","type":"product","link":"https:\/\/dogan-otomotiv.com\/index.php\/urun\/04e906455ac-oem-eksantrik-mili-kumanda-valfi-vw-audi-skoda-d6\/","title":{"rendered":"04E906455AC  OEM Eksantrik Mili Kumanda Valfi VW AUD\u0130 SKODA D6"},"content":{"rendered":"<p>04E906455AC  OEM Eksantrik Mili Kumanda Valfi VW AUD\u0130 SKODA D6<\/p>\n<p>DO\u011eAN OTOMOT\u0130V YEDEK PAR\u00c7A<br \/>\nSEM\u0130H SAVA\u015e\u00c7I<br \/>\n\u0130VED\u0130K ORGAN\u0130ZE 1471 SOK 91-A ANKARA<br \/>\n0 (312) 395 20 95<br \/>\nIBAN NO: TR56 0011 1000 0000 0088 9009 70<br \/>\nF\u0130NANSBANK ENPARA\u015eUBE KODU: 03663<\/p>\n<p>HESAP NO: 88900970<\/p>\n","protected":false},"excerpt":{"rendered":"<p>O\u011eAN OTOMOT\u0130V YEDEK PAR\u00c7A<br \/>\nSEM\u0130H SAVA\u015e\u00c7I<br \/>\n\u0130VED\u0130K ORGAN\u0130ZE 1471 SOK 91-A ANKARA<br \/>\n0 (312) 395 20 95<br \/>\nIBAN NO: TR56 0011 1000 0000 0088 9009 70<br \/>\nF\u0130NANSBANK ENPARA\u015eUBE KODU: 03663<\/p>\n<p>HESAP NO: 88900970<\/p>\n","protected":false},"featured_media":3344,"comment_status":"open","ping_status":"closed","template":"","meta":{"_joinchat":[]},"product_cat":[15,24,19,20],"product_tag":[2888,2887],"class_list":{"0":"post-3343","1":"product","2":"type-product","3":"status-publish","4":"has-post-thumbnail","6":"product_cat-volkswagen","7":"product_cat-audi","8":"product_cat-seat","9":"product_cat-skoda","10":"product_tag-04e906455ac","11":"product_tag-04e906455ac-oem-eksantrik-mili-kumanda-valfi-vw-audi-skoda-d6","13":"first","14":"instock","15":"sale","16":"shipping-taxable","17":"purchasable","18":"product-type-simple"},"_links":{"self":[{"href":"https:\/\/dogan-otomotiv.com\/index.php\/wp-json\/wp\/v2\/product\/3343","targetHints":{"allow":["GET"]}}],"collection":[{"href":"https:\/\/dogan-otomotiv.com\/index.php\/wp-json\/wp\/v2\/product"}],"about":[{"href":"https:\/\/dogan-otomotiv.com\/index.php\/wp-json\/wp\/v2\/types\/product"}],"replies":[{"embeddable":true,"href":"https:\/\/dogan-otomotiv.com\/index.php\/wp-json\/wp\/v2\/comments?post=3343"}],"wp:featuredmedia":[{"embeddable":true,"href":"https:\/\/dogan-otomotiv.com\/index.php\/wp-json\/wp\/v2\/media\/3344"}],"wp:attachment":[{"href":"https:\/\/dogan-otomotiv.com\/index.php\/wp-json\/wp\/v2\/media?parent=3343"}],"wp:term":[{"taxonomy":"product_cat","embeddable":true,"href":"https:\/\/dogan-otomotiv.com\/index.php\/wp-json\/wp\/v2\/product_cat?post=3343"},{"taxonomy":"product_tag","embeddable":true,"href":"https:\/\/dogan-otomotiv.com\/index.php\/wp-json\/wp\/v2\/product_tag?post=3343"}],"curies":[{"name":"wp","href":"https:\/\/api.w.org\/{rel}","templated":true}]}}