{"id":3313,"date":"2020-07-02T15:11:35","date_gmt":"2020-07-02T15:11:35","guid":{"rendered":"https:\/\/dogan-otomotiv.com\/?post_type=product&#038;p=3313"},"modified":"2022-07-28T09:16:50","modified_gmt":"2022-07-28T09:16:50","slug":"silindir-kapagi-vw-audi-3-0-tdi-v6-2004-2010-0594b-059-4b-059-4-b","status":"publish","type":"product","link":"https:\/\/dogan-otomotiv.com\/index.php\/urun\/silindir-kapagi-vw-audi-3-0-tdi-v6-2004-2010-0594b-059-4b-059-4-b\/","title":{"rendered":"S\u0130L\u0130ND\u0130R KAPA\u011eI VW AUDI 3.0 TDI V6 2004-2010 0594B 059 4B 059 4 B"},"content":{"rendered":"<p>S\u0130L\u0130ND\u0130R KAPA\u011eI VW AUDI 3.0 TDI V6 2004-2010 0594B 0594B0594B<\/p>\n","protected":false},"excerpt":{"rendered":"<p>DO\u011eAN OTOMOT\u0130V YEDEK PAR\u00c7A<\/p>\n<p>SEM\u0130H SAVA\u015e\u00c7I<\/p>\n<p>0 (312) 395 20 95<\/p>\n<p>IBAN NO: TR56 0011 1000 0000 0088 9009 70 <\/p>\n<p>F\u0130NANSBANK ENPARA<\/p>\n<p>\u015eUBE KODU: 03663<\/p>\n<p>HESAP NO: 88900970<\/p>\n<p>KARGO \u0130ADES\u0130 DURUMUNDA<\/p>\n<p>KARGO \u00dcCRET\u0130 M\u00dc\u015eTER\u0130YE A\u0130TT\u0130R.<\/p>\n<p>TOPLU S\u0130PAR\u0130\u015eLER\u0130N\u0130Z \u0130\u00c7\u0130N: doganotoyedekparcavw@gmail.com<\/p>\n","protected":false},"featured_media":3314,"comment_status":"open","ping_status":"closed","template":"","meta":{"_joinchat":[]},"product_cat":[24],"product_tag":[2864,2863,2862],"class_list":{"0":"post-3313","1":"product","2":"type-product","3":"status-publish","4":"has-post-thumbnail","6":"product_cat-audi","7":"product_tag-0594b","8":"product_tag-0594b0594b","9":"product_tag-silindir-kapagi-vw-audi-3-0-tdi-v6-2004-2010-0594b-059-4b-059-4-b","11":"first","12":"instock","13":"sale","14":"shipping-taxable","15":"purchasable","16":"product-type-simple"},"_links":{"self":[{"href":"https:\/\/dogan-otomotiv.com\/index.php\/wp-json\/wp\/v2\/product\/3313","targetHints":{"allow":["GET"]}}],"collection":[{"href":"https:\/\/dogan-otomotiv.com\/index.php\/wp-json\/wp\/v2\/product"}],"about":[{"href":"https:\/\/dogan-otomotiv.com\/index.php\/wp-json\/wp\/v2\/types\/product"}],"replies":[{"embeddable":true,"href":"https:\/\/dogan-otomotiv.com\/index.php\/wp-json\/wp\/v2\/comments?post=3313"}],"wp:featuredmedia":[{"embeddable":true,"href":"https:\/\/dogan-otomotiv.com\/index.php\/wp-json\/wp\/v2\/media\/3314"}],"wp:attachment":[{"href":"https:\/\/dogan-otomotiv.com\/index.php\/wp-json\/wp\/v2\/media?parent=3313"}],"wp:term":[{"taxonomy":"product_cat","embeddable":true,"href":"https:\/\/dogan-otomotiv.com\/index.php\/wp-json\/wp\/v2\/product_cat?post=3313"},{"taxonomy":"product_tag","embeddable":true,"href":"https:\/\/dogan-otomotiv.com\/index.php\/wp-json\/wp\/v2\/product_tag?post=3313"}],"curies":[{"name":"wp","href":"https:\/\/api.w.org\/{rel}","templated":true}]}}