{"id":3031,"date":"2020-06-04T18:20:34","date_gmt":"2020-06-04T18:20:34","guid":{"rendered":"https:\/\/dogan-otomotiv.com\/?post_type=product&#038;p=3031"},"modified":"2022-04-04T14:24:00","modified_gmt":"2022-04-04T14:24:00","slug":"5n0965561a-yardimci-su-pompasi","status":"publish","type":"product","link":"https:\/\/dogan-otomotiv.com\/index.php\/urun\/5n0965561a-yardimci-su-pompasi\/","title":{"rendered":"5N0965561A YARDIMCI SU POMPASI VW AUDI SEAT SKODA 1.6 2.0 TDI"},"content":{"rendered":"<p>5N0965561<\/p>\n<p>Yard\u0131mc\u0131 Su Pompas\u0131<\/p>\n<p>A3 &#8211; Q3 &#8211; TT &#8211; Caddy 3 -Golf 6 &#8211; Jetta 3 &#8211; Passat &#8211; Sharan &#8211; Tiguan &#8211; Transporter &#8211; T5 Modelleri \u0130\u00e7in Uygundur. VW AUDI SEAT SKODA 1.6 2.0 TDI<\/p>\n<p>Oem Marka<\/p>\n<p>A3 1.6 2.0 TD\u0130 2003 2012<\/p>\n<p>Q3 2.0 TD\u0130 2011 &gt;<\/p>\n<p>TT 2.0 TD\u0130 2008 &gt;<\/p>\n<p>Caddy 3 1.6 2.0 TD\u0130 2010 &gt;<\/p>\n<p>Golf 6 1.6 2.0 TD\u0130 2009 2013<\/p>\n<p>Jetta 3 2.0 TD\u0130 2005 2010<\/p>\n<p>Passat 1.6 2.0 TD\u0130 2005 2011<\/p>\n<p>Sharan 2.0 TD\u0130 2010 &gt;<\/p>\n<p>Tiguan 2.0 TD\u0130 2007 &gt;<\/p>\n<p>Transporter T5 2.0 TD\u0130 2009 &gt; Modelleri \u0130\u00e7in Uygundur.<\/p>\n","protected":false},"excerpt":{"rendered":"<p>DO\u011eAN OTOMOT\u0130V YEDEK PAR\u00c7A<\/p>\n<p>SEM\u0130H SAVA\u015e\u00c7I<\/p>\n<p>0 (312) 395 20 95<\/p>\n<p>IBAN NO: TR56 0011 1000 0000 0088 9009 70  <\/p>\n<p>F\u0130NANSBANK ENPARA<\/p>\n<p>\u015eUBE KODU: 03663<\/p>\n<p>HESAP NO: 88900970<\/p>\n<p>KARGO \u0130ADES\u0130 DURUMUNDA<\/p>\n<p>KARGO \u00dcCRET\u0130 M\u00dc\u015eTER\u0130YE A\u0130TT\u0130R.<\/p>\n<p>TOPLU S\u0130PAR\u0130\u015eLER\u0130N\u0130Z \u0130\u00c7\u0130N: doganotoyedekparcavw@gmail.com<\/p>\n","protected":false},"featured_media":3032,"comment_status":"open","ping_status":"closed","template":"","meta":{"_joinchat":[]},"product_cat":[15,24,19,20],"product_tag":[2615,2614],"class_list":{"0":"post-3031","1":"product","2":"type-product","3":"status-publish","4":"has-post-thumbnail","6":"product_cat-volkswagen","7":"product_cat-audi","8":"product_cat-seat","9":"product_cat-skoda","10":"product_tag-5n0965561a","11":"product_tag-5n0965561a-yardimci-su-pompasi","13":"first","14":"instock","15":"sale","16":"shipping-taxable","17":"purchasable","18":"product-type-simple"},"_links":{"self":[{"href":"https:\/\/dogan-otomotiv.com\/index.php\/wp-json\/wp\/v2\/product\/3031","targetHints":{"allow":["GET"]}}],"collection":[{"href":"https:\/\/dogan-otomotiv.com\/index.php\/wp-json\/wp\/v2\/product"}],"about":[{"href":"https:\/\/dogan-otomotiv.com\/index.php\/wp-json\/wp\/v2\/types\/product"}],"replies":[{"embeddable":true,"href":"https:\/\/dogan-otomotiv.com\/index.php\/wp-json\/wp\/v2\/comments?post=3031"}],"wp:featuredmedia":[{"embeddable":true,"href":"https:\/\/dogan-otomotiv.com\/index.php\/wp-json\/wp\/v2\/media\/3032"}],"wp:attachment":[{"href":"https:\/\/dogan-otomotiv.com\/index.php\/wp-json\/wp\/v2\/media?parent=3031"}],"wp:term":[{"taxonomy":"product_cat","embeddable":true,"href":"https:\/\/dogan-otomotiv.com\/index.php\/wp-json\/wp\/v2\/product_cat?post=3031"},{"taxonomy":"product_tag","embeddable":true,"href":"https:\/\/dogan-otomotiv.com\/index.php\/wp-json\/wp\/v2\/product_tag?post=3031"}],"curies":[{"name":"wp","href":"https:\/\/api.w.org\/{rel}","templated":true}]}}