{"id":2339,"date":"2020-04-28T15:55:08","date_gmt":"2020-04-28T15:55:08","guid":{"rendered":"https:\/\/dogan-otomotiv.com\/?post_type=product&#038;p=2339"},"modified":"2025-01-13T07:16:42","modified_gmt":"2025-01-13T07:16:42","slug":"038115389-yag-sogutucu-vw-mk4-golf-jetta-alh-bew-1-9-tdi-orj-cik","status":"publish","type":"product","link":"https:\/\/dogan-otomotiv.com\/index.php\/urun\/038115389-yag-sogutucu-vw-mk4-golf-jetta-alh-bew-1-9-tdi-orj-cik\/","title":{"rendered":"038115389 Ya\u011f So\u011futucu VW Mk4 Golf Jetta ALH BEW 1.9 TDI ORJ \u00c7IK"},"content":{"rendered":"<p>038115389-VW -YAG -F\u0130LTRE- K\u00dcT\u00dcG\u00dc- VW Mk4 Golf Jetta ALH BEW 1.9 TDI<\/p>\n","protected":false},"excerpt":{"rendered":"<p>038115389-VW -YAG -F\u0130LTRE- K\u00dcT\u00dcG\u00dc- VW Mk4 Golf Jetta ALH BEW 1.9 TDI<\/p>\n","protected":false},"featured_media":2340,"comment_status":"open","ping_status":"closed","template":"","meta":{"_joinchat":[]},"product_cat":[15],"product_tag":[8890],"class_list":{"0":"post-2339","1":"product","2":"type-product","3":"status-publish","4":"has-post-thumbnail","6":"product_cat-volkswagen","7":"product_tag-038115389-yag-sogutucu-vw-mk4-golf-jetta-alh-bew-1-9-tdi-orj-cik","9":"first","10":"instock","11":"sale","12":"shipping-taxable","13":"purchasable","14":"product-type-simple"},"_links":{"self":[{"href":"https:\/\/dogan-otomotiv.com\/index.php\/wp-json\/wp\/v2\/product\/2339","targetHints":{"allow":["GET"]}}],"collection":[{"href":"https:\/\/dogan-otomotiv.com\/index.php\/wp-json\/wp\/v2\/product"}],"about":[{"href":"https:\/\/dogan-otomotiv.com\/index.php\/wp-json\/wp\/v2\/types\/product"}],"replies":[{"embeddable":true,"href":"https:\/\/dogan-otomotiv.com\/index.php\/wp-json\/wp\/v2\/comments?post=2339"}],"wp:featuredmedia":[{"embeddable":true,"href":"https:\/\/dogan-otomotiv.com\/index.php\/wp-json\/wp\/v2\/media\/2340"}],"wp:attachment":[{"href":"https:\/\/dogan-otomotiv.com\/index.php\/wp-json\/wp\/v2\/media?parent=2339"}],"wp:term":[{"taxonomy":"product_cat","embeddable":true,"href":"https:\/\/dogan-otomotiv.com\/index.php\/wp-json\/wp\/v2\/product_cat?post=2339"},{"taxonomy":"product_tag","embeddable":true,"href":"https:\/\/dogan-otomotiv.com\/index.php\/wp-json\/wp\/v2\/product_tag?post=2339"}],"curies":[{"name":"wp","href":"https:\/\/api.w.org\/{rel}","templated":true}]}}