{"id":16894,"date":"2025-09-04T08:52:22","date_gmt":"2025-09-04T08:52:22","guid":{"rendered":"https:\/\/dogan-otomotiv.com\/?post_type=product&#038;p=16894"},"modified":"2026-05-04T11:54:42","modified_gmt":"2026-05-04T11:54:42","slug":"2e1819702-havalandirma-izgarasi-sag-mercedes-crafter-06-2016-orj-cikma","status":"publish","type":"product","link":"https:\/\/dogan-otomotiv.com\/index.php\/urun\/2e1819702-havalandirma-izgarasi-sag-mercedes-crafter-06-2016-orj-cikma\/","title":{"rendered":"2E1819702 HAVALANDIRMA IZGARASI SA\u011e MERCEDES CRAFTER 06-2016 ORJ \u00c7IKMA"},"content":{"rendered":"","protected":false},"excerpt":{"rendered":"<p>2E1819702 HAVALANDIRMA IZGARASI SA\u011e MERCEDES CRAFTER 06-2016 ORJ \u00c7IKMA<\/p>\n","protected":false},"featured_media":16895,"comment_status":"open","ping_status":"closed","template":"","meta":{"_joinchat":[]},"product_cat":[15],"product_tag":[11727],"class_list":{"0":"post-16894","1":"product","2":"type-product","3":"status-publish","4":"has-post-thumbnail","6":"product_cat-volkswagen","7":"product_tag-2e1819702-havalandirma-izgarasi-sag-mercedes-crafter-06-2016-orj-cikma","9":"first","10":"instock","11":"sale","12":"shipping-taxable","13":"purchasable","14":"product-type-simple"},"_links":{"self":[{"href":"https:\/\/dogan-otomotiv.com\/index.php\/wp-json\/wp\/v2\/product\/16894","targetHints":{"allow":["GET"]}}],"collection":[{"href":"https:\/\/dogan-otomotiv.com\/index.php\/wp-json\/wp\/v2\/product"}],"about":[{"href":"https:\/\/dogan-otomotiv.com\/index.php\/wp-json\/wp\/v2\/types\/product"}],"replies":[{"embeddable":true,"href":"https:\/\/dogan-otomotiv.com\/index.php\/wp-json\/wp\/v2\/comments?post=16894"}],"wp:featuredmedia":[{"embeddable":true,"href":"https:\/\/dogan-otomotiv.com\/index.php\/wp-json\/wp\/v2\/media\/16895"}],"wp:attachment":[{"href":"https:\/\/dogan-otomotiv.com\/index.php\/wp-json\/wp\/v2\/media?parent=16894"}],"wp:term":[{"taxonomy":"product_cat","embeddable":true,"href":"https:\/\/dogan-otomotiv.com\/index.php\/wp-json\/wp\/v2\/product_cat?post=16894"},{"taxonomy":"product_tag","embeddable":true,"href":"https:\/\/dogan-otomotiv.com\/index.php\/wp-json\/wp\/v2\/product_tag?post=16894"}],"curies":[{"name":"wp","href":"https:\/\/api.w.org\/{rel}","templated":true}]}}