{"id":1543,"date":"2020-04-17T15:38:58","date_gmt":"2020-04-17T15:38:58","guid":{"rendered":"https:\/\/dogan-otomotiv.com\/?post_type=product&#038;p=1543"},"modified":"2025-07-23T08:52:38","modified_gmt":"2025-07-23T08:52:38","slug":"2e0919050f-samandira-vw-crafter-2006-2016-y19-yeni-orj","status":"publish","type":"product","link":"https:\/\/dogan-otomotiv.com\/index.php\/urun\/2e0919050f-samandira-vw-crafter-2006-2016-y19-yeni-orj\/","title":{"rendered":"2E0919050F \u015eAMANDIRA VW CRAFTER 2006-2016 Y19 YEN\u0130 ORJ"},"content":{"rendered":"<p>2E0919050F YAKIT POMPA VE \u015eAMANDIRASI VW CRAFTER 2006-2016 Y19<\/p>\n<p>ORJ YEN\u0130 SERV\u0130SMALI<\/p>\n<p>VW Crafter 30-35 Minib\u00fcs (2E) (Yap\u0131m Y\u0131l\u0131 04.2006 &#8211; 05.2013, 88 &#8211; 163 PS, Dizel)<br \/>\nVW Crafter 30-50 Van (2E) (Yap\u0131m Y\u0131l\u0131 04.2006 &#8211; 05.2013, 88 &#8211; 163 PS, Dizel)<br \/>\nVW Crafter 30-50 Platform\/\u015easi (2F) (Yap\u0131m Y\u0131l\u0131 04.2006 &#8211; 05.2013, 88 &#8211; 163 PS, Dizel)<\/p>\n","protected":false},"excerpt":{"rendered":"<p>DO\u011eAN OTOMOT\u0130V YEDEK PAR\u00c7A<br \/>\nLTD \u015eT\u0130 \u0130VED\u0130K ORGAN\u0130ZE SAN 1471 SOKAK 91-A OST\u0130M ANKARA<br \/>\nSEM\u0130H SAVA\u015e\u00c7I (312) 395 20 95<br \/>\n0533 322 16 09<\/p>\n<p>MUSTAFA SAVA\u015e\u00c7I<br \/>\n0 (312) 395 20 95<br \/>\nIBAN NO: TR 54 0011 1000 0000 0098 3516 19<br \/>\nF\u0130NANSBANK ENPARA<br \/>\n\u015eUBE KODU: 03663<br \/>\nHESAP NO: 98351619<\/p>\n<p>Paket i\u00e7eri\u011fi: 1 Adet<br \/>\nSATI\u015e F\u0130YATI KDV DAH\u0130L pe\u015fin fiyat\u0131d\u0131r<\/p>\n<p>SAAT 18:00 KADAR VER\u0130LEN \u015e\u0130PAR\u0130\u015e AYNI G\u00dcN KARGO \u0130LE G\u00d6NDER\u0130M\u0130 YAPILIR.<br \/>\nKARGO \u0130ADES\u0130 DURUMUNDA<br \/>\nKARGO \u00dcCRET\u0130 M\u00dc\u015eTER\u0130YE A\u0130TT\u0130R. AYRICA KARGODA KIRILAN PAR\u00c7ALARDAN SORUMLU DEY\u0130L\u0130Z<\/p>\n","protected":false},"featured_media":6402,"comment_status":"open","ping_status":"closed","template":"","meta":{"_joinchat":[]},"product_cat":[15],"product_tag":[8623],"class_list":{"0":"post-1543","1":"product","2":"type-product","3":"status-publish","4":"has-post-thumbnail","6":"product_cat-volkswagen","7":"product_tag-2e0919050f-samandira-vw-crafter-2006-2016-y19-yeni-orj","9":"first","10":"instock","11":"sale","12":"shipping-taxable","13":"purchasable","14":"product-type-simple"},"_links":{"self":[{"href":"https:\/\/dogan-otomotiv.com\/index.php\/wp-json\/wp\/v2\/product\/1543","targetHints":{"allow":["GET"]}}],"collection":[{"href":"https:\/\/dogan-otomotiv.com\/index.php\/wp-json\/wp\/v2\/product"}],"about":[{"href":"https:\/\/dogan-otomotiv.com\/index.php\/wp-json\/wp\/v2\/types\/product"}],"replies":[{"embeddable":true,"href":"https:\/\/dogan-otomotiv.com\/index.php\/wp-json\/wp\/v2\/comments?post=1543"}],"wp:featuredmedia":[{"embeddable":true,"href":"https:\/\/dogan-otomotiv.com\/index.php\/wp-json\/wp\/v2\/media\/6402"}],"wp:attachment":[{"href":"https:\/\/dogan-otomotiv.com\/index.php\/wp-json\/wp\/v2\/media?parent=1543"}],"wp:term":[{"taxonomy":"product_cat","embeddable":true,"href":"https:\/\/dogan-otomotiv.com\/index.php\/wp-json\/wp\/v2\/product_cat?post=1543"},{"taxonomy":"product_tag","embeddable":true,"href":"https:\/\/dogan-otomotiv.com\/index.php\/wp-json\/wp\/v2\/product_tag?post=1543"}],"curies":[{"name":"wp","href":"https:\/\/api.w.org\/{rel}","templated":true}]}}