{"id":15383,"date":"2024-08-12T12:29:07","date_gmt":"2024-08-12T12:29:07","guid":{"rendered":"https:\/\/dogan-otomotiv.com\/?post_type=product&#038;p=15383"},"modified":"2025-09-06T06:43:07","modified_gmt":"2025-09-06T06:43:07","slug":"038906051c-map-basinc-sensoru-audi-vw-seat-skoda-3-bar-orj","status":"publish","type":"product","link":"https:\/\/dogan-otomotiv.com\/index.php\/urun\/038906051c-map-basinc-sensoru-audi-vw-seat-skoda-3-bar-orj\/","title":{"rendered":"038906051C MAP BASIN\u00c7 SENS\u00d6R\u00dc AUDI VW SEAT SKODA 3 BAR ORJ"},"content":{"rendered":"<p>DO\u011eAN OTOMOT\u0130V YEDEK PAR\u00c7A<br \/>\nLTD \u015eT\u0130 \u0130VED\u0130K ORGAN\u0130ZE SAN 1471 SOKAK 91-A OST\u0130M ANKARA<br \/>\nSEM\u0130H SAVA\u015e\u00c7I (312) 395 20 95<br \/>\n0533 322 16 09<br \/>\nMUSTAFA SAVA\u015e\u00c7I<br \/>\n0 (312) 395 20 95<\/p>\n<p>AYRICA G\u00dcN \u0130\u00c7ER\u0130S\u0130NDE OTOB\u00dcS \u0130LE KARGO VER\u0130L\u0130R<br \/>\nNOT 5 G\u00dcN \u0130\u00c7ER\u0130S\u0130NDE \u0130YADES\u0130 OLMAYAN MAZEME GER\u0130 ALINMAZ<br \/>\nPaket i\u00e7eri\u011fi: 1 Adet<br \/>\nSATI\u015e F\u0130YATI KDV HAR\u0130\u00c7 pe\u015fin fiyat\u0131d\u0131r<br \/>\nSAAT 18:00 KADAR VER\u0130LEN \u015e\u0130PAR\u0130\u015e AYNI G\u00dcN KARGO \u0130LE G\u00d6NDER\u0130M\u0130 YAPILIR.<br \/>\nKARGO \u0130ADES\u0130 DURUMUNDA .<br \/>\nKARGO \u00dcCRET\u0130 M\u00dc\u015eTER\u0130YE A\u0130TT\u0130R. AYRICA KARGODA KIRILAN PAR\u00c7ALARDAN SORUMLU DEY\u0130L\u0130Z<\/p>\n<p>27\/11\/2014 tarih ve 29188 say\u0131l\u0131 resmi gazetede yay\u0131mlanan mesafeli sat\u0131\u015flar y\u00f6netmeli\u011finin 15. maddesinde cayma hakk\u0131n\u0131n istisnalar\u0131 belirtilmi\u015ftir. \u0130lgili maddenin a bendinde &#8220;fiyat\u0131 finansal piyasalardaki dalgalanmalara ba\u011fl\u0131 olarak de\u011fi\u015fen ve sat\u0131c\u0131 veya sa\u011flay\u0131c\u0131n\u0131n kontrol\u00fcnde olmayan mal veya hizmetlere ili\u015fkin s\u00f6zle\u015fmeler&#8221; cayma hakk\u0131ndan istisna edilmi\u015ftir. \u00dcr\u00fcnlerimiz ithal \u00fcr\u00fcnler olup fiyatlar\u0131 g\u00fcnl\u00fck usd kurlar\u0131 kullan\u0131larak tl kar\u015f\u0131l\u0131\u011f\u0131na \u00e7evrilmesiyle hesaplanmaktad\u0131r. Fiyatlar kurdaki de\u011fi\u015fmeler ba\u011fl\u0131 olarak g\u00fcnl\u00fck olarak de\u011fi\u015fmektedir. Bu nedenle y\u00f6netmeli\u011fin 15. Md\/a bendi gere\u011fi cayma hakk\u0131ndan m\u00fcstesnad\u0131r. M\u00fc\u015fterilerimiz sipari\u015f \u00f6ncesinde bu konu hakk\u0131nda \u00f6n bilgilendirme yap\u0131ld\u0131\u011f\u0131n\u0131 kabul eder.<\/p>\n","protected":false},"excerpt":{"rendered":"<p>038906051C MAP BASIN\u00c7 SENS\u00d6R\u00dc AUDI VW SEAT SKODA 3 BAR ORJ<br \/>\nA1 2011-<\/p>\n<p>A2 2000-<\/p>\n<p>A3\/S3\/sportback\/quattro 2001-<\/p>\n<p>A3 Cabriolet 2008-<\/p>\n<p>RS3 sportback 2011-2013<\/p>\n<p>A4 Avant 2001-<\/p>\n<p>A4\/S4\/Avant\/quattro 2001-<\/p>\n<p>A4\/S4 Cabrio\/quattro 2007-2009<\/p>\n<p>A5\/S5\/cabriolet 2010-2011<\/p>\n<p>A5\/S5\/sportback 2008-2011<\/p>\n<p>AQ5 2009-<\/p>\n<p>A6 Avant 2002-2011<\/p>\n<p>A6 allroad quattro 2007-2011<\/p>\n<p>A6\/S6\/Avant\/quattro 2002-2011<\/p>\n<p>AQ7 2007-<\/p>\n<p>A8 2004-<\/p>\n<p>A8\/S8 quattro 2003-<\/p>\n<p>TT\/TTS Coupe\/Roadster 2007-<\/p>\n<p>TTRS Coupe\/Roadster 2010-<\/p>\n<p>VW:<\/p>\n<p>BEETLE 2012-<\/p>\n<p>BOORA \/ Variant\/4Motion 1999-2005<\/p>\n<p>CADDY 20044-2011<\/p>\n<p>CAMPMOB (Typ2\/Transp.\/LT) 2004-2010<\/p>\n<p>CRAFTER 2006<\/p>\n<p>EOS 2006-2011<\/p>\n<p>GOLF Cabriolet 2012<\/p>\n<p>GOLF Variant\/4Motion 1998<\/p>\n<p>GOLF PLUS 2005-2011<\/p>\n<p>DIESEL-INDUSTRIE-MOTORE 1990<\/p>\n<p>JETTA \/ SYNCRO 2006-<\/p>\n<p>MARINE-MOTORE 2002-<\/p>\n<p>PASSAT 4Motion\/Santana 2001-2011<\/p>\n<p>PASSAT CC 2009-2012<\/p>\n<p>PHAETON 2002-<\/p>\n<p>POLO \/ DERBY\/VENTO-IND 2002-<\/p>\n<p>SCIROCCO 2009-<\/p>\n<p>SHARAN \/ Syncro\/4Motion 2003-<\/p>\n<p>TIGUAN 2008-2011<\/p>\n<p>TOURAN 2003<\/p>\n<p>TOUAREG 2003<\/p>\n<p>TRANSPORTER 2003-2010<\/p>\n<p>SKODA:<\/p>\n<p>FABIA 2000-<\/p>\n<p>OCTAVIA 2001-<\/p>\n<p>ROOMSTER 2011-<\/p>\n<p>SUPERB 2002-<\/p>\n<p>YETI 2010-<\/p>\n<p>SEAT:<\/p>\n<p>ALHAMBRA 2003 &#8211; 2010<\/p>\n<p>ALTEA 2004 &#8211;<\/p>\n<p>CORDOBA \/ VARIO 2003-2009<\/p>\n<p>EXEO \/ ST 2009-<\/p>\n<p>IBIZA \/ ST 2002-<\/p>\n<p>LEON \/ LEON 4 2002-<\/p>\n<p>TOLEDO 2002-2009<\/p>\n","protected":false},"featured_media":15384,"comment_status":"open","ping_status":"closed","template":"","meta":{"_joinchat":[]},"product_cat":[15,24,19,20],"product_tag":[10709],"class_list":{"0":"post-15383","1":"product","2":"type-product","3":"status-publish","4":"has-post-thumbnail","6":"product_cat-volkswagen","7":"product_cat-audi","8":"product_cat-seat","9":"product_cat-skoda","10":"product_tag-038906051c-map-basinc-sensoru-audi-vw-seat-skoda-3-bar-orj","12":"first","13":"instock","14":"sale","15":"shipping-taxable","16":"purchasable","17":"product-type-simple"},"_links":{"self":[{"href":"https:\/\/dogan-otomotiv.com\/index.php\/wp-json\/wp\/v2\/product\/15383","targetHints":{"allow":["GET"]}}],"collection":[{"href":"https:\/\/dogan-otomotiv.com\/index.php\/wp-json\/wp\/v2\/product"}],"about":[{"href":"https:\/\/dogan-otomotiv.com\/index.php\/wp-json\/wp\/v2\/types\/product"}],"replies":[{"embeddable":true,"href":"https:\/\/dogan-otomotiv.com\/index.php\/wp-json\/wp\/v2\/comments?post=15383"}],"wp:featuredmedia":[{"embeddable":true,"href":"https:\/\/dogan-otomotiv.com\/index.php\/wp-json\/wp\/v2\/media\/15384"}],"wp:attachment":[{"href":"https:\/\/dogan-otomotiv.com\/index.php\/wp-json\/wp\/v2\/media?parent=15383"}],"wp:term":[{"taxonomy":"product_cat","embeddable":true,"href":"https:\/\/dogan-otomotiv.com\/index.php\/wp-json\/wp\/v2\/product_cat?post=15383"},{"taxonomy":"product_tag","embeddable":true,"href":"https:\/\/dogan-otomotiv.com\/index.php\/wp-json\/wp\/v2\/product_tag?post=15383"}],"curies":[{"name":"wp","href":"https:\/\/api.w.org\/{rel}","templated":true}]}}