{"id":1274,"date":"2020-04-14T11:21:14","date_gmt":"2020-04-14T11:21:14","guid":{"rendered":"https:\/\/dogan-otomotiv.com\/?post_type=product&#038;p=1274"},"modified":"2025-04-09T08:37:37","modified_gmt":"2025-04-09T08:37:37","slug":"01n321359-otomatik-sanz-karter-kapagi-passat-97-05-audi-a4-95-orj-yeni","status":"publish","type":"product","link":"https:\/\/dogan-otomotiv.com\/index.php\/urun\/01n321359-otomatik-sanz-karter-kapagi-passat-97-05-audi-a4-95-orj-yeni\/","title":{"rendered":"01N321359 OTOMAT\u0130K \u015eANZ. KARTER KAPA\u011eI PASSAT 97-05 AUD\u0130 A4 95- ORJ YEN\u0130"},"content":{"rendered":"<p>DO\u011eAN OTOMOT\u0130V YEDEK PAR\u00c7A<\/p>\n<p>SEM\u0130H SAVA\u015e\u00c7I<\/p>\n<p>0 (312) 395 20 95<\/p>\n<p>IBAN NO: TR56 0011 1000 0000 0088 9009 70  <\/p>\n<p>F\u0130NANSBANK ENPARA<\/p>\n<p>\u015eUBE KODU: 03663<\/p>\n<p>HESAP NO: 88900970<\/p>\n<p>KARGO \u0130ADES\u0130 DURUMUNDA<\/p>\n<p>KARGO \u00dcCRET\u0130 M\u00dc\u015eTER\u0130YE A\u0130TT\u0130R.<\/p>\n<p>TOPLU S\u0130PAR\u0130\u015eLER\u0130N\u0130Z \u0130\u00c7\u0130N: doganotoyedekparcavw@gmail.com<\/p>\n","protected":false},"excerpt":{"rendered":"<p>01N321359 OTOMAT\u0130K \u015eANZ. KARTER KAPA\u011eI PASSAT 97-05 AUD\u0130 A4 95-0<\/p>\n<p>OEN 01N 321 359 \u2014 AUDI<br \/>\nOEN 01N 321 359 \u2014 KOLTUK<br \/>\nOEN 01N 321 359 \u2014 SKODA<br \/>\nOEN 01N 321 359 \u2014 VAG<br \/>\nOEN 01N 321 359 &#8211; VW<\/p>\n<p>AUDI 80 B4 Sedan (8C2) (Yap\u0131m Y\u0131l\u0131 09.1991 &#8211; 12.1994, 71 &#8211; 174 PS, Dizel, Benzin)<br \/>\nAUDI 80 B4 Avant (8C5) (Yap\u0131m Y\u0131l\u0131 09.1991 &#8211; 01.1996, 75 &#8211; 174 PS, Dizel, Benzin)<br \/>\nAUDI A4 B5 Sedan (8D2) (Yap\u0131m Y\u0131l\u0131 11.1994 &#8211; 09.2001, 75 &#8211; 265 PS, Dizel, Benzin)<br \/>\nAUDI A6 C4 Sedan (4A2) (Yap\u0131m Y\u0131l\u0131 06.1994 &#8211; 10.1997, 90 &#8211; 193 PS, Dizel, Benzin)<br \/>\nAUDI A6 C5 Sedan (4B2) (Yap\u0131m Y\u0131l\u0131 01.1997 &#8211; 01.2005, 110 &#8211; 250 PS, Dizel, Benzin)<br \/>\n1.8, Yap\u0131m Y\u0131l\u0131 07.1997 &#8211; 01.2005, 1781 ccm, 125 PS<br \/>\n1.8 T, Yap\u0131m Y\u0131l\u0131 01.1997 &#8211; 01.2005, 1781 ccm, 150 PS<br \/>\n1.8 T, Yap\u0131m Y\u0131l\u0131 12.1997 &#8211; 01.2005, 1781 ccm, 180 PS<br \/>\n1.8 T quattro, Yap\u0131m Y\u0131l\u0131 02.1997 &#8211; 01.2005, 1781 ccm, 150 PS<br \/>\n1.8 T quattro, Yap\u0131m Y\u0131l\u0131 12.1997 &#8211; 01.2005, 1781 ccm, 180 PS<br \/>\n1.9 TDI, Yap\u0131m Y\u0131l\u0131 04.1997 &#8211; 10.2000, 1896 ccm, 110 PS<br \/>\n1.9 TDI, Yap\u0131m Y\u0131l\u0131 07.2000 &#8211; 01.2005, 1896 ccm, 115 PS<br \/>\n1.9 TDI, Yap\u0131m Y\u0131l\u0131 08.2001 &#8211; 01.2005, 1896 ccm, 130 PS<br \/>\n2.0, Yap\u0131m Y\u0131l\u0131 08.2001 &#8211; 01.2005, 1984 ccm, 130 PS<br \/>\n2.4, Yap\u0131m Y\u0131l\u0131 07.1998 &#8211; 01.2005, 2393 ccm, 136 PS<br \/>\n2.4, Yap\u0131m Y\u0131l\u0131 02.1997 &#8211; 01.2005, 2393 ccm, 156 PS<br \/>\n2.4, Yap\u0131m Y\u0131l\u0131 02.1997 &#8211; 01.2005, 2393 ccm, 163 PS<br \/>\n2.4, Yap\u0131m Y\u0131l\u0131 02.1997 &#8211; 01.2005, 2393 ccm, 165 PS<br \/>\n2.4, Yap\u0131m Y\u0131l\u0131 08.2001 &#8211; 01.2005, 2393 ccm, 170 PS<br \/>\n2.4 quattro, Yap\u0131m Y\u0131l\u0131 08.1998 &#8211; 07.1999, 2393 ccm, 156 PS<br \/>\n2.4 quattro, Yap\u0131m Y\u0131l\u0131 02.1997 &#8211; 01.2005, 2393 ccm, 163 PS<br \/>\n2.4 quattro, Yap\u0131m Y\u0131l\u0131 02.1997 &#8211; 01.2005, 2393 ccm, 165 PS<br \/>\n2.4 quattro, Yap\u0131m Y\u0131l\u0131 08.2001 &#8211; 01.2005, 2393 ccm, 170 PS<br \/>\n2.5 TDI, Yap\u0131m Y\u0131l\u0131 07.1997 &#8211; 01.2005, 2496 ccm, 150 PS<br \/>\n2.5 TDI, Yap\u0131m Y\u0131l\u0131 08.2001 &#8211; 01.2005, 2496 ccm, 155 PS<br \/>\n2.5 TDI, Yap\u0131m Y\u0131l\u0131 07.2002 &#8211; 01.2005, 2496 ccm, 163 PS<br \/>\n2.5 TDI, Yap\u0131m Y\u0131l\u0131 02.2000 &#8211; 01.2005, 2496 ccm, 180 PS<br \/>\n2.5 TDI quattro, Yap\u0131m Y\u0131l\u0131 07.1997 &#8211; 01.2005, 2496 ccm, 150 PS<br \/>\n2.5 TDI quattro, Yap\u0131m Y\u0131l\u0131 02.2000 &#8211; 01.2005, 2496 ccm, 180 PS<br \/>\n2,7 T, Yap\u0131m Y\u0131l\u0131 02.1999 &#8211; 01.2005, 2671 ccm, 230 PS<br \/>\n2,7 T quattro, Yap\u0131m Y\u0131l\u0131 12.1997 &#8211; 01.2005, 2671 ccm, 230 PS<br \/>\n2,7 T quattro, Yap\u0131m Y\u0131l\u0131 08.2001 &#8211; 01.2005, 2671 ccm, 250 PS<br \/>\n2.8, Yap\u0131m Y\u0131l\u0131 10.1997 &#8211; 05.2000, 2771 ccm, 180 PS<br \/>\n2.8, Yap\u0131m Y\u0131l\u0131 07.1999 &#8211; 01.2005, 2771 ccm, 190 PS<br \/>\n2.8, Yap\u0131m Y\u0131l\u0131 02.1997 &#8211; 01.2005, 2771 ccm, 193 PS<br \/>\n2.8 quattro, Yap\u0131m Y\u0131l\u0131 07.1999 &#8211; 05.2001, 2771 ccm, 190 PS<br \/>\n2.8 quattro, Yap\u0131m Y\u0131l\u0131 02.1997 &#8211; 01.2005, 2771 ccm, 193 PS<br \/>\n3.0, Yap\u0131m Y\u0131l\u0131 08.2001 &#8211; 01.2005, 2976 ccm, 220 PS<br \/>\n3.0 quattro, Yap\u0131m Y\u0131l\u0131 08.2001 &#8211; 01.2005, 2976 ccm, 220 PS<br \/>\n1.8, Yap\u0131m Y\u0131l\u0131 07.1997 &#8211; 01.2005, 1781 ccm, 125 PS<br \/>\n1.8 T, Yap\u0131m Y\u0131l\u0131 01.1997 &#8211; 01.2005, 1781 ccm, 150 PS<br \/>\n1.8 T, Yap\u0131m Y\u0131l\u0131 12.1997 &#8211; 01.2005, 1781 ccm, 180 PS<br \/>\n1.8 T quattro, Yap\u0131m Y\u0131l\u0131 02.1997 &#8211; 01.2005, 1781 ccm, 150 PS<br \/>\n1.8 T quattro, Yap\u0131m Y\u0131l\u0131 12.1997 &#8211; 01.2005, 1781 ccm, 180 PS<br \/>\n1.9 TDI, Yap\u0131m Y\u0131l\u0131 04.1997 &#8211; 10.2000, 1896 ccm, 110 PS<br \/>\n1.9 TDI, Yap\u0131m Y\u0131l\u0131 07.2000 &#8211; 01.2005, 1896 ccm, 115 PS<br \/>\n1.9 TDI, Yap\u0131m Y\u0131l\u0131 08.2001 &#8211; 01.2005, 1896 ccm, 130 PS<br \/>\n2.0, Yap\u0131m Y\u0131l\u0131 08.2001 &#8211; 01.2005, 1984 ccm, 130 PS<br \/>\n2.4, Yap\u0131m Y\u0131l\u0131 07.1998 &#8211; 01.2005, 2393 ccm, 136 PS<br \/>\n2.4, Yap\u0131m Y\u0131l\u0131 02.1997 &#8211; 01.2005, 2393 ccm, 156 PS<br \/>\n2.4, Yap\u0131m Y\u0131l\u0131 02.1997 &#8211; 01.2005, 2393 ccm, 163 PS<br \/>\n2.4, Yap\u0131m Y\u0131l\u0131 02.1997 &#8211; 01.2005, 2393 ccm, 165 PS<br \/>\n2.4, Yap\u0131m Y\u0131l\u0131 08.2001 &#8211; 01.2005, 2393 ccm, 170 PS<br \/>\n2.4 quattro, Yap\u0131m Y\u0131l\u0131 08.1998 &#8211; 07.1999, 2393 ccm, 156 PS<br \/>\n2.4 quattro, Yap\u0131m Y\u0131l\u0131 02.1997 &#8211; 01.2005, 2393 ccm, 163 PS<br \/>\n2.4 quattro, Yap\u0131m Y\u0131l\u0131 02.1997 &#8211; 01.2005, 2393 ccm, 165 PS<br \/>\n2.4 quattro, Yap\u0131m Y\u0131l\u0131 08.2001 &#8211; 01.2005, 2393 ccm, 170 PS<br \/>\n2.5 TDI, Yap\u0131m Y\u0131l\u0131 07.1997 &#8211; 01.2005, 2496 ccm, 150 PS<br \/>\n2.5 TDI, Yap\u0131m Y\u0131l\u0131 08.2001 &#8211; 01.2005, 2496 ccm, 155 PS<br \/>\n2.5 TDI, Yap\u0131m Y\u0131l\u0131 07.2002 &#8211; 01.2005, 2496 ccm, 163 PS<br \/>\n2.5 TDI, Yap\u0131m Y\u0131l\u0131 02.2000 &#8211; 01.2005, 2496 ccm, 180 PS<br \/>\n2.5 TDI quattro, Yap\u0131m Y\u0131l\u0131 07.1997 &#8211; 01.2005, 2496 ccm, 150 PS<br \/>\n2.5 TDI quattro, Yap\u0131m Y\u0131l\u0131 02.2000 &#8211; 01.2005, 2496 ccm, 180 PS<br \/>\n2,7 T, Yap\u0131m Y\u0131l\u0131 02.1999 &#8211; 01.2005, 2671 ccm, 230 PS<br \/>\n2,7 T quattro, Yap\u0131m Y\u0131l\u0131 12.1997 &#8211; 01.2005, 2671 ccm, 230 PS<br \/>\n2,7 T quattro, Yap\u0131m Y\u0131l\u0131 08.2001 &#8211; 01.2005, 2671 ccm, 250 PS<br \/>\n2.8, Yap\u0131m Y\u0131l\u0131 10.1997 &#8211; 05.2000, 2771 ccm, 180 PS<br \/>\n2.8, Yap\u0131m Y\u0131l\u0131 07.1999 &#8211; 01.2005, 2771 ccm, 190 PS<br \/>\n2.8, Yap\u0131m Y\u0131l\u0131 02.1997 &#8211; 01.2005, 2771 ccm, 193 PS<br \/>\n2.8 quattro, Yap\u0131m Y\u0131l\u0131 07.1999 &#8211; 05.2001, 2771 ccm, 190 PS<br \/>\n2.8 quattro, Yap\u0131m Y\u0131l\u0131 02.1997 &#8211; 01.2005, 2771 ccm, 193 PS<br \/>\n3.0, Yap\u0131m Y\u0131l\u0131 08.2001 &#8211; 01.2005, 2976 ccm, 220 PS<br \/>\n3.0 quattro, Yap\u0131m Y\u0131l\u0131 08.2001 &#8211; 01.2005, 2976 ccm, 220 PS<br \/>\nAUDI A6 C5 Avant (4B5) (Yap\u0131m Y\u0131l\u0131 12.1997 &#8211; 01.2005, 110 &#8211; 230 PS, Dizel, Benzin)<br \/>\nAUDI A6 C4 Avant (4A5) (Yap\u0131m Y\u0131l\u0131 06.1994 &#8211; 12.1997, 90 &#8211; 193 PS, Dizel, Benzin)<br \/>\nAUDI A4 B5 Avant (8D5) (Yap\u0131m Y\u0131l\u0131 11.1994 &#8211; 09.2001, 75 &#8211; 380 PS, Dizel, Dizel\/Elektro, Benzin)<br \/>\nAUDI A4 B6 Sedan (8E2) (Yap\u0131m Y\u0131l\u0131 11.2000 &#8211; 12.2004, 101 &#8211; 344 PS, Dizel, Benzin)<br \/>\nAUDI A4 B6 Avant (8E5) (Yap\u0131m Y\u0131l\u0131 04.2001 &#8211; 12.2004, 101 &#8211; 344 PS, Dizel, Benzin)<br \/>\nAUDI A4 B6\/B7 Cabrio (8H7, 8HE) (Yap\u0131m Y\u0131l\u0131 04.2002 &#8211; 03.2009, 130 &#8211; 420 PS, Dizel, Benzin)<\/p>\n","protected":false},"featured_media":13480,"comment_status":"open","ping_status":"closed","template":"","meta":{"_joinchat":[]},"product_cat":[15,24,19,20],"product_tag":[10598],"class_list":{"0":"post-1274","1":"product","2":"type-product","3":"status-publish","4":"has-post-thumbnail","6":"product_cat-volkswagen","7":"product_cat-audi","8":"product_cat-seat","9":"product_cat-skoda","10":"product_tag-01n321359-otomatik-sanz-karter-kapagi-passat-97-05-audi-a4-95-orj-yeni","12":"first","13":"instock","14":"sale","15":"shipping-taxable","16":"purchasable","17":"product-type-simple"},"_links":{"self":[{"href":"https:\/\/dogan-otomotiv.com\/index.php\/wp-json\/wp\/v2\/product\/1274","targetHints":{"allow":["GET"]}}],"collection":[{"href":"https:\/\/dogan-otomotiv.com\/index.php\/wp-json\/wp\/v2\/product"}],"about":[{"href":"https:\/\/dogan-otomotiv.com\/index.php\/wp-json\/wp\/v2\/types\/product"}],"replies":[{"embeddable":true,"href":"https:\/\/dogan-otomotiv.com\/index.php\/wp-json\/wp\/v2\/comments?post=1274"}],"wp:featuredmedia":[{"embeddable":true,"href":"https:\/\/dogan-otomotiv.com\/index.php\/wp-json\/wp\/v2\/media\/13480"}],"wp:attachment":[{"href":"https:\/\/dogan-otomotiv.com\/index.php\/wp-json\/wp\/v2\/media?parent=1274"}],"wp:term":[{"taxonomy":"product_cat","embeddable":true,"href":"https:\/\/dogan-otomotiv.com\/index.php\/wp-json\/wp\/v2\/product_cat?post=1274"},{"taxonomy":"product_tag","embeddable":true,"href":"https:\/\/dogan-otomotiv.com\/index.php\/wp-json\/wp\/v2\/product_tag?post=1274"}],"curies":[{"name":"wp","href":"https:\/\/api.w.org\/{rel}","templated":true}]}}