{"id":1143,"date":"2020-04-08T14:11:54","date_gmt":"2020-04-08T14:11:54","guid":{"rendered":"https:\/\/dogan-otomotiv.com\/?post_type=product&#038;p=1143"},"modified":"2022-04-30T07:35:10","modified_gmt":"2022-04-30T07:35:10","slug":"1k0919237c-airbag-devre-disi-birakma-anahtari-vw-golf-c03","status":"publish","type":"product","link":"https:\/\/dogan-otomotiv.com\/index.php\/urun\/1k0919237c-airbag-devre-disi-birakma-anahtari-vw-golf-c03\/","title":{"rendered":"1K0919237C AIRBAG DEVRE DI\u015eI BIRAKMA ANAHTARI VW GOLF ORJ"},"content":{"rendered":"<p>DO\u011eAN OTOMOT\u0130V YEDEK PAR\u00c7A<\/p>\n<p>SEM\u0130H SAVA\u015e\u00c7I<\/p>\n<p>0 (312) 395 20 95<\/p>\n<p>IBAN NO: TR56 0011 1000 0000 0088 9009 70  <\/p>\n<p>F\u0130NANSBANK ENPARA<\/p>\n<p>\u015eUBE KODU: 03663<\/p>\n<p>HESAP NO: 88900970<\/p>\n<p>KARGO \u0130ADES\u0130 DURUMUNDA<\/p>\n<p>KARGO \u00dcCRET\u0130 M\u00dc\u015eTER\u0130YE A\u0130TT\u0130R.<\/p>\n<p>TOPLU S\u0130PAR\u0130\u015eLER\u0130N\u0130Z \u0130\u00c7\u0130N: doganotoyedekparcavw@gmail.com<\/p>\n","protected":false},"excerpt":{"rendered":"<p>1K0919237C AIRBAG DEVRE DI\u015eI BIRAKMA ANAHTARI VW GOLF (C03)<\/p>\n<p>Airbag Devre d\u0131\u015f\u0131 B\u0131rakma d\u00fc\u011fmesi &#8211; Caddy &#8211; Golf &#8211; Jetta &#8211; Touareg &#8211; Transporter &#8211; T6 &#8211; A4 &#8211; A5 &#8211; A6 &#8211; Q5 Q7<\/p>\n","protected":false},"featured_media":1144,"comment_status":"open","ping_status":"closed","template":"","meta":{"_joinchat":[]},"product_cat":[15,24],"product_tag":[771,770,7488],"class_list":{"0":"post-1143","1":"product","2":"type-product","3":"status-publish","4":"has-post-thumbnail","6":"product_cat-volkswagen","7":"product_cat-audi","8":"product_tag-1k0919237c","9":"product_tag-1k0919237c-airbag-devre-disi-birakma-anahtari-vw-golf-c03","10":"product_tag-airbag-devre-disi-birakma-dugmesi-caddy-golf-jetta-touareg-transporter-t6-a4-a5-a6-q5-q7","12":"first","13":"instock","14":"sale","15":"shipping-taxable","16":"purchasable","17":"product-type-simple"},"_links":{"self":[{"href":"https:\/\/dogan-otomotiv.com\/index.php\/wp-json\/wp\/v2\/product\/1143","targetHints":{"allow":["GET"]}}],"collection":[{"href":"https:\/\/dogan-otomotiv.com\/index.php\/wp-json\/wp\/v2\/product"}],"about":[{"href":"https:\/\/dogan-otomotiv.com\/index.php\/wp-json\/wp\/v2\/types\/product"}],"replies":[{"embeddable":true,"href":"https:\/\/dogan-otomotiv.com\/index.php\/wp-json\/wp\/v2\/comments?post=1143"}],"wp:featuredmedia":[{"embeddable":true,"href":"https:\/\/dogan-otomotiv.com\/index.php\/wp-json\/wp\/v2\/media\/1144"}],"wp:attachment":[{"href":"https:\/\/dogan-otomotiv.com\/index.php\/wp-json\/wp\/v2\/media?parent=1143"}],"wp:term":[{"taxonomy":"product_cat","embeddable":true,"href":"https:\/\/dogan-otomotiv.com\/index.php\/wp-json\/wp\/v2\/product_cat?post=1143"},{"taxonomy":"product_tag","embeddable":true,"href":"https:\/\/dogan-otomotiv.com\/index.php\/wp-json\/wp\/v2\/product_tag?post=1143"}],"curies":[{"name":"wp","href":"https:\/\/api.w.org\/{rel}","templated":true}]}}