{"id":11391,"date":"2022-09-02T06:43:21","date_gmt":"2022-09-02T06:43:21","guid":{"rendered":"https:\/\/dogan-otomotiv.com\/?post_type=product&#038;p=11391"},"modified":"2025-05-05T14:31:37","modified_gmt":"2025-05-05T14:31:37","slug":"7l0407271f-akis-on-sol-3-0-tdi-q7-07-15-toureg-03-10-cas-q7-orj-cikma","status":"publish","type":"product","link":"https:\/\/dogan-otomotiv.com\/index.php\/urun\/7l0407271f-akis-on-sol-3-0-tdi-q7-07-15-toureg-03-10-cas-q7-orj-cikma\/","title":{"rendered":"7L0407271F AK\u0130S \u00d6N SOL 3.0-TD\u0130 Q7 07-15 TOUREG 03-10-CAS Q7 ORJ \u00c7IKMA"},"content":{"rendered":"<p>DO\u011eAN OTOMOT\u0130V YEDEK PAR\u00c7A<\/p>\n<p>LTD \u015eT\u0130 \u0130VED\u0130K ORGAN\u0130ZE SAN 1471 SOKAK 91-A OST\u0130M ANKARA<br \/>\nSEM\u0130H SAVA\u015e\u00c7I (312) 395 20 95<br \/>\n0533 322 16 09<\/p>\n<p>MUSTAFA SAVA\u015e\u00c7I<br \/>\n0 (312) 395 20 95<br \/>\nIBAN NO: TR 54 0011 1000 0000 0098 3516 19<br \/>\nF\u0130NANSBANK ENPARA<br \/>\n\u015eUBE KODU: 03663<br \/>\nHESAP NO: 98351619<\/p>\n<p>Paket i\u00e7eri\u011fi: 1 Adet<br \/>\nSATI\u015e F\u0130YATI KDV DAH\u0130L pe\u015fin fiyat\u0131d\u0131r<\/p>\n<p>SAAT 18:00 KADAR VER\u0130LEN \u015e\u0130PAR\u0130\u015e AYNI G\u00dcN KARGO \u0130LE G\u00d6NDER\u0130M\u0130 YAPILIR.<br \/>\nKARGO \u0130ADES\u0130 DURUMUNDA .<br \/>\nKARGO \u00dcCRET\u0130 M\u00dc\u015eTER\u0130YE A\u0130TT\u0130R. AYRICA KARGODA KIRILAN PAR\u00c7ALARDAN SORUMLU DEY\u0130L\u0130Z<\/p>\n<p>DENEME YANILMA Y\u00d6NTEM\u0130NE PAR\u00c7A G\u00d6NDERM\u0130YORUZ.<\/p>\n<p>F\u0130YATLARIMIZ SEMBOL\u0130KT\u0130R<\/p>\n<p>AYRICA G\u00dcN \u0130\u00c7ER\u0130S\u0130NDE OTOB\u00dcS \u0130LE KARGO VER\u0130L\u0130R<\/p>\n<p>KAPIDA \u00d6DEMEL\u0130&amp;\u0130NTERNET \u00dcZER\u0130NDEN ONL\u0130NE SATI\u015eIMIZ YOKTUR<\/p>\n<p>NOT 5 G\u00dcN \u0130\u00c7ER\u0130S\u0130NDE \u0130YADES\u0130 OLMAYAN MAZEME GER\u0130 ALINMAZ<\/p>\n<p>27\/11\/2014 tarih ve 29188 say\u0131l\u0131 resmi gazetede yay\u0131mlanan mesafeli sat\u0131\u015flar y\u00f6netmeli\u011finin 15. maddesinde cayma hakk\u0131n\u0131n istisnalar\u0131 belirtilmi\u015ftir. \u0130lgili maddenin a bendinde &#8220;fiyat\u0131 finansal piyasalardaki dalgalanmalara ba\u011fl\u0131 olarak de\u011fi\u015fen ve sat\u0131c\u0131 veya sa\u011flay\u0131c\u0131n\u0131n kontrol\u00fcnde olmayan mal veya hizmetlere ili\u015fkin s\u00f6zle\u015fmeler&#8221; cayma hakk\u0131ndan istisna edilmi\u015ftir. \u00dcr\u00fcnlerimiz ithal \u00fcr\u00fcnler olup fiyatlar\u0131 g\u00fcnl\u00fck usd kurlar\u0131 kullan\u0131larak tl kar\u015f\u0131l\u0131\u011f\u0131na \u00e7evrilmesiyle hesaplanmaktad\u0131r. Fiyatlar kurdaki de\u011fi\u015fmeler ba\u011fl\u0131 olarak g\u00fcnl\u00fck olarak de\u011fi\u015fmektedir. Bu nedenle y\u00f6netmeli\u011fin 15. Md\/a bendi gere\u011fi cayma hakk\u0131ndan m\u00fcstesnad\u0131r. M\u00fc\u015fterilerimiz sipari\u015f \u00f6ncesinde bu konu hakk\u0131nda \u00f6n bilgilendirme yap\u0131ld\u0131\u011f\u0131n\u0131 kabul eder.<\/p>\n","protected":false},"excerpt":{"rendered":"<p>7L0407271F AK\u0130S \u00d6N SOL 3.0-TD\u0130 Q7 07-15 TOUREG 03-10-CAS Q7 ORJ<\/p>\n<p>OEN 7L0407271 &#8211; AUDI<br \/>\nOEN 7L0407271A \u2014 AUDI<br \/>\nOEN 7L0407271B \u2014 AUDI<br \/>\nOEN 7L0407271C \u2014 AUDI<br \/>\nOEN 7L0407271D \u2014 AUDI<br \/>\nOEN 7L0407271E \u2014 AUDI<br \/>\nOEN 7L0407271EX \u2014 AUDI<br \/>\nOEN 7L0407271F \u2014 AUDI<br \/>\nOEN 7L8407271 &#8211; AUDI<br \/>\nOEN 95534903810 \u2014 PORSCHE<br \/>\nOEN 95534903811 \u2014 PORSCHE<br \/>\nOEN 95534903812 \u2014 PORSCHE<br \/>\nOEN 7L0407271 \u2014 KOLTUK<br \/>\nOEN 7L0407271A \u2014 KOLTUK<br \/>\nOEN 7L0407271B \u2014 KOLTUK<br \/>\nOEN 7L0407271C \u2014 KOLTUK<br \/>\nOEN 7L0407271D \u2014 KOLTUK<br \/>\nOEN 7L0407271E \u2014 KOLTUK<br \/>\nOEN 7L0407271EX \u2014 KOLTUK<br \/>\nOEN 7L0407271F \u2014 KOLTUK<br \/>\nOEN 7L8407271 \u2014 KOLTUK<br \/>\nOEN 7L0407271 \u2014 SKODA<br \/>\nOEN 7L0407271A \u2014 SKODA<br \/>\nOEN 7L0407271B \u2014 SKODA<br \/>\nOEN 7L0407271C \u2014 SKODA<br \/>\nOEN 7L0407271D \u2014 SKODA<br \/>\nOEN 7L0407271E \u2014 SKODA<br \/>\nOEN 7L0407271EX \u2014 SKODA<br \/>\nOEN 7L0407271F \u2014 SKODA<br \/>\nOEN 7L8407271 \u2014 SKODA<br \/>\nOEN 7L0407271 &#8211; VW<br \/>\nOEN 7L0407271A &#8211; VW<br \/>\nOEN 7L0407271B &#8211; VW<br \/>\nOEN 7L0407271C &#8211; VW<br \/>\nOEN 7L0407271D \u2014 VW<br \/>\nOEN 7L0407271E \u2014 VW<br \/>\nOEN 7L0407271EX \u2014 VW<br \/>\nOEN 7L0407271F &#8211; VW<br \/>\nOEN 7L0407271FX &#8211; VW<br \/>\nOEN 7L8407271 &#8211; VW<\/p>\n<p>PORSCHE<br \/>\nPORSCHE Cayenne (9PA) (Yap\u0131m Y\u0131l\u0131 09.2002 &#8211; 09.2010, 240 &#8211; 550 PS, Benzin, Dizel)<br \/>\n3.0 TDI, \u00fcretim y\u0131l\u0131 02.2009 &#8211; 09.2010, 2967 ccm, 240 hp<br \/>\n3.2, yap\u0131m y\u0131l\u0131 08.2003 &#8211; 09.2007, 3189 ccm, 241 hp<br \/>\n3.2, y\u0131l 10.2003 &#8211; 09.2007, 3189 cc, 250 hp<br \/>\n3.6, yap\u0131m y\u0131l\u0131 02.2007 &#8211; 09.2010, 3598 ccm, 290 hp<br \/>\nGTS 4.8, 10.2007 &#8211; 09.2010 y\u0131l\u0131, 4806 cc, 405 hp<br \/>\nS 4.5, yap\u0131m y\u0131l\u0131 09.2002 &#8211; 09.2007, 4511 ccm, 340 hp<br \/>\nS 4.8, yap\u0131m y\u0131l\u0131 02.2007 &#8211; 09.2010, 4806 ccm, 385 hp<br \/>\n4.5 turbo, y\u0131l 09.2002 &#8211; 09.2007, 4511 cc, 450 hp<br \/>\nTurbo S 4.5, yap\u0131m y\u0131l\u0131 01.2004 &#8211; 09.2007, 4511 ccm, 500 hp<br \/>\nTurbo S 4.5, yap\u0131m y\u0131l\u0131 03.2006 &#8211; 09.2007, 4511 ccm, 521 hp<br \/>\nTurbo S 4.8, yap\u0131m y\u0131l\u0131 02.2007 &#8211; 09.2010, 4806 ccm, 500 hp<br \/>\nTurbo S 4.8, yap\u0131m y\u0131l\u0131 02.2007 &#8211; 09.2010, 4806 ccm, 540 hp<br \/>\nTurbo S 4.8, 08.2008 &#8211; 09.2010 y\u0131l\u0131, 4806 ccm, 550 hp<br \/>\n3.0 TDI, \u00fcretim y\u0131l\u0131 02.2009 &#8211; 09.2010, 2967 ccm, 240 hp<br \/>\n3.2, yap\u0131m y\u0131l\u0131 08.2003 &#8211; 09.2007, 3189 ccm, 241 hp<br \/>\n3.2, y\u0131l 10.2003 &#8211; 09.2007, 3189 cc, 250 hp<br \/>\n3.6, yap\u0131m y\u0131l\u0131 02.2007 &#8211; 09.2010, 3598 ccm, 290 hp<br \/>\nGTS 4.8, 10.2007 &#8211; 09.2010 y\u0131l\u0131, 4806 cc, 405 hp<br \/>\nS 4.5, yap\u0131m y\u0131l\u0131 09.2002 &#8211; 09.2007, 4511 ccm, 340 hp<br \/>\nS 4.8, yap\u0131m y\u0131l\u0131 02.2007 &#8211; 09.2010, 4806 ccm, 385 hp<br \/>\n4.5 turbo, y\u0131l 09.2002 &#8211; 09.2007, 4511 cc, 450 hp<br \/>\nTurbo S 4.5, yap\u0131m y\u0131l\u0131 01.2004 &#8211; 09.2007, 4511 ccm, 500 hp<br \/>\nTurbo S 4.5, yap\u0131m y\u0131l\u0131 03.2006 &#8211; 09.2007, 4511 ccm, 521 hp<br \/>\nTurbo S 4.8, yap\u0131m y\u0131l\u0131 02.2007 &#8211; 09.2010, 4806 ccm, 500 hp<br \/>\nTurbo S 4.8, yap\u0131m y\u0131l\u0131 02.2007 &#8211; 09.2010, 4806 ccm, 540 hp<br \/>\nTurbo S 4.8, 08.2008 &#8211; 09.2010 y\u0131l\u0131, 4806 ccm, 550 hp<\/p>\n<p>AUDI<br \/>\nAUDI Q7 (4LB) (Yap\u0131m Y\u0131l\u0131 03.2006 &#8211; 08.2015, 211 &#8211; 350 PS, Benzin, Dizel)<br \/>\n3.0 TDI quattro, yap\u0131m y\u0131l\u0131 03.2006 &#8211; 05.2010, 2967 ccm, 211 hp<br \/>\n3.0 TDI quattro, yap\u0131m y\u0131l\u0131 03.2006 &#8211; 05.2008, 2967 ccm, 233 hp<br \/>\n3.0 TDI quattro, yap\u0131m y\u0131l\u0131 11.2007 &#8211; 08.2015, 2967 ccm, 240 hp<br \/>\n3.0 TFSI quattro, yap\u0131m y\u0131l\u0131 05.2010 &#8211; 08.2015, 2995 ccm, 272 hp<br \/>\n3.0 TFSI quattro, yap\u0131m y\u0131l\u0131 05.2010 &#8211; 08.2015, 2995 ccm, 333 hp<br \/>\n3.6 FSI quattro, yap\u0131m y\u0131l\u0131 08.2006 &#8211; 05.2010, 3597 ccm, 280 hp<br \/>\n4.2 FSI quattro, yap\u0131m y\u0131l\u0131 03.2006 &#8211; 05.2010, 4163 cc, 350 hp<br \/>\n4.2 TDI quattro, yap\u0131m y\u0131l\u0131 05.2009 &#8211; 08.2015, 4134 ccm, 340 hp<br \/>\n3.0 TDI quattro, yap\u0131m y\u0131l\u0131 03.2006 &#8211; 05.2010, 2967 ccm, 211 hp<br \/>\n3.0 TDI quattro, yap\u0131m y\u0131l\u0131 03.2006 &#8211; 05.2008, 2967 ccm, 233 hp<br \/>\n3.0 TDI quattro, yap\u0131m y\u0131l\u0131 11.2007 &#8211; 08.2015, 2967 ccm, 240 hp<br \/>\n3.0 TFSI quattro, yap\u0131m y\u0131l\u0131 05.2010 &#8211; 08.2015, 2995 ccm, 272 hp<br \/>\n3.0 TFSI quattro, yap\u0131m y\u0131l\u0131 05.2010 &#8211; 08.2015, 2995 ccm, 333 hp<br \/>\n3.6 FSI quattro, yap\u0131m y\u0131l\u0131 08.2006 &#8211; 05.2010, 3597 ccm, 280 hp<br \/>\n4.2 FSI quattro, yap\u0131m y\u0131l\u0131 03.2006 &#8211; 05.2010, 4163 cc, 350 hp<br \/>\n4.2 TDI quattro, yap\u0131m y\u0131l\u0131 05.2009 &#8211; 08.2015, 4134 ccm, 340 hp<\/p>\n","protected":false},"featured_media":11392,"comment_status":"open","ping_status":"closed","template":"","meta":{"_joinchat":[]},"product_cat":[15,24,7862],"product_tag":[7986],"class_list":{"0":"post-11391","1":"product","2":"type-product","3":"status-publish","4":"has-post-thumbnail","6":"product_cat-volkswagen","7":"product_cat-audi","8":"product_cat-porsche","9":"product_tag-7l0407271f-akis-on-sol-3-0-tdi-q7-07-15-toureg-03-10-cas-q7-orj","11":"first","12":"instock","13":"sale","14":"shipping-taxable","15":"purchasable","16":"product-type-simple"},"_links":{"self":[{"href":"https:\/\/dogan-otomotiv.com\/index.php\/wp-json\/wp\/v2\/product\/11391","targetHints":{"allow":["GET"]}}],"collection":[{"href":"https:\/\/dogan-otomotiv.com\/index.php\/wp-json\/wp\/v2\/product"}],"about":[{"href":"https:\/\/dogan-otomotiv.com\/index.php\/wp-json\/wp\/v2\/types\/product"}],"replies":[{"embeddable":true,"href":"https:\/\/dogan-otomotiv.com\/index.php\/wp-json\/wp\/v2\/comments?post=11391"}],"wp:featuredmedia":[{"embeddable":true,"href":"https:\/\/dogan-otomotiv.com\/index.php\/wp-json\/wp\/v2\/media\/11392"}],"wp:attachment":[{"href":"https:\/\/dogan-otomotiv.com\/index.php\/wp-json\/wp\/v2\/media?parent=11391"}],"wp:term":[{"taxonomy":"product_cat","embeddable":true,"href":"https:\/\/dogan-otomotiv.com\/index.php\/wp-json\/wp\/v2\/product_cat?post=11391"},{"taxonomy":"product_tag","embeddable":true,"href":"https:\/\/dogan-otomotiv.com\/index.php\/wp-json\/wp\/v2\/product_tag?post=11391"}],"curies":[{"name":"wp","href":"https:\/\/api.w.org\/{rel}","templated":true}]}}