{"id":10542,"date":"2022-04-01T14:37:34","date_gmt":"2022-04-01T14:37:34","guid":{"rendered":"https:\/\/dogan-otomotiv.com\/?post_type=product&#038;p=10542"},"modified":"2022-04-01T14:39:10","modified_gmt":"2022-04-01T14:39:10","slug":"3b0839833e-kapi-kilit-tutucu-vw-audi-seat-skoda-orj-yeni","status":"publish","type":"product","link":"https:\/\/dogan-otomotiv.com\/index.php\/urun\/3b0839833e-kapi-kilit-tutucu-vw-audi-seat-skoda-orj-yeni\/","title":{"rendered":"3B0839833E KAPI K\u0130L\u0130T TUTUCU VW AUDI SEAT SKODA ORJ YEN\u0130"},"content":{"rendered":"","protected":false},"excerpt":{"rendered":"<p>3B0839833E KAPI K\u0130L\u0130T TUTUCU VW AUDI SEAT SKODA ORJ YEN\u0130<\/p>\n","protected":false},"featured_media":10543,"comment_status":"open","ping_status":"closed","template":"","meta":{"_joinchat":[]},"product_cat":[15,24,19,20],"product_tag":[7173,7172],"class_list":{"0":"post-10542","1":"product","2":"type-product","3":"status-publish","4":"has-post-thumbnail","6":"product_cat-volkswagen","7":"product_cat-audi","8":"product_cat-seat","9":"product_cat-skoda","10":"product_tag-3b0839833e","11":"product_tag-3b0839833e-kapi-kilit-tutucu-vw-audi-seat-skoda-orj-yeni","13":"first","14":"instock","15":"sale","16":"shipping-taxable","17":"purchasable","18":"product-type-simple"},"_links":{"self":[{"href":"https:\/\/dogan-otomotiv.com\/index.php\/wp-json\/wp\/v2\/product\/10542","targetHints":{"allow":["GET"]}}],"collection":[{"href":"https:\/\/dogan-otomotiv.com\/index.php\/wp-json\/wp\/v2\/product"}],"about":[{"href":"https:\/\/dogan-otomotiv.com\/index.php\/wp-json\/wp\/v2\/types\/product"}],"replies":[{"embeddable":true,"href":"https:\/\/dogan-otomotiv.com\/index.php\/wp-json\/wp\/v2\/comments?post=10542"}],"wp:featuredmedia":[{"embeddable":true,"href":"https:\/\/dogan-otomotiv.com\/index.php\/wp-json\/wp\/v2\/media\/10543"}],"wp:attachment":[{"href":"https:\/\/dogan-otomotiv.com\/index.php\/wp-json\/wp\/v2\/media?parent=10542"}],"wp:term":[{"taxonomy":"product_cat","embeddable":true,"href":"https:\/\/dogan-otomotiv.com\/index.php\/wp-json\/wp\/v2\/product_cat?post=10542"},{"taxonomy":"product_tag","embeddable":true,"href":"https:\/\/dogan-otomotiv.com\/index.php\/wp-json\/wp\/v2\/product_tag?post=10542"}],"curies":[{"name":"wp","href":"https:\/\/api.w.org\/{rel}","templated":true}]}}