{"id":1052,"date":"2020-04-08T08:10:20","date_gmt":"2020-04-08T08:10:20","guid":{"rendered":"https:\/\/dogan-otomotiv.com\/?post_type=product&#038;p=1052"},"modified":"2022-08-03T11:28:47","modified_gmt":"2022-08-03T11:28:47","slug":"2k0919673b-yakit-samandirasi-okuyucu-vw-caddy-2007-2011-orj-yeni","status":"publish","type":"product","link":"https:\/\/dogan-otomotiv.com\/index.php\/urun\/2k0919673b-yakit-samandirasi-okuyucu-vw-caddy-2007-2011-orj-yeni\/","title":{"rendered":"2K0919673B YAKIT \u015eAMANDIRASI OKUYUCU VW CADDY 2007-2011 ORJ YEN\u0130"},"content":{"rendered":"<p>DO\u011eAN OTOMOT\u0130V YEDEK PAR\u00c7A<\/p>\n<p>SEM\u0130H SAVA\u015e\u00c7I<\/p>\n<p>0 (312) 395 20 95<\/p>\n<p>IBAN NO: TR56 0011 1000 0000 0088 9009 70  <\/p>\n<p>F\u0130NANSBANK ENPARA<\/p>\n<p>\u015eUBE KODU: 03663<\/p>\n<p>HESAP NO: 88900970<\/p>\n<p>KARGO \u0130ADES\u0130 DURUMUNDA<\/p>\n<p>KARGO \u00dcCRET\u0130 M\u00dc\u015eTER\u0130YE A\u0130TT\u0130R.<\/p>\n<p>TOPLU S\u0130PAR\u0130\u015eLER\u0130N\u0130Z \u0130\u00c7\u0130N: doganotoyedekparcavw@gmail.com<\/p>\n","protected":false},"excerpt":{"rendered":"<p>2K0919673B YAKIT \u015eAMANDIRASI OKUYUCU VW CADDY 2007-2011 ORJ YEN\u0130<br \/>\n1.4 BCA, 1.4 16V BUD, 1.6 [BGU, BSE, BSF], 2.0 ECO FUEL BSX, 1.9 TDi [BSU, BJB, BLS], 2.0 SDi [BDJ, BST], 1.2 TSi [CBZB, CBZA], 1.6 Bifuel CHGA, 1.6 TDi [CAYD, CAYE], 1.9 TDi 4 motion BLS, 2.0 TDi BMM, 2.0 TDi 16V [CFHC, CLCA, CLCB, CFJA], 2.0 TDi 16V 4motion CFHC, 2.0 TDi 4motion CFHF: 2K0919673B<br \/>\n1.9 TDi [BSU, BJB, BLS], 2.0 SDi [BDJ, BST], 1.6 TDi [CAYD, CAYE], 1.9 TDi 4 motion BLS, 2.0 TDi BMM, 2.0 TDi 16V [CFHC, CLCA, CLCB, CFJA], 2.0 TDi 16V 4motion CFHC, 2.0 TDi 4motion CFHF: 2K0919673A<\/p>\n","protected":false},"featured_media":1110,"comment_status":"open","ping_status":"closed","template":"","meta":{"_joinchat":[]},"product_cat":[15],"product_tag":[727,7399,726],"class_list":{"0":"post-1052","1":"product","2":"type-product","3":"status-publish","4":"has-post-thumbnail","6":"product_cat-volkswagen","7":"product_tag-2k0919673b","8":"product_tag-2k0919673b-yakit-samandirasi-okuyucu-vw-caddy-2007-2011-orj-yeni","9":"product_tag-2k0919673b-yakit-samandirasi-vw-caddy-2007-2011-d9","11":"first","12":"instock","13":"sale","14":"shipping-taxable","15":"purchasable","16":"product-type-simple"},"_links":{"self":[{"href":"https:\/\/dogan-otomotiv.com\/index.php\/wp-json\/wp\/v2\/product\/1052","targetHints":{"allow":["GET"]}}],"collection":[{"href":"https:\/\/dogan-otomotiv.com\/index.php\/wp-json\/wp\/v2\/product"}],"about":[{"href":"https:\/\/dogan-otomotiv.com\/index.php\/wp-json\/wp\/v2\/types\/product"}],"replies":[{"embeddable":true,"href":"https:\/\/dogan-otomotiv.com\/index.php\/wp-json\/wp\/v2\/comments?post=1052"}],"wp:featuredmedia":[{"embeddable":true,"href":"https:\/\/dogan-otomotiv.com\/index.php\/wp-json\/wp\/v2\/media\/1110"}],"wp:attachment":[{"href":"https:\/\/dogan-otomotiv.com\/index.php\/wp-json\/wp\/v2\/media?parent=1052"}],"wp:term":[{"taxonomy":"product_cat","embeddable":true,"href":"https:\/\/dogan-otomotiv.com\/index.php\/wp-json\/wp\/v2\/product_cat?post=1052"},{"taxonomy":"product_tag","embeddable":true,"href":"https:\/\/dogan-otomotiv.com\/index.php\/wp-json\/wp\/v2\/product_tag?post=1052"}],"curies":[{"name":"wp","href":"https:\/\/api.w.org\/{rel}","templated":true}]}}