{"id":1020,"date":"2020-04-07T13:23:44","date_gmt":"2020-04-07T13:23:44","guid":{"rendered":"https:\/\/dogan-otomotiv.com\/?post_type=product&#038;p=1020"},"modified":"2024-08-12T08:08:24","modified_gmt":"2024-08-12T08:08:24","slug":"1s0919051b-yakit-pompasi-samandirasi-benzin-skoda-vw-seat-skodacitigoup","status":"publish","type":"product","link":"https:\/\/dogan-otomotiv.com\/index.php\/urun\/1s0919051b-yakit-pompasi-samandirasi-benzin-skoda-vw-seat-skodacitigoup\/","title":{"rendered":"1S0919051B YAKIT POMPASI \u015eAMANDIRASI BENZ\u0130N SKODA VW Seat Skoda CITIGO,UP"},"content":{"rendered":"<p>DO\u011eAN OTOMOT\u0130V YEDEK PAR\u00c7A<\/p>\n<p>SEM\u0130H SAVA\u015e\u00c7I<\/p>\n<p>0 (312) 395 20 95<\/p>\n<p>IBAN NO: TR56 0011 1000 0000 0088 9009 70  <\/p>\n<p>F\u0130NANSBANK ENPARA<\/p>\n<p>\u015eUBE KODU: 03663<\/p>\n<p>HESAP NO: 88900970<\/p>\n<p>KARGO \u0130ADES\u0130 DURUMUNDA<\/p>\n<p>KARGO \u00dcCRET\u0130 M\u00dc\u015eTER\u0130YE A\u0130TT\u0130R.<\/p>\n<p>TOPLU S\u0130PAR\u0130\u015eLER\u0130N\u0130Z \u0130\u00c7\u0130N: doganotoyedekparcavw@gmail.com<\/p>\n","protected":false},"excerpt":{"rendered":"<p>1S0919051B YAKIT POMPASI \/ \u015eAMANDIRASI BENZ\u0130N SKODA CITIGO<br \/>\n1S0919051B YAKIT POMPASI \/ \u015eAMANDIRASI BENZ\u0130N SKODA   VW Seat Skoda:CITIGO,UP <\/p>\n","protected":false},"featured_media":15382,"comment_status":"open","ping_status":"closed","template":"","meta":{"_joinchat":[]},"product_cat":[15,24,19,20],"product_tag":[689,688,690,691],"class_list":{"0":"post-1020","1":"product","2":"type-product","3":"status-publish","4":"has-post-thumbnail","6":"product_cat-volkswagen","7":"product_cat-audi","8":"product_cat-seat","9":"product_cat-skoda","10":"product_tag-1s0919051b","11":"product_tag-1s0919051b-yakit-pompasi-samandirasi-benzin-skoda-citigo","12":"product_tag-1s0919051b-yakit-pompasi-samandirasi-benzin-skoda-vw-seat-skodacitigo","13":"product_tag-up","15":"first","16":"instock","17":"sale","18":"shipping-taxable","19":"purchasable","20":"product-type-simple"},"_links":{"self":[{"href":"https:\/\/dogan-otomotiv.com\/index.php\/wp-json\/wp\/v2\/product\/1020","targetHints":{"allow":["GET"]}}],"collection":[{"href":"https:\/\/dogan-otomotiv.com\/index.php\/wp-json\/wp\/v2\/product"}],"about":[{"href":"https:\/\/dogan-otomotiv.com\/index.php\/wp-json\/wp\/v2\/types\/product"}],"replies":[{"embeddable":true,"href":"https:\/\/dogan-otomotiv.com\/index.php\/wp-json\/wp\/v2\/comments?post=1020"}],"wp:featuredmedia":[{"embeddable":true,"href":"https:\/\/dogan-otomotiv.com\/index.php\/wp-json\/wp\/v2\/media\/15382"}],"wp:attachment":[{"href":"https:\/\/dogan-otomotiv.com\/index.php\/wp-json\/wp\/v2\/media?parent=1020"}],"wp:term":[{"taxonomy":"product_cat","embeddable":true,"href":"https:\/\/dogan-otomotiv.com\/index.php\/wp-json\/wp\/v2\/product_cat?post=1020"},{"taxonomy":"product_tag","embeddable":true,"href":"https:\/\/dogan-otomotiv.com\/index.php\/wp-json\/wp\/v2\/product_tag?post=1020"}],"curies":[{"name":"wp","href":"https:\/\/api.w.org\/{rel}","templated":true}]}}